{"id":62985,"date":"2024-12-04T17:25:13","date_gmt":"2024-12-04T17:25:13","guid":{"rendered":"https:\/\/brandss.com.py\/index\/?post_type=product&#038;p=62985"},"modified":"2026-03-17T18:03:31","modified_gmt":"2026-03-17T18:03:31","slug":"perfume-masculino-maison-alhambra-victorioso-nero-edp-100ml","status":"publish","type":"product","link":"https:\/\/brandss.com.py\/index\/producto\/perfume-masculino-maison-alhambra-victorioso-nero-edp-100ml\/","title":{"rendered":"PERFUME MASCULINO MAISON ALHAMBRA VICTORIOSO NERO EDP 100ML"},"content":{"rendered":"<p><img loading=\"lazy\" decoding=\"async\" class=\"\" src=\"https:\/\/cdn.aromastore.com.py\/upload\/brand\/maison-al-hambra.jpeg\" alt=\"Maison Al-Hambra | Aroma Store\" width=\"102\" height=\"102\" \/><\/p>\n<h1>VICTORIOSO NERO<\/h1>\n<p>Descubre\u00a0Victorioso Nero, una fragancia masculina que encarna la sofisticaci\u00f3n y el poder. Este Eau de Parfum de 100 ml est\u00e1 dise\u00f1ado para el hombre moderno que busca un aroma distintivo y duradero. Maison Alhambra Victorioso Nero es una fragancia poderosa y sofisticada para hombres. Inspirado en el hombre audaz y exitoso, este Eau de Parfum destaca por su car\u00e1cter enigm\u00e1tico y magn\u00e9tico, ideal para aquellos que buscan dejar una impresi\u00f3n duradera. Es perfecto para cualquier ocasi\u00f3n, ofreciendo una combinaci\u00f3n equilibrada de frescura y calidez que se adapta a todas las estaciones del a\u00f1o. Esta fragancia es una declaraci\u00f3n de estilo y elegancia, dise\u00f1ada para aquellos que aprecian los aromas intensos y refinados.<\/p>\n<p>&nbsp;<\/p>\n<h3>Notas Olfativas<\/h3>\n<p><img loading=\"lazy\" decoding=\"async\" class=\"alignleft\" src=\"https:\/\/cdnx.jumpseller.com\/perfumes1\/image\/55852080\/Dise_o_sin_t_tulo_-_2024-10-28T171951.153.png?1730146810\" width=\"473\" height=\"473\" \/><\/p>\n<p>Victorioso Victory\u00a0de\u00a0Maison Alhambra\u00a0es una fragancia de la familia olfativa Amaderada Arom\u00e1tica para Hombres.\u00a0Victorioso Victory se lanz\u00f3 en 2022. Victorioso Nero Masculino de Maison Alhambra<span>\u00a0es\u00a0una expresi\u00f3n de masculinidad y determinaci\u00f3n, encapsulada en una fragancia poderosa y envolvente. Con vibrantes notas altas de pimienta rosa y lim\u00f3n, este perfume se abre con una explosi\u00f3n de frescura y vitalidad. En el coraz\u00f3n de la fragancia, el incienso y la lavanda se unen para crear un aura de sofisticaci\u00f3n y misterio.<\/span><\/p>\n<p><span>Mientras tanto, las notas de fondo de vainilla, haba tonka y \u00e1mbar brindan una base c\u00e1lida y reconfortante, dejando una impresi\u00f3n duradera e irresistible.<\/span><\/p>\n<p><span>Inspirado en Invictus Victory de Paco Rabanne, este perfume es una elecci\u00f3n triunfante para el hombre moderno en busca de \u00e9xito y logros.<\/p>\n<p><\/span><\/p>\n<p>&nbsp;<\/p>\n<p>&nbsp;<\/p>\n<ul>\n<li><strong>Notas de salida<\/strong>: C\u00edtricos frescos y lavanda, que aportan una frescura inicial que se transforma r\u00e1pidamente en algo m\u00e1s profundo.<\/li>\n<li><strong>Notas de coraz\u00f3n<\/strong>: Canela y cardamomo, que a\u00f1aden calidez y un toque especiado.<\/li>\n<li><strong>Notas de fondo<\/strong>: Cuero, vainilla y maderas orientales, creando una base robusta y sensual que permanece durante horas.<\/li>\n<\/ul>\n","protected":false},"excerpt":{"rendered":"<p>VICTORIOSO NERO Descubre\u00a0Victorioso Nero, una fragancia masculina que encarna la sofisticaci\u00f3n y el poder. Este Eau de Parfum de 100<\/p>\n","protected":false},"featured_media":62986,"comment_status":"open","ping_status":"closed","template":"","meta":{"nf_dc_page":""},"product_brand":[107],"product_cat":[84],"product_tag":[1863],"class_list":{"0":"post-62985","1":"product","2":"type-product","3":"status-publish","4":"has-post-thumbnail","6":"product_brand-maison-alhambra","7":"product_cat-perfumeria","8":"product_tag-1863","10":"first","11":"instock","12":"sale","13":"shipping-taxable","14":"purchasable","15":"product-type-simple"},"_links":{"self":[{"href":"https:\/\/brandss.com.py\/index\/wp-json\/wp\/v2\/product\/62985","targetHints":{"allow":["GET"]}}],"collection":[{"href":"https:\/\/brandss.com.py\/index\/wp-json\/wp\/v2\/product"}],"about":[{"href":"https:\/\/brandss.com.py\/index\/wp-json\/wp\/v2\/types\/product"}],"replies":[{"embeddable":true,"href":"https:\/\/brandss.com.py\/index\/wp-json\/wp\/v2\/comments?post=62985"}],"version-history":[{"count":1,"href":"https:\/\/brandss.com.py\/index\/wp-json\/wp\/v2\/product\/62985\/revisions"}],"predecessor-version":[{"id":62991,"href":"https:\/\/brandss.com.py\/index\/wp-json\/wp\/v2\/product\/62985\/revisions\/62991"}],"wp:featuredmedia":[{"embeddable":true,"href":"https:\/\/brandss.com.py\/index\/wp-json\/wp\/v2\/media\/62986"}],"wp:attachment":[{"href":"https:\/\/brandss.com.py\/index\/wp-json\/wp\/v2\/media?parent=62985"}],"wp:term":[{"taxonomy":"product_brand","embeddable":true,"href":"https:\/\/brandss.com.py\/index\/wp-json\/wp\/v2\/product_brand?post=62985"},{"taxonomy":"product_cat","embeddable":true,"href":"https:\/\/brandss.com.py\/index\/wp-json\/wp\/v2\/product_cat?post=62985"},{"taxonomy":"product_tag","embeddable":true,"href":"https:\/\/brandss.com.py\/index\/wp-json\/wp\/v2\/product_tag?post=62985"}],"curies":[{"name":"wp","href":"https:\/\/api.w.org\/{rel}","templated":true}]}}