{"id":63015,"date":"2024-12-05T12:55:03","date_gmt":"2024-12-05T12:55:03","guid":{"rendered":"https:\/\/brandss.com.py\/index\/?post_type=product&#038;p=63015"},"modified":"2025-09-26T11:52:28","modified_gmt":"2025-09-26T11:52:28","slug":"perfume-femenino-al-wataniah-ghala-edp-100ml","status":"publish","type":"product","link":"https:\/\/brandss.com.py\/index\/producto\/perfume-femenino-al-wataniah-ghala-edp-100ml\/","title":{"rendered":"PERFUME FEMENINO AL WATANIAH GHALA EDP 100ML"},"content":{"rendered":"<p><img loading=\"lazy\" decoding=\"async\" class=\"\" src=\"https:\/\/alwataniah.com\/cdn\/shop\/files\/Logo-Al-Wataniah-1.webp?v=1716291507&amp;width=1100\" alt=\"Reda'A \u2013 Alwataniah\" width=\"99\" height=\"99\" \/><\/p>\n<h1>GHALA<\/h1>\n<p>Experimente el encanto y el refinamiento de Oriente Medio encapsulados en un frasco de perfume que le llevar\u00e1 a un viaje olfativo \u00fanico. Ghala es una creaci\u00f3n arom\u00e1tica que te envuelve en un aura de misterio y seducci\u00f3n, deleitando tus sentidos con notas ex\u00f3ticas y enigm\u00e1ticas. Evocando a las mil y una noches de Oriente.<\/p>\n<p>El perfume Al Wataniah Ghala revela un viaje cautivador de calidez y frescura. Se abre con un abrazo dorado de azafr\u00e1n y un toque de dulzura de jazm\u00edn. Imagine una puesta de sol en el desierto, donde los cielos ardientes se encuentran con la fresca tranquilidad de un oasis escondido.<\/p>\n<p data-sourcepos=\"7:1-7:206\">Emerge un coraz\u00f3n de maderas terrosas, entrelazadas con la belleza fresca y mineral del \u00e1mbar gris. Este contraste inesperado a\u00f1ade profundidad y misterio, insinuando caminos ocultos que serpentean a trav\u00e9s de un paisaje accidentado.<\/p>\n<p data-sourcepos=\"7:1-7:206\">\n<h3 data-sourcepos=\"7:1-7:206\">Notas Olfativas<\/h3>\n<p><img loading=\"lazy\" decoding=\"async\" class=\"alignleft\" src=\"https:\/\/abcfragrances.pk\/cdn\/shop\/files\/6_d9d393e3-a0cb-4ae3-920c-766f572b0890.jpg?v=1719398303\" width=\"446\" height=\"446\" \/><\/p>\n<p>Ghala Eau de Parfum de Al Wataniah es m\u00e1s que una fragancia; es un poema de amor m\u00edstico que trasciende las barreras de la descripci\u00f3n. Al unir almas, crea dimensiones indescriptibles en un plano celestial de existencia, donde todas las posibilidades se vuelven reales. La ex\u00f3tica combinaci\u00f3n del muy raro Kalakassi oud y la rosa india forma un d\u00fao que expresa una emoci\u00f3n que va m\u00e1s all\u00e1 de las palabras y profundiza en los reinos m\u00e1s profundos de la experiencia sensorial.<\/p>\n<p>Las esencias m\u00e1gicas del \u00e1mbar gris, el incienso y el cedro emanan su encanto, envolviendo al usuario en un aura envolvente y misteriosa. Estos elementos se entrelazan para crear una trama olfativa tan rica y compleja como el amor m\u00edstico mismo.<\/p>\n<p>Los amantes del s\u00e1ndalo, el pachul\u00ed, el vetiver y la foca de oud indio se unen en la base de la fragancia, formando una sinfon\u00eda eterna que perdura en el tiempo. Estas notas fundamentales aseguran que la fragancia perdure en la piel, dejando una impresi\u00f3n duradera que resuena en la memoria.<\/p>\n<p>&nbsp;<\/p>\n<p><strong>Notas de salida:<\/strong> El azafr\u00e1n y el jazm\u00edn crean una apertura atractiva que prepara el escenario para el viaje olfativo.<\/p>\n<p><strong>Notas de coraz\u00f3n:<\/strong> Amberwood y Ambergris forman el coraz\u00f3n de la fragancia, contribuyendo a la profundidad e intensidad emocional.<\/p>\n<p><strong>Nota de fondo:<\/strong> La resina de abeto y el cedro proporcionan una base s\u00f3lida y duradera, completando la composici\u00f3n de forma majestuosa.<\/p>\n<p>Ghala es m\u00e1s que una fragancia; es una experiencia sensorial que transporta al usuario a un espacio atemporal, donde la magia del amor m\u00edstico queda plasmada en cada nota.<\/p>\n","protected":false},"excerpt":{"rendered":"<p>GHALA Experimente el encanto y el refinamiento de Oriente Medio encapsulados en un frasco de perfume que le llevar\u00e1 a<\/p>\n","protected":false},"featured_media":63016,"comment_status":"open","ping_status":"closed","template":"","meta":{"nf_dc_page":""},"product_brand":[105],"product_cat":[84],"product_tag":[562],"class_list":{"0":"post-63015","1":"product","2":"type-product","3":"status-publish","4":"has-post-thumbnail","6":"product_brand-al-wataniah","7":"product_cat-perfumeria","8":"product_tag-562","10":"first","11":"instock","12":"sale","13":"shipping-taxable","14":"purchasable","15":"product-type-simple"},"_links":{"self":[{"href":"https:\/\/brandss.com.py\/index\/wp-json\/wp\/v2\/product\/63015","targetHints":{"allow":["GET"]}}],"collection":[{"href":"https:\/\/brandss.com.py\/index\/wp-json\/wp\/v2\/product"}],"about":[{"href":"https:\/\/brandss.com.py\/index\/wp-json\/wp\/v2\/types\/product"}],"replies":[{"embeddable":true,"href":"https:\/\/brandss.com.py\/index\/wp-json\/wp\/v2\/comments?post=63015"}],"version-history":[{"count":1,"href":"https:\/\/brandss.com.py\/index\/wp-json\/wp\/v2\/product\/63015\/revisions"}],"predecessor-version":[{"id":63024,"href":"https:\/\/brandss.com.py\/index\/wp-json\/wp\/v2\/product\/63015\/revisions\/63024"}],"wp:featuredmedia":[{"embeddable":true,"href":"https:\/\/brandss.com.py\/index\/wp-json\/wp\/v2\/media\/63016"}],"wp:attachment":[{"href":"https:\/\/brandss.com.py\/index\/wp-json\/wp\/v2\/media?parent=63015"}],"wp:term":[{"taxonomy":"product_brand","embeddable":true,"href":"https:\/\/brandss.com.py\/index\/wp-json\/wp\/v2\/product_brand?post=63015"},{"taxonomy":"product_cat","embeddable":true,"href":"https:\/\/brandss.com.py\/index\/wp-json\/wp\/v2\/product_cat?post=63015"},{"taxonomy":"product_tag","embeddable":true,"href":"https:\/\/brandss.com.py\/index\/wp-json\/wp\/v2\/product_tag?post=63015"}],"curies":[{"name":"wp","href":"https:\/\/api.w.org\/{rel}","templated":true}]}}