{"id":63062,"date":"2024-12-05T19:00:30","date_gmt":"2024-12-05T19:00:30","guid":{"rendered":"https:\/\/brandss.com.py\/index\/?post_type=product&#038;p=63062"},"modified":"2025-10-01T11:01:38","modified_gmt":"2025-10-01T11:01:38","slug":"perfume-unisex-asdaaf-ameer-al-arab-imperium-edp-100ml","status":"publish","type":"product","link":"https:\/\/brandss.com.py\/index\/producto\/perfume-unisex-asdaaf-ameer-al-arab-imperium-edp-100ml\/","title":{"rendered":"PERFUME UNISEX ASDAAF AMEER AL ARAB IMPERIUM EDP 100ML"},"content":{"rendered":"<p><img loading=\"lazy\" decoding=\"async\" class=\"\" src=\"https:\/\/lujoperfume.com\/wp-content\/uploads\/2023\/07\/asdaaf-logo-Editado-300x300.png.webp\" alt=\"perfumes y decant marcas nicho y \u00e1rabes | Perfumes y decants | Lujo Perfume\" width=\"104\" height=\"104\" \/><\/p>\n<h1>AMEER AL ARAB IMPERIUM<\/h1>\n<p>Experimente la esencia del lujo \u00e1rabe con Asdaaf Ameer Al Arab Imperium Edp. Una fragancia cautivadora que representa una mezcla armoniosa de c\u00edtricos refrescantes, especias c\u00e1lidas y sensuales notas amaderadas. Ameer Al Arab Imperium est\u00e1 dise\u00f1ado para personas que encarnan la fuerza y \u200b\u200bla gracia. Ideal para ocasiones formales o para uso diario, promete envolverte en un aura atemporal de confianza y encanto. Adopta la esencia de la realeza con cada rociado de Ameer Al Arab Imperium.<\/p>\n<p>&nbsp;<\/p>\n<h3>Notas Olfativas<\/h3>\n<p><img loading=\"lazy\" decoding=\"async\" class=\"alignleft\" src=\"https:\/\/zaoud.it\/cdn\/shop\/files\/ameer-al-arab-imperium-perfume-bottle-surrounded-with-apple-and-kasturi-against-white-background.jpg?v=1721847664&amp;width=823\" width=\"598\" height=\"748\" \/><\/p>\n<p style=\"font-weight: 400\"><span style=\"font-weight: 400\">Sum\u00e9rgete en el cautivador atractivo de Ameer Al Arab Imperium de ASDAAF. Esta exquisita fragancia comienza con una frescura vigorizante de bergamota, salvia y jengibre, creando una introducci\u00f3n energizante que despierta el senses.At su coraz\u00f3n, la fragancia revela una sofisticada mezcla de geranio, cachemira y manzana, agregando profundidad y elegancia a la composici\u00f3n. Por \u00faltimo, las notas de fondo de \u00e1mbar, s\u00e1ndalo y almizcle proporcionan un final c\u00e1lido y sensual, envolvi\u00e9ndote en un abrazo reconfortante y seductor. <\/span><\/p>\n<p style=\"font-weight: 400\"><span style=\"font-weight: 400\">Ameer Al Arab Imperium es una armon\u00eda perfecta de frescura, profundidad y calidez, lo que lo convierte en una experiencia verdaderamente inolvidable. Esta fragancia encarna una elegancia incomparable y un carisma cautivador. Desde los primeros momentos, la sabrosa bergamota se mezcla con la frescura herb\u00e1cea de la salvia y la calidez picante del jengibre, creando una apertura din\u00e1mica y revitalizante. Esta combinaci\u00f3n armoniosa despierta los sentidos y prepara el escenario para las notas medias, donde el geranio aporta un refinado toque floral, realzado por la cachemira que aporta una profundidad amaderada y el crujiente de la manzana. <\/span><\/p>\n<p style=\"font-weight: 400\"><span style=\"font-weight: 400\">Las lujosas notas de fondo de \u00e1mbar c\u00e1lido, s\u00e1ndalo cremoso y almizcle dulce complementan esta composici\u00f3n con elegancia. Envuelven la piel en una calidez sensual y reconfortante suavidad que deja una huella memorable. Ameer Al Arab Imperium es una extraordinaria experiencia olfativa que combina frescura, sofisticaci\u00f3n y un toque de seducci\u00f3n, perfectamente adaptada al hombre moderno que busca una fragancia distinguida para cualquier ocasi\u00f3n. <\/span><\/p>\n<p style=\"font-weight: 400\"><span style=\"font-weight: 400\">Llevar Ameer Al Arab Imperium de ASDAAF se trata de hacer una declaraci\u00f3n de estilo segura y dejar una impresi\u00f3n duradera dondequiera que vayas. Esta fragancia captura la esencia misma del lujo y la elegancia, envolvi\u00e9ndote de un aura de distinci\u00f3n y carisma. <\/span><\/p>\n<p style=\"font-weight: 400\">\n<p style=\"font-weight: 400\"><b>Notas de salida:<\/b><span style=\"font-weight: 400\"> bergamota, salvia, jengibre<\/span><\/p>\n<p style=\"font-weight: 400\"><b>Notas de coraz\u00f3n:<\/b><span style=\"font-weight: 400\"> geranio, cachemira, manzana<\/span><\/p>\n<p style=\"font-weight: 400\"><b>Notas de fondo:<\/b> \u00e1mbar, s\u00e1ndalo, almizcle<\/p>\n","protected":false},"excerpt":{"rendered":"<p>AMEER AL ARAB IMPERIUM Experimente la esencia del lujo \u00e1rabe con Asdaaf Ameer Al Arab Imperium Edp. Una fragancia cautivadora<\/p>\n","protected":false},"featured_media":63063,"comment_status":"open","ping_status":"closed","template":"","meta":{"nf_dc_page":""},"product_brand":[108],"product_cat":[84],"product_tag":[587],"class_list":{"0":"post-63062","1":"product","2":"type-product","3":"status-publish","4":"has-post-thumbnail","6":"product_brand-asdaaf","7":"product_cat-perfumeria","8":"product_tag-587","10":"first","11":"instock","12":"sale","13":"shipping-taxable","14":"purchasable","15":"product-type-simple"},"_links":{"self":[{"href":"https:\/\/brandss.com.py\/index\/wp-json\/wp\/v2\/product\/63062","targetHints":{"allow":["GET"]}}],"collection":[{"href":"https:\/\/brandss.com.py\/index\/wp-json\/wp\/v2\/product"}],"about":[{"href":"https:\/\/brandss.com.py\/index\/wp-json\/wp\/v2\/types\/product"}],"replies":[{"embeddable":true,"href":"https:\/\/brandss.com.py\/index\/wp-json\/wp\/v2\/comments?post=63062"}],"version-history":[{"count":1,"href":"https:\/\/brandss.com.py\/index\/wp-json\/wp\/v2\/product\/63062\/revisions"}],"predecessor-version":[{"id":63072,"href":"https:\/\/brandss.com.py\/index\/wp-json\/wp\/v2\/product\/63062\/revisions\/63072"}],"wp:featuredmedia":[{"embeddable":true,"href":"https:\/\/brandss.com.py\/index\/wp-json\/wp\/v2\/media\/63063"}],"wp:attachment":[{"href":"https:\/\/brandss.com.py\/index\/wp-json\/wp\/v2\/media?parent=63062"}],"wp:term":[{"taxonomy":"product_brand","embeddable":true,"href":"https:\/\/brandss.com.py\/index\/wp-json\/wp\/v2\/product_brand?post=63062"},{"taxonomy":"product_cat","embeddable":true,"href":"https:\/\/brandss.com.py\/index\/wp-json\/wp\/v2\/product_cat?post=63062"},{"taxonomy":"product_tag","embeddable":true,"href":"https:\/\/brandss.com.py\/index\/wp-json\/wp\/v2\/product_tag?post=63062"}],"curies":[{"name":"wp","href":"https:\/\/api.w.org\/{rel}","templated":true}]}}