{"id":63190,"date":"2024-12-07T12:46:59","date_gmt":"2024-12-07T12:46:59","guid":{"rendered":"https:\/\/brandss.com.py\/index\/?post_type=product&#038;p=63190"},"modified":"2025-09-24T18:20:22","modified_gmt":"2025-09-24T18:20:22","slug":"hidratante-corporal-miss-rose-miss-care-aurora-imperial-200ml","status":"publish","type":"product","link":"https:\/\/brandss.com.py\/index\/producto\/hidratante-corporal-miss-rose-miss-care-aurora-imperial-200ml\/","title":{"rendered":"HIDRATANTE CORPORAL MISS ROSE MISS CARE AURORA IMPERIAL 200ML"},"content":{"rendered":"<p><img loading=\"lazy\" decoding=\"async\" class=\"\" src=\"https:\/\/missroseofficial.com.pk\/cdn\/shop\/files\/download.png?v=1701971620\" alt=\"Miss Rose Official Website \u2013 Miss Rose\u00ae Official Store\" width=\"139\" height=\"72\" \/><\/p>\n<h1>MISS CARE AURORA IMPERIAL<\/h1>\n<p data-renderer-start-pos=\"163\"><span>Experimenta el secreto de una piel radiante con nuestro humectante corporal con aceite de s\u00e9samo y manteca de karit\u00e9. Hidrataci\u00f3n de lujo y fragancia envolvente para tu piel. Enriquecido con ingredientes de lujo, nutre profundamente con su seductora fragancia \u00e1rabe.<\/span><\/p>\n<p data-renderer-start-pos=\"334\"><span>Siente la suavidad y la hidrataci\u00f3n intensa mientras disfrutas de una experiencia sensorial \u00fanica. Transforma tu rutina de cuidado de la piel con un toque de sofisticaci\u00f3n oriental.<\/span><\/p>\n<p data-renderer-start-pos=\"334\">\u00a0\u00a1Pru\u00e9balo!<\/p>\n","protected":false},"excerpt":{"rendered":"<p>MISS CARE AURORA IMPERIAL Experimenta el secreto de una piel radiante con nuestro humectante corporal con aceite de s\u00e9samo y<\/p>\n","protected":false},"featured_media":63191,"comment_status":"open","ping_status":"closed","template":"","meta":{"nf_dc_page":""},"product_brand":[221],"product_cat":[85],"product_tag":[],"class_list":{"0":"post-63190","1":"product","2":"type-product","3":"status-publish","4":"has-post-thumbnail","6":"product_brand-miss-rose","7":"product_cat-cosmeticos","9":"first","10":"instock","11":"shipping-taxable","12":"purchasable","13":"product-type-simple"},"_links":{"self":[{"href":"https:\/\/brandss.com.py\/index\/wp-json\/wp\/v2\/product\/63190","targetHints":{"allow":["GET"]}}],"collection":[{"href":"https:\/\/brandss.com.py\/index\/wp-json\/wp\/v2\/product"}],"about":[{"href":"https:\/\/brandss.com.py\/index\/wp-json\/wp\/v2\/types\/product"}],"replies":[{"embeddable":true,"href":"https:\/\/brandss.com.py\/index\/wp-json\/wp\/v2\/comments?post=63190"}],"version-history":[{"count":1,"href":"https:\/\/brandss.com.py\/index\/wp-json\/wp\/v2\/product\/63190\/revisions"}],"predecessor-version":[{"id":63195,"href":"https:\/\/brandss.com.py\/index\/wp-json\/wp\/v2\/product\/63190\/revisions\/63195"}],"wp:featuredmedia":[{"embeddable":true,"href":"https:\/\/brandss.com.py\/index\/wp-json\/wp\/v2\/media\/63191"}],"wp:attachment":[{"href":"https:\/\/brandss.com.py\/index\/wp-json\/wp\/v2\/media?parent=63190"}],"wp:term":[{"taxonomy":"product_brand","embeddable":true,"href":"https:\/\/brandss.com.py\/index\/wp-json\/wp\/v2\/product_brand?post=63190"},{"taxonomy":"product_cat","embeddable":true,"href":"https:\/\/brandss.com.py\/index\/wp-json\/wp\/v2\/product_cat?post=63190"},{"taxonomy":"product_tag","embeddable":true,"href":"https:\/\/brandss.com.py\/index\/wp-json\/wp\/v2\/product_tag?post=63190"}],"curies":[{"name":"wp","href":"https:\/\/api.w.org\/{rel}","templated":true}]}}