{"id":63196,"date":"2024-12-07T13:20:42","date_gmt":"2024-12-07T13:20:42","guid":{"rendered":"https:\/\/brandss.com.py\/index\/?post_type=product&#038;p=63196"},"modified":"2025-09-24T18:20:36","modified_gmt":"2025-09-24T18:20:36","slug":"hidratante-corporal-miss-rose-miss-care-eclipse-dorado-200ml","status":"publish","type":"product","link":"https:\/\/brandss.com.py\/index\/producto\/hidratante-corporal-miss-rose-miss-care-eclipse-dorado-200ml\/","title":{"rendered":"HIDRATANTE CORPORAL MISS ROSE MISS CARE ECLIPSE DORADO 200ML"},"content":{"rendered":"<p><img loading=\"lazy\" decoding=\"async\" class=\"\" src=\"https:\/\/missroseofficial.com.pk\/cdn\/shop\/files\/download.png?v=1701971620\" alt=\"Miss Rose Official Website \u2013 Miss Rose\u00ae Official Store\" width=\"134\" height=\"70\" \/><\/p>\n<h1>MISS CARE ECLIPSE DORADO<\/h1>\n<p>Descubre la Hidratante Corporal Miss R\u00f4se, con aceite de s\u00e9samo y manteca de karit\u00e9. Hidrataci\u00f3n de lujo y fragancia envolvente para tu piel. <span>El\u00a0<\/span>humectante corporal Golden Eclipse<span>\u00a0es conocido por su textura ligera y propiedades humectantes.<\/span><\/p>\n<p><span>Generalmente ofrece una sensaci\u00f3n de piel suave y tersa, adem\u00e1s de tener un aroma envolvente. Los ingredientes pueden incluir aceites y extractos naturales que ayudan a nutrir la piel y dejarla radiante.<\/span><\/p>\n<p><span>Ya sea que hayas estado pensando en probarlo o ya lo uses, \u00a1podr\u00eda ser una excelente adici\u00f3n a tu rutina de cuidado de la piel!<\/span><\/p>\n<p>\u00a1Pru\u00e9balo!<\/p>\n","protected":false},"excerpt":{"rendered":"<p>MISS CARE ECLIPSE DORADO Descubre la Hidratante Corporal Miss R\u00f4se, con aceite de s\u00e9samo y manteca de karit\u00e9. Hidrataci\u00f3n de<\/p>\n","protected":false},"featured_media":63197,"comment_status":"open","ping_status":"closed","template":"","meta":{"nf_dc_page":""},"product_brand":[221],"product_cat":[85],"product_tag":[],"class_list":{"0":"post-63196","1":"product","2":"type-product","3":"status-publish","4":"has-post-thumbnail","6":"product_brand-miss-rose","7":"product_cat-cosmeticos","9":"first","10":"instock","11":"shipping-taxable","12":"purchasable","13":"product-type-simple"},"_links":{"self":[{"href":"https:\/\/brandss.com.py\/index\/wp-json\/wp\/v2\/product\/63196","targetHints":{"allow":["GET"]}}],"collection":[{"href":"https:\/\/brandss.com.py\/index\/wp-json\/wp\/v2\/product"}],"about":[{"href":"https:\/\/brandss.com.py\/index\/wp-json\/wp\/v2\/types\/product"}],"replies":[{"embeddable":true,"href":"https:\/\/brandss.com.py\/index\/wp-json\/wp\/v2\/comments?post=63196"}],"version-history":[{"count":1,"href":"https:\/\/brandss.com.py\/index\/wp-json\/wp\/v2\/product\/63196\/revisions"}],"predecessor-version":[{"id":63201,"href":"https:\/\/brandss.com.py\/index\/wp-json\/wp\/v2\/product\/63196\/revisions\/63201"}],"wp:featuredmedia":[{"embeddable":true,"href":"https:\/\/brandss.com.py\/index\/wp-json\/wp\/v2\/media\/63197"}],"wp:attachment":[{"href":"https:\/\/brandss.com.py\/index\/wp-json\/wp\/v2\/media?parent=63196"}],"wp:term":[{"taxonomy":"product_brand","embeddable":true,"href":"https:\/\/brandss.com.py\/index\/wp-json\/wp\/v2\/product_brand?post=63196"},{"taxonomy":"product_cat","embeddable":true,"href":"https:\/\/brandss.com.py\/index\/wp-json\/wp\/v2\/product_cat?post=63196"},{"taxonomy":"product_tag","embeddable":true,"href":"https:\/\/brandss.com.py\/index\/wp-json\/wp\/v2\/product_tag?post=63196"}],"curies":[{"name":"wp","href":"https:\/\/api.w.org\/{rel}","templated":true}]}}