{"id":63223,"date":"2024-12-07T17:20:18","date_gmt":"2024-12-07T17:20:18","guid":{"rendered":"https:\/\/brandss.com.py\/index\/?post_type=product&#038;p=63223"},"modified":"2025-09-24T18:27:44","modified_gmt":"2025-09-24T18:27:44","slug":"espuma-de-limpieza-miss-rose-miss-care-vitamina-c-con-naranja-150ml","status":"publish","type":"product","link":"https:\/\/brandss.com.py\/index\/producto\/espuma-de-limpieza-miss-rose-miss-care-vitamina-c-con-naranja-150ml\/","title":{"rendered":"ESPUMA DE LIMPIEZA FACIAL MISS ROSE MISS CARE VITAMINA C CON NARANJA 150ML"},"content":{"rendered":"<p><img loading=\"lazy\" decoding=\"async\" class=\"\" src=\"https:\/\/missroseofficial.com.pk\/cdn\/shop\/files\/download.png?v=1701971620\" alt=\"Miss Rose Official Website \u2013 Miss Rose\u00ae Official Store\" width=\"152\" height=\"79\" \/><\/p>\n<h1>MISS CARE VITAMINA C CON NARANJA<\/h1>\n<p><span>Miss R\u00f4se Cleansing Mousse con Vitamina C y extracto de naranja es ideal para una limpieza facial eficaz y delicada. Su f\u00f3rmula favorece la eliminaci\u00f3n de impurezas, residuos de maquillaje y grasa, a la vez que revitaliza la piel y aporta un toque de frescor. Enriquecido con Vitamina C, ayuda a iluminar y unificar el tono de la piel, d\u00e1ndole un aspecto m\u00e1s saludable y radiante.<\/span><\/p>\n<p><span>Miss Care by Miss R\u00f4se Vitamin C Cleansing Mousse ofrece una experiencia completa\u00a0<\/span><em><span>de limpieza<\/span><\/em><span>\u00a0y cuidado para tu piel. Formulada con\u00a0<\/span><strong><span>Vitamina C<\/span><\/strong><span>\u00a0, conocida por sus propiedades\u00a0<\/span><em><span>iluminadoras<\/span><\/em><span>\u00a0y\u00a0<\/span><em><span>antioxidantes<\/span><\/em><span>\u00a0, esta mousse no solo elimina las impurezas, sino que tambi\u00e9n ayuda a reducir el da\u00f1o causado por los radicales libres, dejando la piel m\u00e1s radiante y saludable.<\/span><\/p>\n<p><span>Adem\u00e1s, su suave f\u00f3rmula\u00a0<\/span><strong><span>espumosa<\/span><\/strong><span>\u00a0penetra profundamente en los poros, eliminando eficazmente la suciedad y la grasa sin resecar la piel.<\/span><\/p>\n<p><span>Disfrute de una sensaci\u00f3n de frescura y pureza con cada uso, mientras nutre y protege su piel con los beneficios de la vitamina C y la suave tecnolog\u00eda de limpieza de Miss Care by Miss Rose.<\/span><\/p>\n<p>&nbsp;<\/p>\n<ul>\n<li>Limpieza profunda y delicada<\/li>\n<li><span>Acci\u00f3n antioxidante<\/span><\/li>\n<li>Enriquecido con vitamina C para revitalizar e iluminar.<\/li>\n<li>Suave aroma a naranja para una experiencia refrescante<\/li>\n<li><span>Espuma suave y eficaz<\/span><\/li>\n<li><span>Eliminaci\u00f3n de impurezas<\/span><\/li>\n<li>Elimina maquillaje y exceso de grasa.<\/li>\n<li><span>Exfoliaci\u00f3n ligera con cepillo de silicona<\/span><\/li>\n<li><span>Desmaquillador<\/span><\/li>\n<li><span>Sin parabenos\u00a0<\/span><\/li>\n<li><span>Libre de crueldad<\/span><\/li>\n<li><span>Vegano<\/span><\/li>\n<li><span>Para todo tipo de piel<\/span><\/li>\n<\/ul>\n","protected":false},"excerpt":{"rendered":"<p>MISS CARE VITAMINA C CON NARANJA Miss R\u00f4se Cleansing Mousse con Vitamina C y extracto de naranja es ideal para<\/p>\n","protected":false},"featured_media":63224,"comment_status":"open","ping_status":"closed","template":"","meta":{"nf_dc_page":""},"product_brand":[221],"product_cat":[104],"product_tag":[],"class_list":{"0":"post-63223","1":"product","2":"type-product","3":"status-publish","4":"has-post-thumbnail","6":"product_brand-miss-rose","7":"product_cat-skin-care","9":"first","10":"instock","11":"shipping-taxable","12":"purchasable","13":"product-type-simple"},"_links":{"self":[{"href":"https:\/\/brandss.com.py\/index\/wp-json\/wp\/v2\/product\/63223","targetHints":{"allow":["GET"]}}],"collection":[{"href":"https:\/\/brandss.com.py\/index\/wp-json\/wp\/v2\/product"}],"about":[{"href":"https:\/\/brandss.com.py\/index\/wp-json\/wp\/v2\/types\/product"}],"replies":[{"embeddable":true,"href":"https:\/\/brandss.com.py\/index\/wp-json\/wp\/v2\/comments?post=63223"}],"version-history":[{"count":2,"href":"https:\/\/brandss.com.py\/index\/wp-json\/wp\/v2\/product\/63223\/revisions"}],"predecessor-version":[{"id":91138,"href":"https:\/\/brandss.com.py\/index\/wp-json\/wp\/v2\/product\/63223\/revisions\/91138"}],"wp:featuredmedia":[{"embeddable":true,"href":"https:\/\/brandss.com.py\/index\/wp-json\/wp\/v2\/media\/63224"}],"wp:attachment":[{"href":"https:\/\/brandss.com.py\/index\/wp-json\/wp\/v2\/media?parent=63223"}],"wp:term":[{"taxonomy":"product_brand","embeddable":true,"href":"https:\/\/brandss.com.py\/index\/wp-json\/wp\/v2\/product_brand?post=63223"},{"taxonomy":"product_cat","embeddable":true,"href":"https:\/\/brandss.com.py\/index\/wp-json\/wp\/v2\/product_cat?post=63223"},{"taxonomy":"product_tag","embeddable":true,"href":"https:\/\/brandss.com.py\/index\/wp-json\/wp\/v2\/product_tag?post=63223"}],"curies":[{"name":"wp","href":"https:\/\/api.w.org\/{rel}","templated":true}]}}