{"id":63246,"date":"2024-12-07T18:16:41","date_gmt":"2024-12-07T18:16:41","guid":{"rendered":"https:\/\/brandss.com.py\/index\/?post_type=product&#038;p=63246"},"modified":"2025-09-25T11:21:30","modified_gmt":"2025-09-25T11:21:30","slug":"exfoliante-corporal-facial-miss-rose-miss-care-rosa-mosqueta-280g","status":"publish","type":"product","link":"https:\/\/brandss.com.py\/index\/producto\/exfoliante-corporal-facial-miss-rose-miss-care-rosa-mosqueta-280g\/","title":{"rendered":"EXFOLIANTE CORPORAL &amp; FACIAL MISS ROSE MISS CARE ROSA MOSQUETA 280G"},"content":{"rendered":"<p><img loading=\"lazy\" decoding=\"async\" class=\"\" src=\"https:\/\/missroseofficial.com.pk\/cdn\/shop\/files\/download.png?v=1701971620\" alt=\"Miss Rose Official Website \u2013 Miss Rose\u00ae Official Store\" width=\"180\" height=\"94\" \/><\/p>\n<h1>MISS CARE ROSA MOSQUETA<\/h1>\n<p><span>Descubre una piel renovada y radiante con\u00a0<\/span>la Crema Exfoliante Corporal y Facial Miss Care by Miss R\u00f4se<span>. Su f\u00f3rmula proporciona una exfoliaci\u00f3n profunda, eliminando impurezas y c\u00e9lulas muertas para revelar una piel m\u00e1s sana y revitalizada.<\/span><\/p>\n<p><span>Perfecta para momentos de relax en el ba\u00f1o, su fragancia de Fresa energiza y tonifica, haciendo que el cuidado personal sea a\u00fan m\u00e1s placentero. Con una combinaci\u00f3n de 2 tipos de part\u00edculas exfoliantes, la crema ofrece una potente\u00a0exfoliaci\u00f3n\u00a0<\/span>de nivel 2<span>, asegurando una piel suave, renovada e hidratada.<\/span><\/p>\n<p><span>Adem\u00e1s de limpiar en profundidad, su f\u00f3rmula rica en\u00a0<\/span>Vitamina E\u00a0,\u00a0Manteca de Karit\u00e9\u00a0y\u00a0Col\u00e1geno<span>\u00a0nutre e hidrata, por lo que es ideal tanto para el cuerpo como para el rostro.<\/span><\/p>\n<p><strong><span>Beneficios:<\/span><\/strong><\/p>\n<ul>\n<li><span>Contiene vitamina E<\/span><\/li>\n<li><span>Enriquecido con manteca de karit\u00e9 y col\u00e1geno.<\/span><\/li>\n<li><span>Intensidad de Exfoliaci\u00f3n Nivel 2<\/span><\/li>\n<li><span>Renueva e hidrata la piel.<\/span><\/li>\n<li><span>Sin parabenos<\/span><\/li>\n<li><span>Vegano y libre de crueldad animal<\/span><\/li>\n<li><span>Apto para todo tipo de piel<\/span><\/li>\n<\/ul>\n<p><strong><span>Modo de uso:<\/span><\/strong><span>\u00a0Aplicar sobre la piel h\u00fameda y masajear suavemente con movimientos circulares. Enjuague bien y termine con su crema hidratante favorita. \u00dasalo de 1 a 2 veces por semana para mantener tu piel suave y evitar irritaciones.<\/span><\/p>\n","protected":false},"excerpt":{"rendered":"<p>MISS CARE ROSA MOSQUETA Descubre una piel renovada y radiante con\u00a0la Crema Exfoliante Corporal y Facial Miss Care by Miss<\/p>\n","protected":false},"featured_media":63247,"comment_status":"open","ping_status":"closed","template":"","meta":{"nf_dc_page":""},"product_brand":[221],"product_cat":[94],"product_tag":[],"class_list":{"0":"post-63246","1":"product","2":"type-product","3":"status-publish","4":"has-post-thumbnail","6":"product_brand-miss-rose","7":"product_cat-higiene-personal","9":"first","10":"instock","11":"shipping-taxable","12":"purchasable","13":"product-type-simple"},"_links":{"self":[{"href":"https:\/\/brandss.com.py\/index\/wp-json\/wp\/v2\/product\/63246","targetHints":{"allow":["GET"]}}],"collection":[{"href":"https:\/\/brandss.com.py\/index\/wp-json\/wp\/v2\/product"}],"about":[{"href":"https:\/\/brandss.com.py\/index\/wp-json\/wp\/v2\/types\/product"}],"replies":[{"embeddable":true,"href":"https:\/\/brandss.com.py\/index\/wp-json\/wp\/v2\/comments?post=63246"}],"version-history":[{"count":1,"href":"https:\/\/brandss.com.py\/index\/wp-json\/wp\/v2\/product\/63246\/revisions"}],"predecessor-version":[{"id":63251,"href":"https:\/\/brandss.com.py\/index\/wp-json\/wp\/v2\/product\/63246\/revisions\/63251"}],"wp:featuredmedia":[{"embeddable":true,"href":"https:\/\/brandss.com.py\/index\/wp-json\/wp\/v2\/media\/63247"}],"wp:attachment":[{"href":"https:\/\/brandss.com.py\/index\/wp-json\/wp\/v2\/media?parent=63246"}],"wp:term":[{"taxonomy":"product_brand","embeddable":true,"href":"https:\/\/brandss.com.py\/index\/wp-json\/wp\/v2\/product_brand?post=63246"},{"taxonomy":"product_cat","embeddable":true,"href":"https:\/\/brandss.com.py\/index\/wp-json\/wp\/v2\/product_cat?post=63246"},{"taxonomy":"product_tag","embeddable":true,"href":"https:\/\/brandss.com.py\/index\/wp-json\/wp\/v2\/product_tag?post=63246"}],"curies":[{"name":"wp","href":"https:\/\/api.w.org\/{rel}","templated":true}]}}