{"id":63307,"date":"2024-12-09T12:51:41","date_gmt":"2024-12-09T12:51:41","guid":{"rendered":"https:\/\/brandss.com.py\/index\/?post_type=product&#038;p=63307"},"modified":"2024-12-09T12:52:27","modified_gmt":"2024-12-09T12:52:27","slug":"camiseta-deportivo-masculino-adidas-afa-argentina-22-ganadores","status":"publish","type":"product","link":"https:\/\/brandss.com.py\/index\/producto\/camiseta-deportivo-masculino-adidas-afa-argentina-22-ganadores\/","title":{"rendered":"CAMISETA DEPORTIVO MASCULINO ADIDAS AFA ARGENTINA 22 GANADORES"},"content":{"rendered":"<p><img loading=\"lazy\" decoding=\"async\" class=\"\" src=\"https:\/\/upload.wikimedia.org\/wikipedia\/commons\/2\/24\/Adidas_logo.png\" alt=\"Archivo:Adidas logo.png - Wikipedia, la enciclopedia libre\" width=\"128\" height=\"86\" \/><\/p>\n<h1 class=\"product-name\"><span>Camiseta local de Argentina 22 ganadores<\/span><\/h1>\n<div><\/div>\n<div class=\"value content product-sub-headline\"><span>Celebra la victoria con una camiseta confeccionada con una mezcla de materiales reciclados y renovables.<\/span><\/div>\n<div class=\"value content product-desc-short\"><span>\u00a1V\u00edstete como un campe\u00f3n! A lo largo de la historia del f\u00fatbol, \u200b\u200besas tres rayas azules han representado un juego de pies fascinante y un compromiso inigualable. Para la \u00faltima camiseta local de Argentina, adidas volvi\u00f3 a ese estilo ganador. Dise\u00f1ada para los fan\u00e1ticos, mantiene la comodidad con una tela suave y tecnolog\u00eda AEROREADY que absorbe la humedad. Ese escudo de campe\u00f3n y la estrella adicional sobre el escudo confirman una victoria memorable. Un m\u00ednimo del 70 % de este producto es una mezcla de materiales reciclados y renovables.<\/span><\/div>\n<div>\n<div class=\"col-12\">\n<h2 class=\"title accordionParent\"><a data-tracking-link=\"PDP-main-content-_-product details\"><span>Detalles del producto<\/span><\/a><\/h2>\n<\/div>\n<div class=\"col-12 value content accordionChild\">\n<ul class=\"product-bullets list-unstyled\">\n<li class=\"product-bullet\"><span>Ajuste ce\u00f1ido<\/span><\/li>\n<li class=\"product-bullet\"><span>Cuello redondo acanalado<\/span><\/li>\n<li class=\"product-bullet\"><span>100% poli\u00e9ster (reciclado)<\/span><\/li>\n<li class=\"product-bullet\"><span>AEROLISTO<\/span><\/li>\n<li class=\"product-bullet\"><span>Inserciones de malla debajo de los brazos.<\/span><\/li>\n<li class=\"product-bullet\"><span>Escudo tejido de Argentina<\/span><\/li>\n<li class=\"product-bullet\"><span>Dobladillo con cola ca\u00edda<\/span><\/li>\n<li class=\"product-bullet\"><span>Pu\u00f1os acanalados<\/span><\/li>\n<li>Modelo: IB3597<\/li>\n<\/ul>\n<\/div>\n<\/div>\n","protected":false},"excerpt":{"rendered":"<p>Camiseta local de Argentina 22 ganadores Celebra la victoria con una camiseta confeccionada con una mezcla de materiales reciclados y<\/p>\n","protected":false},"featured_media":63308,"comment_status":"open","ping_status":"closed","template":"","meta":{"nf_dc_page":""},"product_brand":[],"product_cat":[76],"product_tag":[],"class_list":{"0":"post-63307","1":"product","2":"type-product","3":"status-publish","4":"has-post-thumbnail","6":"product_cat-masculino","8":"first","9":"instock","10":"shipping-taxable","11":"purchasable","12":"product-type-simple"},"_links":{"self":[{"href":"https:\/\/brandss.com.py\/index\/wp-json\/wp\/v2\/product\/63307","targetHints":{"allow":["GET"]}}],"collection":[{"href":"https:\/\/brandss.com.py\/index\/wp-json\/wp\/v2\/product"}],"about":[{"href":"https:\/\/brandss.com.py\/index\/wp-json\/wp\/v2\/types\/product"}],"replies":[{"embeddable":true,"href":"https:\/\/brandss.com.py\/index\/wp-json\/wp\/v2\/comments?post=63307"}],"version-history":[{"count":1,"href":"https:\/\/brandss.com.py\/index\/wp-json\/wp\/v2\/product\/63307\/revisions"}],"predecessor-version":[{"id":63317,"href":"https:\/\/brandss.com.py\/index\/wp-json\/wp\/v2\/product\/63307\/revisions\/63317"}],"wp:featuredmedia":[{"embeddable":true,"href":"https:\/\/brandss.com.py\/index\/wp-json\/wp\/v2\/media\/63308"}],"wp:attachment":[{"href":"https:\/\/brandss.com.py\/index\/wp-json\/wp\/v2\/media?parent=63307"}],"wp:term":[{"taxonomy":"product_brand","embeddable":true,"href":"https:\/\/brandss.com.py\/index\/wp-json\/wp\/v2\/product_brand?post=63307"},{"taxonomy":"product_cat","embeddable":true,"href":"https:\/\/brandss.com.py\/index\/wp-json\/wp\/v2\/product_cat?post=63307"},{"taxonomy":"product_tag","embeddable":true,"href":"https:\/\/brandss.com.py\/index\/wp-json\/wp\/v2\/product_tag?post=63307"}],"curies":[{"name":"wp","href":"https:\/\/api.w.org\/{rel}","templated":true}]}}