{"id":63415,"date":"2024-12-10T11:47:05","date_gmt":"2024-12-10T11:47:05","guid":{"rendered":"https:\/\/brandss.com.py\/index\/?post_type=product&#038;p=63415"},"modified":"2026-04-11T13:25:41","modified_gmt":"2026-04-11T13:25:41","slug":"leggings-deportivo-femenino-lets-gym-techno","status":"publish","type":"product","link":"https:\/\/brandss.com.py\/index\/producto\/leggings-deportivo-femenino-lets-gym-techno\/","title":{"rendered":"LEGGINGS DEPORTIVO FEMENINO LET\u00b4S GYM TECHNO"},"content":{"rendered":"<p><img loading=\"lazy\" decoding=\"async\" class=\"\" src=\"https:\/\/images.jumpseller.com\/store\/letsgym\/store\/cover\/logo_letsgym_horizontal_fundobranco.png?1700228629\" alt=\"Contacto | Let's Gym\" width=\"86\" height=\"86\" \/><\/p>\n<h1>TECHNO<\/h1>\n<p><span>Legging Techno, confeccionado en tejido ligero de tacto fresco y buena compresi\u00f3n, garantiza comodidad y elasticidad para la pr\u00e1ctica de ejercicios f\u00edsicos. Con composici\u00f3n de colores modernos, es una combinaci\u00f3n s\u00faper fashionista. Cuenta con banda el\u00e1stica personalizada y etiqueta con clip, que garantizan la personalizaci\u00f3n en la medida justa para un look determinado.<\/span><\/p>\n<p>&nbsp;<\/p>\n<h4>Caracter\u00edsticas<\/h4>\n<p><strong>Nuevo lanzamiento:<\/strong> Very Hot Very Sexy<\/p>\n<p><strong>Grado de alto rendimiento:<\/strong> dise\u00f1ado para entrenamientos de fuerza y \u200b\u200bcardio de alta intensidad<\/p>\n<p><strong>ActiFresh Anti Bacterial:<\/strong> capacidad de absorci\u00f3n de humedad; te mantiene seco<\/p>\n<p><strong>Altamente flexible y c\u00f3modo:<\/strong> la tela de lycra Supplex es el\u00e1stica, suave y c\u00f3moda; se mueve con tu cuerpo<\/p>\n<p><strong>Protecci\u00f3n UV:<\/strong> brinda protecci\u00f3n para hacer ejercicio al aire libre<\/p>\n<p><strong>Duradero:<\/strong> la tela resiste desgarros y perforaciones<\/p>\n<p><strong>Color vibrante:<\/strong> esta combinaci\u00f3n de colores te distingue de la multitud<\/p>\n<p><span><strong>Modelo:<\/strong> Ajustado<\/span><\/p>\n<p><span><strong>Tela:<\/strong> Ligero<\/span><\/p>\n<p><span><strong>Composici\u00f3n:<\/strong> 92% Poliamida 8% Elastano\/92% Poliamida, 8% Elastano<\/span><\/p>\n<p><span><strong>Color:<\/strong> Negro\/Lima<\/span><\/p>\n","protected":false},"excerpt":{"rendered":"<p>TECHNO Legging Techno, confeccionado en tejido ligero de tacto fresco y buena compresi\u00f3n, garantiza comodidad y elasticidad para la pr\u00e1ctica<\/p>\n","protected":false},"featured_media":63416,"comment_status":"open","ping_status":"closed","template":"","meta":{"nf_dc_page":""},"product_brand":[],"product_cat":[73],"product_tag":[],"class_list":{"0":"post-63415","1":"product","2":"type-product","3":"status-publish","4":"has-post-thumbnail","6":"product_cat-femenino","8":"first","9":"outofstock","10":"shipping-taxable","11":"purchasable","12":"product-type-simple"},"_links":{"self":[{"href":"https:\/\/brandss.com.py\/index\/wp-json\/wp\/v2\/product\/63415","targetHints":{"allow":["GET"]}}],"collection":[{"href":"https:\/\/brandss.com.py\/index\/wp-json\/wp\/v2\/product"}],"about":[{"href":"https:\/\/brandss.com.py\/index\/wp-json\/wp\/v2\/types\/product"}],"replies":[{"embeddable":true,"href":"https:\/\/brandss.com.py\/index\/wp-json\/wp\/v2\/comments?post=63415"}],"version-history":[{"count":1,"href":"https:\/\/brandss.com.py\/index\/wp-json\/wp\/v2\/product\/63415\/revisions"}],"predecessor-version":[{"id":63421,"href":"https:\/\/brandss.com.py\/index\/wp-json\/wp\/v2\/product\/63415\/revisions\/63421"}],"wp:featuredmedia":[{"embeddable":true,"href":"https:\/\/brandss.com.py\/index\/wp-json\/wp\/v2\/media\/63416"}],"wp:attachment":[{"href":"https:\/\/brandss.com.py\/index\/wp-json\/wp\/v2\/media?parent=63415"}],"wp:term":[{"taxonomy":"product_brand","embeddable":true,"href":"https:\/\/brandss.com.py\/index\/wp-json\/wp\/v2\/product_brand?post=63415"},{"taxonomy":"product_cat","embeddable":true,"href":"https:\/\/brandss.com.py\/index\/wp-json\/wp\/v2\/product_cat?post=63415"},{"taxonomy":"product_tag","embeddable":true,"href":"https:\/\/brandss.com.py\/index\/wp-json\/wp\/v2\/product_tag?post=63415"}],"curies":[{"name":"wp","href":"https:\/\/api.w.org\/{rel}","templated":true}]}}