{"id":63454,"date":"2024-12-10T14:09:12","date_gmt":"2024-12-10T14:09:12","guid":{"rendered":"https:\/\/brandss.com.py\/index\/?post_type=product&#038;p=63454"},"modified":"2026-04-11T13:22:44","modified_gmt":"2026-04-11T13:22:44","slug":"leggings-deportivo-femenino-adidas-3-stripes-tight","status":"publish","type":"product","link":"https:\/\/brandss.com.py\/index\/producto\/leggings-deportivo-femenino-adidas-3-stripes-tight\/","title":{"rendered":"LEGGINGS DEPORTIVO FEMENINO ADIDAS 3 STRIPES TIGHT"},"content":{"rendered":"<p><img loading=\"lazy\" decoding=\"async\" class=\"\" src=\"https:\/\/upload.wikimedia.org\/wikipedia\/commons\/2\/24\/Adidas_logo.png\" alt=\"Archivo:Adidas logo.png - Wikipedia, la enciclopedia libre\" width=\"95\" height=\"64\" \/><\/p>\n<h1>3 STRIPES TIGHT<\/h1>\n<p><span>Un modelo que concentra la practicidad. La cintura alta y el ajuste ce\u00f1ido de estos leggings adidas garantizan una sujeci\u00f3n \u00f3ptima, mientras que las 3 rayas rematan el look con un toque deportivo. En casa o cuando sales, el algod\u00f3n el\u00e1stico garantiza una suavidad absoluta.<\/span><br \/>\n<span>Con nuestras prendas de algod\u00f3n apoyamos un cultivo de algod\u00f3n m\u00e1s sostenible.<\/span><\/p>\n<h4>Caracter\u00edsticas<\/h4>\n<ul class=\"gl-list\">\n<li class=\"li1\"><span>Ajuste ce\u00f1ido con tiro medio<\/span><\/li>\n<li class=\"li1\"><span>Longitud total<\/span><\/li>\n<li class=\"li1\"><span>Cintura el\u00e1stica<\/span><\/li>\n<li class=\"li1\"><span>Importado<\/span><\/li>\n<li class=\"li1\"><span>Adidas Tres rayas en los laterales<\/span><\/li>\n<li class=\"li1\"><span>Adidas Originals serigrafiada en la cintura\u00a0<\/span><\/li>\n<li class=\"li1\"><span>Material del producto: 93 % algod\u00f3n\/7 % elastano\u00a0<\/span><\/li>\n<li class=\"li1\"><span>Color del producto: Gris \/ Blanco<\/span><\/li>\n<li>Modelo: IB7384<\/li>\n<\/ul>\n<h3>Instrucciones de lavado<\/h3>\n<ul>\n<li>No usar blanqueador<\/li>\n<li>Puede utilizarse secadora en tempratura baja.<\/li>\n<li>No lavar en seco.<\/li>\n<li>Planchar a temperatura alta.<\/li>\n<li>Lavar a m\u00e1quina en temperatura fr\u00eda y en ciclo delicado.<\/li>\n<\/ul>\n<h3>Informaci\u00f3n adicional sobre el cuidado<\/h3>\n<ul>\n<li>Usar \u00fanicamente detergente suave<\/li>\n<li>No planchar estampado<\/li>\n<li>Lavar colores oscuros por separado<\/li>\n<li>Lavar y planchar al rev\u00e9s<\/li>\n<\/ul>\n","protected":false},"excerpt":{"rendered":"<p>3 STRIPES TIGHT Un modelo que concentra la practicidad. La cintura alta y el ajuste ce\u00f1ido de estos leggings adidas<\/p>\n","protected":false},"featured_media":63455,"comment_status":"open","ping_status":"closed","template":"","meta":{"nf_dc_page":""},"product_brand":[1368],"product_cat":[73],"product_tag":[2503],"class_list":{"0":"post-63454","1":"product","2":"type-product","3":"status-publish","4":"has-post-thumbnail","6":"product_brand-adidas","7":"product_cat-femenino","8":"product_tag-ib7384","10":"first","11":"outofstock","12":"shipping-taxable","13":"purchasable","14":"product-type-simple"},"_links":{"self":[{"href":"https:\/\/brandss.com.py\/index\/wp-json\/wp\/v2\/product\/63454","targetHints":{"allow":["GET"]}}],"collection":[{"href":"https:\/\/brandss.com.py\/index\/wp-json\/wp\/v2\/product"}],"about":[{"href":"https:\/\/brandss.com.py\/index\/wp-json\/wp\/v2\/types\/product"}],"replies":[{"embeddable":true,"href":"https:\/\/brandss.com.py\/index\/wp-json\/wp\/v2\/comments?post=63454"}],"version-history":[{"count":1,"href":"https:\/\/brandss.com.py\/index\/wp-json\/wp\/v2\/product\/63454\/revisions"}],"predecessor-version":[{"id":63461,"href":"https:\/\/brandss.com.py\/index\/wp-json\/wp\/v2\/product\/63454\/revisions\/63461"}],"wp:featuredmedia":[{"embeddable":true,"href":"https:\/\/brandss.com.py\/index\/wp-json\/wp\/v2\/media\/63455"}],"wp:attachment":[{"href":"https:\/\/brandss.com.py\/index\/wp-json\/wp\/v2\/media?parent=63454"}],"wp:term":[{"taxonomy":"product_brand","embeddable":true,"href":"https:\/\/brandss.com.py\/index\/wp-json\/wp\/v2\/product_brand?post=63454"},{"taxonomy":"product_cat","embeddable":true,"href":"https:\/\/brandss.com.py\/index\/wp-json\/wp\/v2\/product_cat?post=63454"},{"taxonomy":"product_tag","embeddable":true,"href":"https:\/\/brandss.com.py\/index\/wp-json\/wp\/v2\/product_tag?post=63454"}],"curies":[{"name":"wp","href":"https:\/\/api.w.org\/{rel}","templated":true}]}}