{"id":63477,"date":"2024-12-10T16:43:24","date_gmt":"2024-12-10T16:43:24","guid":{"rendered":"https:\/\/brandss.com.py\/index\/?post_type=product&#038;p=63477"},"modified":"2024-12-10T16:45:59","modified_gmt":"2024-12-10T16:45:59","slug":"leggings-deportivo-femenino-nike-dri-fit-one-tights","status":"publish","type":"product","link":"https:\/\/brandss.com.py\/index\/producto\/leggings-deportivo-femenino-nike-dri-fit-one-tights\/","title":{"rendered":"LEGGINGS DEPORTIVO FEMENINO NIKE DRI FIT ONE TIGHTS"},"content":{"rendered":"<p><img loading=\"lazy\" decoding=\"async\" class=\"\" src=\"https:\/\/1000marcas.net\/wp-content\/uploads\/2019\/11\/Logo-Nike-.png\" alt=\"Logo de Nike: la historia y el significado del logotipo, la marca y el s\u00edmbolo. | png, vector\" width=\"130\" height=\"73\" \/><\/p>\n<h1>DRI FIT ONE TIGHTS<\/h1>\n<p><strong>UNO RADIANTE QUE FUNCIONA PARA TODO.<\/strong><\/p>\n<p>Listos para hacer ejercicio o relajarse: los leggings Nike Dri-FIT One est\u00e1n iluminados con tela de alto brillo. Su c\u00f3modo dise\u00f1o capilariza el sudor para ayudarte a mantenerte seco. Adem\u00e1s, no puedes ver a trav\u00e9s de ellos, por lo que puedes sentirte seguro sabiendo que est\u00e1s cubierto.<\/p>\n<p><strong>Haga ejercicio y mant\u00e9ngase seco<\/strong><\/p>\n<p>El tejido el\u00e1stico con tecnolog\u00eda Dri-FIT elimina el sudor de la piel para una evaporaci\u00f3n m\u00e1s r\u00e1pida y ayudarle a mantenerse seco y c\u00f3modo.<\/p>\n<p><strong>Trabaja, si\u00e9ntete seguro<\/strong><\/p>\n<p>La tela brillante y no transparente pasa la prueba de las sentadillas para mantenerte cubierto. La pretina tiene un contorno en forma de V en la espalda que resalta tus l\u00edneas naturales.<\/p>\n<p><strong>Trabaje de manera inteligente, mant\u00e9ngase listo<\/strong><\/p>\n<p>El dise\u00f1o incluye 2 bolsillos ocultos en la cintura de talle medio para mantenerte listo para cualquier cosa que hagas en un d\u00eda. El bolsillo trasero es lo suficientemente grande como para guardar un tel\u00e9fono.<\/p>\n<p><strong>Detalles del producto<\/strong><\/p>\n<p>Ajuste ce\u00f1ido para una sensaci\u00f3n que se adapta al cuerpo.<\/p>\n<p>Longitud total<\/p>\n<p>Composici\u00f3n:\u00a0 83% poli\u00e9ster\/17% elastano.<\/p>\n<p>Lavado a m\u00e1quina<\/p>\n<p>Importado<\/p>\n<p>Color: <span style=\"font-family: Arial;font-size: large\">Bronze Eclipse\/White<\/span><\/p>\n<p>Modelo: DD5439-273<\/p>\n<p>&nbsp;<\/p>\n","protected":false},"excerpt":{"rendered":"<p>DRI FIT ONE TIGHTS UNO RADIANTE QUE FUNCIONA PARA TODO. Listos para hacer ejercicio o relajarse: los leggings Nike Dri-FIT<\/p>\n","protected":false},"featured_media":63478,"comment_status":"open","ping_status":"closed","template":"","meta":{"nf_dc_page":""},"product_brand":[],"product_cat":[73],"product_tag":[],"class_list":{"0":"post-63477","1":"product","2":"type-product","3":"status-publish","4":"has-post-thumbnail","6":"product_cat-femenino","8":"first","9":"instock","10":"shipping-taxable","11":"purchasable","12":"product-type-simple"},"_links":{"self":[{"href":"https:\/\/brandss.com.py\/index\/wp-json\/wp\/v2\/product\/63477","targetHints":{"allow":["GET"]}}],"collection":[{"href":"https:\/\/brandss.com.py\/index\/wp-json\/wp\/v2\/product"}],"about":[{"href":"https:\/\/brandss.com.py\/index\/wp-json\/wp\/v2\/types\/product"}],"replies":[{"embeddable":true,"href":"https:\/\/brandss.com.py\/index\/wp-json\/wp\/v2\/comments?post=63477"}],"version-history":[{"count":3,"href":"https:\/\/brandss.com.py\/index\/wp-json\/wp\/v2\/product\/63477\/revisions"}],"predecessor-version":[{"id":63485,"href":"https:\/\/brandss.com.py\/index\/wp-json\/wp\/v2\/product\/63477\/revisions\/63485"}],"wp:featuredmedia":[{"embeddable":true,"href":"https:\/\/brandss.com.py\/index\/wp-json\/wp\/v2\/media\/63478"}],"wp:attachment":[{"href":"https:\/\/brandss.com.py\/index\/wp-json\/wp\/v2\/media?parent=63477"}],"wp:term":[{"taxonomy":"product_brand","embeddable":true,"href":"https:\/\/brandss.com.py\/index\/wp-json\/wp\/v2\/product_brand?post=63477"},{"taxonomy":"product_cat","embeddable":true,"href":"https:\/\/brandss.com.py\/index\/wp-json\/wp\/v2\/product_cat?post=63477"},{"taxonomy":"product_tag","embeddable":true,"href":"https:\/\/brandss.com.py\/index\/wp-json\/wp\/v2\/product_tag?post=63477"}],"curies":[{"name":"wp","href":"https:\/\/api.w.org\/{rel}","templated":true}]}}