{"id":63486,"date":"2024-12-10T17:08:04","date_gmt":"2024-12-10T17:08:04","guid":{"rendered":"https:\/\/brandss.com.py\/index\/?post_type=product&#038;p=63486"},"modified":"2024-12-10T17:11:03","modified_gmt":"2024-12-10T17:11:03","slug":"leggings-deportivo-femenino-under-armour-project-rock","status":"publish","type":"product","link":"https:\/\/brandss.com.py\/index\/producto\/leggings-deportivo-femenino-under-armour-project-rock\/","title":{"rendered":"LEGGINGS DEPORTIVO FEMENINO UNDER ARMOUR PROJECT ROCK"},"content":{"rendered":"<p><img loading=\"lazy\" decoding=\"async\" class=\"\" src=\"https:\/\/upload.wikimedia.org\/wikipedia\/commons\/4\/44\/Under_armour_logo.svg\" alt=\"Archivo:Under armour logo.svg - Wikipedia, la enciclopedia libre\" width=\"104\" height=\"61\" \/><\/p>\n<h1>PROJECT ROCK<\/h1>\n<div class=\"b-product_description-main\">\n<div class=\"b-product_description-content\">\n<p><span>Ya sea que te est\u00e9s dando vueltas en la postura del perro boca abajo o te est\u00e9s agachando lentamente durante una sentadilla, las cinturillas rebeldes te roban la concentraci\u00f3n y el impulso mientras te ejercitas. Por eso, creamos una con un estampado especial oculto que ayuda a que se mantenga en su lugar para que puedas esforzarte m\u00e1s.<\/span><\/p>\n<\/div>\n<\/div>\n<div class=\"b-product_description-items g-accordion--mobile g-tabs-content\">\n<div id=\"tab-1\" class=\"g-accordion-item g-tabs-pane tab-pane show active\" role=\"tabpanel\" aria-labelledby=\"acc-1\">\n<h3 class=\"sr-only\">Detalles del producto<\/h3>\n<div id=\"acc-1\" class=\"g-accordion-content collapse show\">\n<ul class=\"t-tabs_data\" role=\"list\">\n<li class=\"t-tabs_list\" role=\"listitem\">La tela superligera HeatGear\u00ae ofrece una cobertura superior sin apelmazarte<\/li>\n<li class=\"t-tabs_list\" role=\"listitem\">El material absorbe el sudor y se seca muy r\u00e1pido.<\/li>\n<li class=\"t-tabs_list\" role=\"listitem\">El material el\u00e1stico en 4 direcciones se mueve mejor en todas las direcciones.<\/li>\n<li class=\"t-tabs_list\" role=\"listitem\">Las costuras planas ergon\u00f3micas brindan un ajuste c\u00f3modo y sin rozaduras.<\/li>\n<li class=\"t-tabs_list\" role=\"listitem\">Cintura alta antideslizante UA para una cobertura y un soporte \u00f3ptimos que se mantienen en su lugar con cada movimiento que realizas<\/li>\n<li class=\"t-tabs_list\" role=\"listitem\">Bolsillo lateral abierto<\/li>\n<\/ul>\n<div class=\"g-tabs--desktop\"><\/div>\n<div class=\"b-product_description-items g-accordion--mobile g-tabs-content\">\n<div id=\"tab-2\" class=\"g-accordion-item g-tabs-pane tab-pane active\" role=\"tabpanel\" aria-labelledby=\"acc-2\">\n<h3 class=\"sr-only\">Especificaciones del producto<\/h3>\n<div id=\"acc-2\" class=\"g-accordion-content collapse\">\n<ul class=\"t-tabs_data\">\n<li class=\"t-tabs_list\">Modelo: 1370310<\/li>\n<li class=\"t-tabs_list\">Entrepierna: 26&#8243;<\/li>\n<li class=\"t-tabs_list\">Bolsillos: Si<\/li>\n<li class=\"t-tabs_list\">87 % poli\u00e9ster\/13 % elastano<\/li>\n<li class=\"t-tabs_list\">Importado<\/li>\n<li>Color: Multicolor<\/li>\n<\/ul>\n<div class=\"g-tabs--desktop\"><\/div>\n<div class=\"b-product_description-items g-accordion--mobile g-tabs-content\">\n<div id=\"tab-3\" class=\"g-accordion-item g-tabs-pane tab-pane active\" role=\"tabpanel\" aria-labelledby=\"acc-3\">\n<h3 class=\"sr-only\">Ajuste y cuidado del producto<\/h3>\n<div id=\"acc-3\" class=\"g-accordion-content collapse\">\n<ul class=\"t-tabs_data\">\n<li class=\"t-tabs_list\"><span class=\"t-bold_font\">Compresi\u00f3n:\u00a0<\/span>Dise\u00f1o ultrace\u00f1ido, como una segunda piel.<\/li>\n<li class=\"t-tabs_list\"><span>Lavar la prenda del rev\u00e9s<\/span><\/li>\n<li class=\"t-tabs_list\"><span>Lavar a m\u00e1quina con agua fr\u00eda y colores similares.<\/span><\/li>\n<li class=\"t-tabs_list\"><span>Utilice \u00fanicamente blanqueador sin cloro cuando sea necesario<\/span><\/li>\n<li class=\"t-tabs_list\"><span>Secar en secadora a temperatura baja<\/span><\/li>\n<li class=\"t-tabs_list\"><span>No planchar<\/span><\/li>\n<li class=\"t-tabs_list\"><span>No utilice suavizantes<\/span><\/li>\n<li class=\"t-tabs_list\"><span>No lavar en seco<\/span><\/li>\n<\/ul>\n<\/div>\n<\/div>\n<\/div>\n<\/div>\n<\/div>\n<\/div>\n<\/div>\n<\/div>\n<\/div>\n","protected":false},"excerpt":{"rendered":"<p>PROJECT ROCK Ya sea que te est\u00e9s dando vueltas en la postura del perro boca abajo o te est\u00e9s agachando<\/p>\n","protected":false},"featured_media":63487,"comment_status":"open","ping_status":"closed","template":"","meta":{"nf_dc_page":""},"product_brand":[],"product_cat":[73],"product_tag":[],"class_list":{"0":"post-63486","1":"product","2":"type-product","3":"status-publish","4":"has-post-thumbnail","6":"product_cat-femenino","8":"first","9":"instock","10":"shipping-taxable","11":"purchasable","12":"product-type-simple"},"_links":{"self":[{"href":"https:\/\/brandss.com.py\/index\/wp-json\/wp\/v2\/product\/63486","targetHints":{"allow":["GET"]}}],"collection":[{"href":"https:\/\/brandss.com.py\/index\/wp-json\/wp\/v2\/product"}],"about":[{"href":"https:\/\/brandss.com.py\/index\/wp-json\/wp\/v2\/types\/product"}],"replies":[{"embeddable":true,"href":"https:\/\/brandss.com.py\/index\/wp-json\/wp\/v2\/comments?post=63486"}],"version-history":[{"count":1,"href":"https:\/\/brandss.com.py\/index\/wp-json\/wp\/v2\/product\/63486\/revisions"}],"predecessor-version":[{"id":63495,"href":"https:\/\/brandss.com.py\/index\/wp-json\/wp\/v2\/product\/63486\/revisions\/63495"}],"wp:featuredmedia":[{"embeddable":true,"href":"https:\/\/brandss.com.py\/index\/wp-json\/wp\/v2\/media\/63487"}],"wp:attachment":[{"href":"https:\/\/brandss.com.py\/index\/wp-json\/wp\/v2\/media?parent=63486"}],"wp:term":[{"taxonomy":"product_brand","embeddable":true,"href":"https:\/\/brandss.com.py\/index\/wp-json\/wp\/v2\/product_brand?post=63486"},{"taxonomy":"product_cat","embeddable":true,"href":"https:\/\/brandss.com.py\/index\/wp-json\/wp\/v2\/product_cat?post=63486"},{"taxonomy":"product_tag","embeddable":true,"href":"https:\/\/brandss.com.py\/index\/wp-json\/wp\/v2\/product_tag?post=63486"}],"curies":[{"name":"wp","href":"https:\/\/api.w.org\/{rel}","templated":true}]}}