{"id":63601,"date":"2024-12-11T19:19:58","date_gmt":"2024-12-11T19:19:58","guid":{"rendered":"https:\/\/brandss.com.py\/index\/?post_type=product&#038;p=63601"},"modified":"2024-12-11T19:20:46","modified_gmt":"2024-12-11T19:20:46","slug":"calzado-deportivo-femenino-nike-pegasus-turbo","status":"publish","type":"product","link":"https:\/\/brandss.com.py\/index\/producto\/calzado-deportivo-femenino-nike-pegasus-turbo\/","title":{"rendered":"CALZADO DEPORTIVO FEMENINO NIKE PEGASUS TURBO"},"content":{"rendered":"<p><img loading=\"lazy\" decoding=\"async\" class=\"\" src=\"https:\/\/1000marcas.net\/wp-content\/uploads\/2019\/11\/Logo-Nike-.png\" alt=\"Logo de Nike: la historia y el significado del logotipo, la marca y el  s\u00edmbolo. | png, vector\" width=\"73\" height=\"41\" \/><\/p>\n<h1>PEGASUS TURBO<\/h1>\n<div class=\"b-productinfo\" data-product-attr=\"productDescription\">\n<div class=\"b-productinfo__content\"><span>Los calzados Nike Zoom Pegasus Turbo Next Nature Black Noise Aqua para mujer combinan estilo y rendimiento. Dise\u00f1adas por Nike, estos calzados cuentan con la tecnolog\u00eda Zoom para una m\u00e1xima amortiguaci\u00f3n y una sensaci\u00f3n de ligereza. Los colores negro y noise aqua a\u00f1aden un toque moderno, lo que las convierte en una prenda imprescindible para cualquier entusiasta de los calzados. La amortiguaci\u00f3n reactiva proporciona un rebote adicional para las carreras diarias. Disfruta de una pisada ligera gracias a la entresuela de espuma ZoomX reciclada. La parte superior Flyknit proporciona un ajuste seguro, similar al de un calcet\u00edn. Adem\u00e1s, esta versi\u00f3n est\u00e1 hecha con un 50 % de material de desecho reciclado en peso.<\/span><\/div>\n<\/div>\n<div class=\"b-productinfo\">\n<div class=\"b-productinfo__content\">\n<ul class=\"b-list--dots\">\n<li><span>Color mostrado: negro\/antracita\/agua ruidosa\/blanco<\/span><\/li>\n<li><span>Modelo: DM3414-004<\/span><\/li>\n<\/ul>\n<\/div>\n<\/div>\n","protected":false},"excerpt":{"rendered":"<p>PEGASUS TURBO Los calzados Nike Zoom Pegasus Turbo Next Nature Black Noise Aqua para mujer combinan estilo y rendimiento. Dise\u00f1adas<\/p>\n","protected":false},"featured_media":63602,"comment_status":"open","ping_status":"closed","template":"","meta":{"nf_dc_page":""},"product_brand":[],"product_cat":[73],"product_tag":[],"class_list":{"0":"post-63601","1":"product","2":"type-product","3":"status-publish","4":"has-post-thumbnail","6":"product_cat-femenino","8":"first","9":"instock","10":"shipping-taxable","11":"purchasable","12":"product-type-simple"},"_links":{"self":[{"href":"https:\/\/brandss.com.py\/index\/wp-json\/wp\/v2\/product\/63601","targetHints":{"allow":["GET"]}}],"collection":[{"href":"https:\/\/brandss.com.py\/index\/wp-json\/wp\/v2\/product"}],"about":[{"href":"https:\/\/brandss.com.py\/index\/wp-json\/wp\/v2\/types\/product"}],"replies":[{"embeddable":true,"href":"https:\/\/brandss.com.py\/index\/wp-json\/wp\/v2\/comments?post=63601"}],"version-history":[{"count":1,"href":"https:\/\/brandss.com.py\/index\/wp-json\/wp\/v2\/product\/63601\/revisions"}],"predecessor-version":[{"id":63611,"href":"https:\/\/brandss.com.py\/index\/wp-json\/wp\/v2\/product\/63601\/revisions\/63611"}],"wp:featuredmedia":[{"embeddable":true,"href":"https:\/\/brandss.com.py\/index\/wp-json\/wp\/v2\/media\/63602"}],"wp:attachment":[{"href":"https:\/\/brandss.com.py\/index\/wp-json\/wp\/v2\/media?parent=63601"}],"wp:term":[{"taxonomy":"product_brand","embeddable":true,"href":"https:\/\/brandss.com.py\/index\/wp-json\/wp\/v2\/product_brand?post=63601"},{"taxonomy":"product_cat","embeddable":true,"href":"https:\/\/brandss.com.py\/index\/wp-json\/wp\/v2\/product_cat?post=63601"},{"taxonomy":"product_tag","embeddable":true,"href":"https:\/\/brandss.com.py\/index\/wp-json\/wp\/v2\/product_tag?post=63601"}],"curies":[{"name":"wp","href":"https:\/\/api.w.org\/{rel}","templated":true}]}}