{"id":63612,"date":"2024-12-12T11:32:51","date_gmt":"2024-12-12T11:32:51","guid":{"rendered":"https:\/\/brandss.com.py\/index\/?post_type=product&#038;p=63612"},"modified":"2024-12-12T11:33:25","modified_gmt":"2024-12-12T11:33:25","slug":"calzado-deportivo-femenino-nike-legend-essential-2","status":"publish","type":"product","link":"https:\/\/brandss.com.py\/index\/producto\/calzado-deportivo-femenino-nike-legend-essential-2\/","title":{"rendered":"CALZADO DEPORTIVO FEMENINO NIKE LEGEND ESSENTIAL 2"},"content":{"rendered":"<p><img loading=\"lazy\" decoding=\"async\" class=\"\" src=\"https:\/\/1000marcas.net\/wp-content\/uploads\/2019\/11\/Logo-Nike-.png\" alt=\"Logo de Nike: la historia y el significado del logotipo, la marca y el  s\u00edmbolo. | png, vector\" width=\"98\" height=\"55\" \/><\/p>\n<h1>LEGEND ESSENTIAL 2<\/h1>\n<p class=\"nds-text pb4-sm css-1gn9yhm e1yhcai00 appearance-body1 color-primary weight-bold\" data-testid=\"product-reason-to-buy\">EN CUALQUIER GIMNASIO. EN CUALQUIER CLASE. A CUALQUIER HORA.<\/p>\n<p class=\"nds-text pb4-sm css-qtj9g7 e1yhcai00 appearance-body1 color-primary weight-regular\" data-testid=\"product-description\">Los Nike Legend Essential 2 vienen equipados con un tal\u00f3n plano y estable, flexibilidad debajo de la punta y soporte de lado a lado. Gracias a su gran agarre, puedes hacer levantamientos, entrenamientos de alta intensidad, conquistar una clase o fortalecerte en las m\u00e1quinas.<\/p>\n<div data-testid=\"benefit-section\">\n<h4 class=\"nds-text pb2-sm css-1m2rxfq e1yhcai00 appearance-title4 color-primary weight-regular\" data-testid=\"benefit-header\">Confecci\u00f3n resistente<\/h4>\n<p class=\"nds-text pb4-sm css-ris3xr e1yhcai00 appearance-body2 color-primary weight-regular\" data-testid=\"single-benefit-text\">La malla de alta resistencia a la abrasi\u00f3n en forma de panal de miel, as\u00ed como los revestimientos duraderos en la parte posterior y los laterales, te infunden \u00e1nimos para seguir adelante.<\/p>\n<h4 class=\"nds-text pb2-sm css-1m2rxfq e1yhcai00 appearance-title4 color-primary weight-regular\" data-testid=\"benefit-header\">Soporte estable<\/h4>\n<p class=\"nds-text pb4-sm css-ris3xr e1yhcai00 appearance-body2 color-primary weight-regular\" data-testid=\"single-benefit-text\">El dise\u00f1o asegura el tal\u00f3n sobre una suela plana para brindar estabilidad durante los levantamientos y las sentadillas. La goma envuelve la parte exterior para brindar soporte en los movimientos laterales.<\/p>\n<h4 class=\"nds-text pb2-sm css-1m2rxfq e1yhcai00 appearance-title4 color-primary weight-regular\" data-testid=\"benefit-header\">Agarre que te mantiene en movimiento<\/h4>\n<p class=\"nds-text pb4-sm css-ris3xr e1yhcai00 appearance-body2 color-primary weight-regular\" data-testid=\"single-benefit-text\">Las ranuras en la suela debajo de la punta mantienen la flexibilidad para hacer flexiones, planchas y ejercicios de agilidad. La tracci\u00f3n con agarre te permite moverte en todos los tipos de superficies que encuentras en un gimnasio.<\/p>\n<\/div>\n<div data-testid=\"benefit-section\"><\/div>\n<div data-testid=\"benefit-section\"><\/div>\n<div data-testid=\"benefit-section\">\n<h4 class=\"nds-text pb2-sm css-1m2rxfq e1yhcai00 appearance-title4 color-primary weight-regular\" data-testid=\"benefit-header\">Datos del producto<\/h4>\n<ul class=\"ncss-list-ul pb4-sm\" data-testid=\"benefit-list\">\n<li class=\"nds-text ncss-li css-xlkxpi e1yhcai00 appearance-body1 color-primary weight-regular\">Color que se muestra: Negro\/ Purpura\/ Lila claro<\/li>\n<li class=\"nds-text ncss-li css-xlkxpi e1yhcai00 appearance-body1 color-primary weight-regular\">Modelo: CQ9545-009<\/li>\n<\/ul>\n<\/div>\n","protected":false},"excerpt":{"rendered":"<p>LEGEND ESSENTIAL 2 EN CUALQUIER GIMNASIO. EN CUALQUIER CLASE. A CUALQUIER HORA. Los Nike Legend Essential 2 vienen equipados con<\/p>\n","protected":false},"featured_media":63613,"comment_status":"open","ping_status":"closed","template":"","meta":{"nf_dc_page":""},"product_brand":[],"product_cat":[73],"product_tag":[],"class_list":{"0":"post-63612","1":"product","2":"type-product","3":"status-publish","4":"has-post-thumbnail","6":"product_cat-femenino","8":"first","9":"instock","10":"shipping-taxable","11":"purchasable","12":"product-type-simple"},"_links":{"self":[{"href":"https:\/\/brandss.com.py\/index\/wp-json\/wp\/v2\/product\/63612","targetHints":{"allow":["GET"]}}],"collection":[{"href":"https:\/\/brandss.com.py\/index\/wp-json\/wp\/v2\/product"}],"about":[{"href":"https:\/\/brandss.com.py\/index\/wp-json\/wp\/v2\/types\/product"}],"replies":[{"embeddable":true,"href":"https:\/\/brandss.com.py\/index\/wp-json\/wp\/v2\/comments?post=63612"}],"version-history":[{"count":1,"href":"https:\/\/brandss.com.py\/index\/wp-json\/wp\/v2\/product\/63612\/revisions"}],"predecessor-version":[{"id":63624,"href":"https:\/\/brandss.com.py\/index\/wp-json\/wp\/v2\/product\/63612\/revisions\/63624"}],"wp:featuredmedia":[{"embeddable":true,"href":"https:\/\/brandss.com.py\/index\/wp-json\/wp\/v2\/media\/63613"}],"wp:attachment":[{"href":"https:\/\/brandss.com.py\/index\/wp-json\/wp\/v2\/media?parent=63612"}],"wp:term":[{"taxonomy":"product_brand","embeddable":true,"href":"https:\/\/brandss.com.py\/index\/wp-json\/wp\/v2\/product_brand?post=63612"},{"taxonomy":"product_cat","embeddable":true,"href":"https:\/\/brandss.com.py\/index\/wp-json\/wp\/v2\/product_cat?post=63612"},{"taxonomy":"product_tag","embeddable":true,"href":"https:\/\/brandss.com.py\/index\/wp-json\/wp\/v2\/product_tag?post=63612"}],"curies":[{"name":"wp","href":"https:\/\/api.w.org\/{rel}","templated":true}]}}