{"id":63681,"date":"2024-12-13T11:49:27","date_gmt":"2024-12-13T11:49:27","guid":{"rendered":"https:\/\/brandss.com.py\/index\/?post_type=product&#038;p=63681"},"modified":"2024-12-28T11:46:38","modified_gmt":"2024-12-28T11:46:38","slug":"calado-deportivo-femenino-nike-air-max-bella-tr-5","status":"publish","type":"product","link":"https:\/\/brandss.com.py\/index\/producto\/calado-deportivo-femenino-nike-air-max-bella-tr-5\/","title":{"rendered":"CALZADO DEPORTIVO FEMENINO NIKE AIR MAX BELLA TR 5"},"content":{"rendered":"<p><img loading=\"lazy\" decoding=\"async\" class=\"\" src=\"https:\/\/1000marcas.net\/wp-content\/uploads\/2019\/11\/Logo-Nike-.png\" alt=\"Logo de Nike: la historia y el significado del logotipo, la marca y el  s\u00edmbolo. | png, vector\" width=\"92\" height=\"52\" \/><\/p>\n<h1>AIR MAX BELLA TR 5<\/h1>\n<p class=\"nds-text pb4-sm css-1gn9yhm e1yhcai00 appearance-body1 color-primary weight-bold\" data-testid=\"product-reason-to-buy\">ENTRENA AL M\u00c1XIMO CON EL MEJOR LOOK.<\/p>\n<p class=\"nds-text pb4-sm css-qtj9g7 e1yhcai00 appearance-body1 color-primary weight-regular\" data-testid=\"product-description\">Los Nike Air Max Bella TR 5 combinan el rebote y la belleza de la amortiguaci\u00f3n Max Air con una suela plana que permite obtener la ventaja de la estabilidad mientras entrenas para mejorar la tonicidad y desarrollar m\u00fasculos. Este dise\u00f1o actualizado aumenta la contenci\u00f3n y el soporte en los laterales y la parte superior para ayudarte a mantener tus pies firmes y seguros durante los entrenamientos de fuerza exigentes.<\/p>\n<div data-testid=\"benefit-section\">\n<h4 class=\"nds-text pb2-sm css-1m2rxfq e1yhcai00 appearance-title4 color-primary weight-regular\" data-testid=\"benefit-header\">Contenci\u00f3n con soporte<\/h4>\n<p class=\"nds-text pb4-sm css-ris3xr e1yhcai00 appearance-body2 color-primary weight-regular\" data-testid=\"single-benefit-text\">La correa el\u00e1stica se integra con la confecci\u00f3n en forma de manga y las agujetas tradicionales para una mayor sujeci\u00f3n en el mediopi\u00e9 con un ajuste m\u00e1s seguro y c\u00f3modo, que no se afloja cuando lo das todo. El cuero sint\u00e9tico envuelve el tal\u00f3n para brindar mayor durabilidad.<\/p>\n<h4 class=\"nds-text pb2-sm css-1m2rxfq e1yhcai00 appearance-title4 color-primary weight-regular\" data-testid=\"benefit-header\">Comodidad estable<\/h4>\n<p class=\"nds-text pb4-sm css-ris3xr e1yhcai00 appearance-body2 color-primary weight-regular\" data-testid=\"single-benefit-text\">La entresuela de espuma y la unidad Max Air en el tal\u00f3n aportan estabilidad y amortiguaci\u00f3n de alto rendimiento en cada paso. El borde elevado te abraza el pie durante los movimientos laterales.<\/p>\n<h4 class=\"nds-text pb2-sm css-1m2rxfq e1yhcai00 appearance-title4 color-primary weight-regular\" data-testid=\"benefit-header\">Tracci\u00f3n inteligente<\/h4>\n<p class=\"nds-text pb4-sm css-ris3xr e1yhcai00 appearance-body2 color-primary weight-regular\" data-testid=\"single-benefit-text\">La suela plana te ayuda a mantener la estabilidad en las superficies del gimnasio y el patr\u00f3n de goma aporta m\u00e1s agarre.<\/p>\n<\/div>\n<div data-testid=\"benefit-section\"><\/div>\n<div data-testid=\"benefit-section\">\n<h4 class=\"nds-text pb2-sm css-1m2rxfq e1yhcai00 appearance-title4 color-primary weight-regular\" data-testid=\"benefit-header\">M\u00e1s beneficios<\/h4>\n<ul class=\"ncss-list-ul pb4-sm\" data-testid=\"benefit-list\">\n<li class=\"nds-text ncss-li css-xlkxpi e1yhcai00 appearance-body1 color-primary weight-regular\">La malla texturizada es ligera y transpirable.<\/li>\n<li class=\"nds-text ncss-li css-xlkxpi e1yhcai00 appearance-body1 color-primary weight-regular\">La correa el\u00e1stica se cruza en la parte superior del pie para un ajuste m\u00e1s seguro.<\/li>\n<li class=\"nds-text ncss-li css-xlkxpi e1yhcai00 appearance-body1 color-primary weight-regular\">Las presillas de agarre en la leng\u00fceta y el tal\u00f3n te permiten ponerte y quitarte los tenis con facilidad.<\/li>\n<\/ul>\n<\/div>\n<div data-testid=\"benefit-section\">\n<h4 class=\"nds-text pb2-sm css-1m2rxfq e1yhcai00 appearance-title4 color-primary weight-regular\" data-testid=\"benefit-header\">Datos del producto<\/h4>\n<ul class=\"ncss-list-ul pb4-sm\" data-testid=\"benefit-list\">\n<li class=\"nds-text ncss-li css-xlkxpi e1yhcai00 appearance-body1 color-primary weight-regular\">Plantilla de espuma<\/li>\n<li class=\"nds-text ncss-li css-xlkxpi e1yhcai00 appearance-body1 color-primary weight-regular\">Color que se muestra: White\/ Metallic Gold\/ Silver\/ Black<\/li>\n<li class=\"nds-text ncss-li css-xlkxpi e1yhcai00 appearance-body1 color-primary weight-regular\">Estilo: DD9285-107<\/li>\n<\/ul>\n<\/div>\n","protected":false},"excerpt":{"rendered":"<p>AIR MAX BELLA TR 5 ENTRENA AL M\u00c1XIMO CON EL MEJOR LOOK. Los Nike Air Max Bella TR 5 combinan<\/p>\n","protected":false},"featured_media":63682,"comment_status":"open","ping_status":"closed","template":"","meta":{"nf_dc_page":""},"product_brand":[],"product_cat":[73],"product_tag":[],"class_list":{"0":"post-63681","1":"product","2":"type-product","3":"status-publish","4":"has-post-thumbnail","6":"product_cat-femenino","8":"first","9":"instock","10":"shipping-taxable","11":"purchasable","12":"product-type-simple"},"_links":{"self":[{"href":"https:\/\/brandss.com.py\/index\/wp-json\/wp\/v2\/product\/63681","targetHints":{"allow":["GET"]}}],"collection":[{"href":"https:\/\/brandss.com.py\/index\/wp-json\/wp\/v2\/product"}],"about":[{"href":"https:\/\/brandss.com.py\/index\/wp-json\/wp\/v2\/types\/product"}],"replies":[{"embeddable":true,"href":"https:\/\/brandss.com.py\/index\/wp-json\/wp\/v2\/comments?post=63681"}],"version-history":[{"count":2,"href":"https:\/\/brandss.com.py\/index\/wp-json\/wp\/v2\/product\/63681\/revisions"}],"predecessor-version":[{"id":64723,"href":"https:\/\/brandss.com.py\/index\/wp-json\/wp\/v2\/product\/63681\/revisions\/64723"}],"wp:featuredmedia":[{"embeddable":true,"href":"https:\/\/brandss.com.py\/index\/wp-json\/wp\/v2\/media\/63682"}],"wp:attachment":[{"href":"https:\/\/brandss.com.py\/index\/wp-json\/wp\/v2\/media?parent=63681"}],"wp:term":[{"taxonomy":"product_brand","embeddable":true,"href":"https:\/\/brandss.com.py\/index\/wp-json\/wp\/v2\/product_brand?post=63681"},{"taxonomy":"product_cat","embeddable":true,"href":"https:\/\/brandss.com.py\/index\/wp-json\/wp\/v2\/product_cat?post=63681"},{"taxonomy":"product_tag","embeddable":true,"href":"https:\/\/brandss.com.py\/index\/wp-json\/wp\/v2\/product_tag?post=63681"}],"curies":[{"name":"wp","href":"https:\/\/api.w.org\/{rel}","templated":true}]}}