{"id":63706,"date":"2024-12-13T16:27:50","date_gmt":"2024-12-13T16:27:50","guid":{"rendered":"https:\/\/brandss.com.py\/index\/?post_type=product&#038;p=63706"},"modified":"2024-12-13T16:28:33","modified_gmt":"2024-12-13T16:28:33","slug":"calzado-deportivo-femenino-nike-superrep-go-3-flynit-next-nature","status":"publish","type":"product","link":"https:\/\/brandss.com.py\/index\/producto\/calzado-deportivo-femenino-nike-superrep-go-3-flynit-next-nature\/","title":{"rendered":"CALZADO DEPORTIVO FEMENINO NIKE SUPERREP GO 3 FLYNIT NEXT NATURE"},"content":{"rendered":"<p><img loading=\"lazy\" decoding=\"async\" class=\"\" src=\"https:\/\/1000marcas.net\/wp-content\/uploads\/2019\/11\/Logo-Nike-.png\" alt=\"Logo de Nike: la historia y el significado del logotipo, la marca y el  s\u00edmbolo. | png, vector\" width=\"83\" height=\"47\" \/><\/p>\n<h1>SUPERREP GO 3 FLYNIT NEXT NATURE<\/h1>\n<p class=\"nds-text pb4-sm css-1gn9yhm e1yhcai00 appearance-body1 color-primary weight-bold\" data-testid=\"product-reason-to-buy\">INTENSIFICA TU ENTRENAMIENTO.<\/p>\n<p class=\"nds-text pb4-sm css-qtj9g7 e1yhcai00 appearance-body1 color-primary weight-regular\" data-testid=\"product-description\">Los nuevos Nike SuperRep Go 3 Flyknit tienen un dise\u00f1o radical basado en la innovaci\u00f3n. Est\u00e1n confeccionados con al menos un 20% de contenido reciclado por peso, y el dise\u00f1o Flyknit por zonas envuelve el pie con 360 grados de comodidad y soporte. Una entresuela de espuma reciclada y finamente molida te proporciona una amortiguaci\u00f3n responsiva para los entrenamientos de alto impacto. Su dise\u00f1o ligero y plegable te permite tenerlos cerca, sin importar a d\u00f3nde te lleve tu pr\u00f3ximo entrenamiento.<\/p>\n<div data-testid=\"benefit-section\">\n<h4 class=\"nds-text pb2-sm css-1m2rxfq e1yhcai00 appearance-title4 color-primary weight-regular\" data-testid=\"benefit-header\">Dise\u00f1o consciente<\/h4>\n<p class=\"nds-text pb4-sm css-ris3xr e1yhcai00 appearance-body2 color-primary weight-regular\" data-testid=\"single-benefit-text\">Confeccionada con materiales reciclados, la parte superior Flyknit el\u00e1stica est\u00e1 estrat\u00e9gicamente dividida en zonas para ofrecer una mayor contenci\u00f3n durante los movimientos laterales. La espuma recuperada se mezcla con Nike Grind finamente molido para ofrecer una nueva entresuela, dise\u00f1ada para mejorar la comodidad, la estabilidad y la durabilidad.<\/p>\n<h4 class=\"nds-text pb2-sm css-1m2rxfq e1yhcai00 appearance-title4 color-primary weight-regular\" data-testid=\"benefit-header\">Dise\u00f1o plegable. Ligereza. Dise\u00f1o duradero<\/h4>\n<p class=\"nds-text pb4-sm css-ris3xr e1yhcai00 appearance-body2 color-primary weight-regular\" data-testid=\"single-benefit-text\">El dise\u00f1o vers\u00e1til y las modificaciones ligeras de la parte superior, la entresuela y la suela dan como resultado unos tenis flexibles pensados no solo para tu pr\u00f3xima clase de HIIT. Sirven para hacer tus ejercicios pliom\u00e9tricos m\u00e1s exigentes y son lo suficientemente c\u00f3modos para usarlos en la calle. Y cuando te los quites, los querr\u00e1s tener siempre a la mano. La capacidad del nuevo dise\u00f1o para plegarse de manera flexible te lo permite.<\/p>\n<h4 class=\"nds-text pb2-sm css-1m2rxfq e1yhcai00 appearance-title4 color-primary weight-regular\" data-testid=\"benefit-header\">Menos material, m\u00e1s t\u00fa<\/h4>\n<p class=\"nds-text pb4-sm css-ris3xr e1yhcai00 appearance-body2 color-primary weight-regular\" data-testid=\"single-benefit-text\">En un intento por minimizar los desechos mediante un m\u00e9todo eficiente de fabricaci\u00f3n, eliminamos partes de la entresuela, lo cual brinda una sensaci\u00f3n m\u00e1s ligera. Al ubicar la goma de la suela \u00fanicamente en zonas de mayor desgaste, se obtuvo un dise\u00f1o eficiente que te proporciona exactamente lo que necesitas.<\/p>\n<\/div>\n<div data-testid=\"benefit-section\"><\/div>\n<div data-testid=\"benefit-section\">\n<h4 class=\"nds-text pb2-sm css-1m2rxfq e1yhcai00 appearance-title4 color-primary weight-regular\" data-testid=\"benefit-header\">M\u00e1s beneficios<\/h4>\n<ul class=\"ncss-list-ul pb4-sm\" data-testid=\"benefit-list\">\n<li class=\"nds-text ncss-li css-xlkxpi e1yhcai00 appearance-body1 color-primary weight-regular\">La parte superior FlyKnit modificada, con un en\u00e9rgico patr\u00f3n gr\u00e1fico cosido, ofrece un acabado divertido y funcional.<\/li>\n<li class=\"nds-text ncss-li css-xlkxpi e1yhcai00 appearance-body1 color-primary weight-regular\">La parte superior est\u00e1 ubicada estrat\u00e9gicamente por zonas para envolver tu pie y ofrecer contenci\u00f3n y estabilidad durante los movimientos r\u00e1pidos y activos.<\/li>\n<li class=\"nds-text ncss-li css-xlkxpi e1yhcai00 appearance-body1 color-primary weight-regular\">La espuma ligera en la entresuela se someti\u00f3 a un proceso refinado, con el fin de ofrecer una sensaci\u00f3n m\u00e1s suave y c\u00f3moda para el uso diario.<\/li>\n<li class=\"nds-text ncss-li css-xlkxpi e1yhcai00 appearance-body1 color-primary weight-regular\">Las ranuras flexibles en la suela permiten que el pie se flexione con naturalidad.<\/li>\n<li class=\"nds-text ncss-li css-xlkxpi e1yhcai00 appearance-body1 color-primary weight-regular\">La goma de la suela est\u00e1 colocada estrat\u00e9gicamente en la punta, el antepi\u00e9 y el tal\u00f3n para atender las zonas de mayor desgaste y as\u00ed mejorar la durabilidad y seguir proporcionando una tracci\u00f3n confiable y multidireccional.<\/li>\n<\/ul>\n<\/div>\n<div data-testid=\"benefit-section\">\n<h4 class=\"nds-text pb2-sm css-1m2rxfq e1yhcai00 appearance-title4 color-primary weight-regular\" data-testid=\"benefit-header\">Datos del producto<\/h4>\n<ul class=\"ncss-list-ul pb4-sm\" data-testid=\"benefit-list\">\n<li class=\"nds-text ncss-li css-xlkxpi e1yhcai00 appearance-body1 color-primary weight-regular\">Costuras en zigzag<\/li>\n<li class=\"nds-text ncss-li css-xlkxpi e1yhcai00 appearance-body1 color-primary weight-regular\">Dise\u00f1o de Swoosh bordado<\/li>\n<li class=\"nds-text ncss-li css-xlkxpi e1yhcai00 appearance-body1 color-primary weight-regular\">Color que se muestra: Negro\/Blanco\/Plata metalizado<\/li>\n<li class=\"nds-text ncss-li css-xlkxpi e1yhcai00 appearance-body1 color-primary weight-regular\">Estilo: DH3393-010<\/li>\n<\/ul>\n<p>Explora el calzado de entrenamiento para mujer Nike SuperRep Go 3 Flyknit Next Nature<\/p>\n<h3 class=\"nds-text pb4-sm css-11pxkba e1yhcai00 appearance-title3 color-primary weight-regular\">Dise\u00f1o consciente<\/h3>\n<p><img loading=\"lazy\" decoding=\"async\" class=\"alignleft\" src=\"https:\/\/static.nike.com\/a\/images\/t_prod\/w_1920,c_limit,f_auto,q_auto\/66d5d6e5-9afd-437f-97f1-70fd5d29ff88\/pdp-dh3393-010.jpg\" width=\"457\" height=\"275\" \/><\/p>\n<p class=\"nds-text pb2-sm css-8fndfh e1yhcai00 appearance-editorialBody1 color-primary weight-regular\">\n<p>&nbsp;<\/p>\n<p class=\"nds-text pb2-sm css-8fndfh e1yhcai00 appearance-editorialBody1 color-primary weight-regular\">Confeccionada con materiales reciclados, la parte superior Flyknit el\u00e1stica est\u00e1 estrat\u00e9gicamente dividida en zonas para ofrecer una mayor contenci\u00f3n durante los movimientos de lado a lado. La espuma recuperada se combina con Nike Grind finamente molido para ofrecer una entresuela nueva, dise\u00f1ada para mejorar la comodidad, estabilidad y durabilidad.<\/p>\n<h3><\/h3>\n<h3><\/h3>\n<h3 class=\"nds-text pb4-sm css-11pxkba e1yhcai00 appearance-title3 color-primary weight-regular\">Dise\u00f1o plegable. Ligero. Duradero<\/h3>\n<p><img loading=\"lazy\" decoding=\"async\" class=\"alignright\" src=\"https:\/\/static.nike.com\/a\/images\/t_prod\/w_1920,c_limit,f_auto,q_auto\/f963306a-6e1d-47eb-a2b2-3d97972fc8f5\/pdp-dh3393-010.jpg\" width=\"510\" height=\"307\" \/><\/p>\n<p>&nbsp;<\/p>\n<p class=\"nds-text pb2-sm css-8fndfh e1yhcai00 appearance-editorialBody1 color-primary weight-regular\">El dise\u00f1o vers\u00e1til y las modificaciones ligeras de la parte superior, la entresuela y la suela dan como resultado un calzado flexible pensado para mucho m\u00e1s que tu pr\u00f3xima clase de HIIT (entrenamiento de intervalos de alta intensidad). Sirve para hacer tus ejercicios pliom\u00e9tricos m\u00e1s exigentes y es lo suficientemente c\u00f3modo para usarlo en la calle. Y, cuando te lo quites, lo querr\u00e1s tener siempre a mano. La capacidad del nuevo dise\u00f1o para plegarse de manera flexible lo hace m\u00e1s f\u00e1cil.<\/p>\n<\/div>\n<h3><\/h3>\n<h3><\/h3>\n<h3 class=\"nds-text pb4-sm css-11pxkba e1yhcai00 appearance-title3 color-primary weight-regular\">Menos material, m\u00e1s t\u00fa<\/h3>\n<p><img loading=\"lazy\" decoding=\"async\" class=\"alignleft\" src=\"https:\/\/static.nike.com\/a\/images\/t_prod\/w_1920,c_limit,f_auto,q_auto\/d2a4657a-1d11-4ed7-8e74-9bad802ff101\/pdp-dh3393-010.jpg\" width=\"513\" height=\"309\" \/><\/p>\n<p>&nbsp;<\/p>\n<p>&nbsp;<\/p>\n<p class=\"nds-text pb2-sm css-8fndfh e1yhcai00 appearance-editorialBody1 color-primary weight-regular\">En un intento por minimizar los desechos mediante un m\u00e9todo eficiente de fabricaci\u00f3n, eliminamos partes de la entresuela, para ofrecer una sensaci\u00f3n m\u00e1s ligera. Al ubicar la goma de la suela \u00fanicamente en zonas de mayor desgaste, se obtuvo un dise\u00f1o eficiente que te proporciona exactamente lo que necesitas.<\/p>\n","protected":false},"excerpt":{"rendered":"<p>SUPERREP GO 3 FLYNIT NEXT NATURE INTENSIFICA TU ENTRENAMIENTO. Los nuevos Nike SuperRep Go 3 Flyknit tienen un dise\u00f1o radical<\/p>\n","protected":false},"featured_media":63707,"comment_status":"open","ping_status":"closed","template":"","meta":{"nf_dc_page":""},"product_brand":[],"product_cat":[73],"product_tag":[],"class_list":{"0":"post-63706","1":"product","2":"type-product","3":"status-publish","4":"has-post-thumbnail","6":"product_cat-femenino","8":"first","9":"instock","10":"shipping-taxable","11":"purchasable","12":"product-type-simple"},"_links":{"self":[{"href":"https:\/\/brandss.com.py\/index\/wp-json\/wp\/v2\/product\/63706","targetHints":{"allow":["GET"]}}],"collection":[{"href":"https:\/\/brandss.com.py\/index\/wp-json\/wp\/v2\/product"}],"about":[{"href":"https:\/\/brandss.com.py\/index\/wp-json\/wp\/v2\/types\/product"}],"replies":[{"embeddable":true,"href":"https:\/\/brandss.com.py\/index\/wp-json\/wp\/v2\/comments?post=63706"}],"version-history":[{"count":1,"href":"https:\/\/brandss.com.py\/index\/wp-json\/wp\/v2\/product\/63706\/revisions"}],"predecessor-version":[{"id":63719,"href":"https:\/\/brandss.com.py\/index\/wp-json\/wp\/v2\/product\/63706\/revisions\/63719"}],"wp:featuredmedia":[{"embeddable":true,"href":"https:\/\/brandss.com.py\/index\/wp-json\/wp\/v2\/media\/63707"}],"wp:attachment":[{"href":"https:\/\/brandss.com.py\/index\/wp-json\/wp\/v2\/media?parent=63706"}],"wp:term":[{"taxonomy":"product_brand","embeddable":true,"href":"https:\/\/brandss.com.py\/index\/wp-json\/wp\/v2\/product_brand?post=63706"},{"taxonomy":"product_cat","embeddable":true,"href":"https:\/\/brandss.com.py\/index\/wp-json\/wp\/v2\/product_cat?post=63706"},{"taxonomy":"product_tag","embeddable":true,"href":"https:\/\/brandss.com.py\/index\/wp-json\/wp\/v2\/product_tag?post=63706"}],"curies":[{"name":"wp","href":"https:\/\/api.w.org\/{rel}","templated":true}]}}