{"id":63908,"date":"2024-12-16T18:55:00","date_gmt":"2024-12-16T18:55:00","guid":{"rendered":"https:\/\/brandss.com.py\/index\/?post_type=product&#038;p=63908"},"modified":"2024-12-16T18:55:39","modified_gmt":"2024-12-16T18:55:39","slug":"calzado-deportivo-femenino-nike-ryz-365","status":"publish","type":"product","link":"https:\/\/brandss.com.py\/index\/producto\/calzado-deportivo-femenino-nike-ryz-365\/","title":{"rendered":"CALZADO DEPORTIVO FEMENINO NIKE RYZ 365"},"content":{"rendered":"<p><img loading=\"lazy\" decoding=\"async\" class=\"\" src=\"https:\/\/upload.wikimedia.org\/wikipedia\/commons\/thumb\/a\/a6\/Logo_NIKE.svg\/1024px-Logo_NIKE.svg.png\" alt=\"Archivo:Logo NIKE.svg - Wikipedia, la enciclopedia libre\" width=\"70\" height=\"25\" \/><\/p>\n<h1>RYZ 365<\/h1>\n<p>Las Nike RYZ 365 son unos calzados elegantes y con estilo para mujer dise\u00f1adas para ofrecer la m\u00e1xima comodidad y rendimiento. Con su combinaci\u00f3n de colores en blanco , rojo y negro, estos calzados son una opci\u00f3n vers\u00e1til y moderna para cualquier atuendo. Conf\u00eda en la reconocida marca de Nike y disfruta de la combinaci\u00f3n perfecta de estilo y funcionalidad en estos calzados deportivas.<\/p>\n<p>Color: Negro, Rojo, Blanco.<\/p>\n<p>Modelo: <span class=\"rt-align-middle rt-font-weight-semi-bold\"><span>BQ4153-005<\/span><\/span><\/p>\n<p>&nbsp;<\/p>\n","protected":false},"excerpt":{"rendered":"<p>RYZ 365 Las Nike RYZ 365 son unos calzados elegantes y con estilo para mujer dise\u00f1adas para ofrecer la m\u00e1xima<\/p>\n","protected":false},"featured_media":63909,"comment_status":"open","ping_status":"closed","template":"","meta":{"nf_dc_page":""},"product_brand":[],"product_cat":[73],"product_tag":[],"class_list":{"0":"post-63908","1":"product","2":"type-product","3":"status-publish","4":"has-post-thumbnail","6":"product_cat-femenino","8":"first","9":"instock","10":"shipping-taxable","11":"purchasable","12":"product-type-simple"},"_links":{"self":[{"href":"https:\/\/brandss.com.py\/index\/wp-json\/wp\/v2\/product\/63908","targetHints":{"allow":["GET"]}}],"collection":[{"href":"https:\/\/brandss.com.py\/index\/wp-json\/wp\/v2\/product"}],"about":[{"href":"https:\/\/brandss.com.py\/index\/wp-json\/wp\/v2\/types\/product"}],"replies":[{"embeddable":true,"href":"https:\/\/brandss.com.py\/index\/wp-json\/wp\/v2\/comments?post=63908"}],"version-history":[{"count":1,"href":"https:\/\/brandss.com.py\/index\/wp-json\/wp\/v2\/product\/63908\/revisions"}],"predecessor-version":[{"id":63917,"href":"https:\/\/brandss.com.py\/index\/wp-json\/wp\/v2\/product\/63908\/revisions\/63917"}],"wp:featuredmedia":[{"embeddable":true,"href":"https:\/\/brandss.com.py\/index\/wp-json\/wp\/v2\/media\/63909"}],"wp:attachment":[{"href":"https:\/\/brandss.com.py\/index\/wp-json\/wp\/v2\/media?parent=63908"}],"wp:term":[{"taxonomy":"product_brand","embeddable":true,"href":"https:\/\/brandss.com.py\/index\/wp-json\/wp\/v2\/product_brand?post=63908"},{"taxonomy":"product_cat","embeddable":true,"href":"https:\/\/brandss.com.py\/index\/wp-json\/wp\/v2\/product_cat?post=63908"},{"taxonomy":"product_tag","embeddable":true,"href":"https:\/\/brandss.com.py\/index\/wp-json\/wp\/v2\/product_tag?post=63908"}],"curies":[{"name":"wp","href":"https:\/\/api.w.org\/{rel}","templated":true}]}}