{"id":63941,"date":"2024-12-17T11:42:43","date_gmt":"2024-12-17T11:42:43","guid":{"rendered":"https:\/\/brandss.com.py\/index\/?post_type=product&#038;p=63941"},"modified":"2024-12-17T11:43:46","modified_gmt":"2024-12-17T11:43:46","slug":"calzado-deportivo-femenino-nike-legend-essential-2-3","status":"publish","type":"product","link":"https:\/\/brandss.com.py\/index\/producto\/calzado-deportivo-femenino-nike-legend-essential-2-3\/","title":{"rendered":"CALZADO DEPORTIVO FEMENINO NIKE LEGEND ESSENTIAL 2"},"content":{"rendered":"<p><img loading=\"lazy\" decoding=\"async\" class=\"\" src=\"https:\/\/upload.wikimedia.org\/wikipedia\/commons\/thumb\/a\/a6\/Logo_NIKE.svg\/1024px-Logo_NIKE.svg.png\" alt=\"Archivo:Logo NIKE.svg - Wikipedia, la enciclopedia libre\" width=\"78\" height=\"28\" \/><\/p>\n<h1>LEGEND ESSENTIAL 2<\/h1>\n<p><span>\u00bfBuscas un calzado ligero, c\u00f3modo y a la vez duradero para entrenar? Tenemos una excelente propuesta para ti de la marca Nike, es decir, Legend Essential 2. Estos zapatos brindan total libertad de movimiento del pie, lo que se debe a la parte superior de malla con estructura de panal y la suela llena de cortes transversales. Los zapatos estabilizan bien el pie y son muy adhesivos, por lo que son perfectos para el gimnasio, la sala de entrenamiento y para levantar pesas. Todo se mantuvo en colores de moda.<\/span><\/p>\n<p><span>Las Nike Legend Essential 2 vienen equipadas con un tal\u00f3n plano y estable, flexibilidad debajo de los dedos y soporte lateral. Con un gran agarre, est\u00e1s listo para levantar pesas, hacer HIIT, conquistar una clase o hacerte m\u00e1s fuerte en las m\u00e1quinas.<\/span><\/p>\n<p><b class=\"headline-5\"><span>Construido resistente<\/span><\/b><\/p>\n<p><span>La malla de panal de abeja de alta abrasi\u00f3n y las capas duraderas en la parte posterior y los costados le brindan la fuerza necesaria para seguir adelante.<\/span><\/p>\n<p><b class=\"headline-5\"><span>Soporte estable<\/span><\/b><\/p>\n<p><span>El dise\u00f1o ayuda a sujetar el tal\u00f3n sobre una suela plana para brindar estabilidad durante el levantamiento de pesas y las sentadillas. La goma envuelve el exterior para brindar soporte al moverse de lado a lado.<\/span><\/p>\n<p><b class=\"headline-5\"><span>Agarre que perdura<\/span><\/b><\/p>\n<p><span>Las ranuras en la suela debajo de los dedos de los pies la mantienen flexible para hacer flexiones, planchas y ejercicios de agilidad. La tracci\u00f3n con agarre te permite moverte en todo tipo de superficies que encuentres en un gimnasio.<\/span><\/p>\n<p>&nbsp;<\/p>\n<p><strong><span>Detalles<\/span><\/strong><\/p>\n<p>&nbsp;<\/p>\n<ul>\n<li><span>Parte superior: material textil, material sint\u00e9tico<\/span><\/li>\n<li><span>Forro: material textil<\/span><\/li>\n<li><span>Suela: caucho<\/span><\/li>\n<li>Color: Venecia\/Crimson Bliss<\/li>\n<li>Modelo: CQ9545-500<\/li>\n<\/ul>\n","protected":false},"excerpt":{"rendered":"<p>LEGEND ESSENTIAL 2 \u00bfBuscas un calzado ligero, c\u00f3modo y a la vez duradero para entrenar? Tenemos una excelente propuesta para<\/p>\n","protected":false},"featured_media":63942,"comment_status":"open","ping_status":"closed","template":"","meta":{"nf_dc_page":""},"product_brand":[],"product_cat":[73],"product_tag":[],"class_list":{"0":"post-63941","1":"product","2":"type-product","3":"status-publish","4":"has-post-thumbnail","6":"product_cat-femenino","8":"first","9":"instock","10":"shipping-taxable","11":"purchasable","12":"product-type-simple"},"_links":{"self":[{"href":"https:\/\/brandss.com.py\/index\/wp-json\/wp\/v2\/product\/63941","targetHints":{"allow":["GET"]}}],"collection":[{"href":"https:\/\/brandss.com.py\/index\/wp-json\/wp\/v2\/product"}],"about":[{"href":"https:\/\/brandss.com.py\/index\/wp-json\/wp\/v2\/types\/product"}],"replies":[{"embeddable":true,"href":"https:\/\/brandss.com.py\/index\/wp-json\/wp\/v2\/comments?post=63941"}],"version-history":[{"count":1,"href":"https:\/\/brandss.com.py\/index\/wp-json\/wp\/v2\/product\/63941\/revisions"}],"predecessor-version":[{"id":63955,"href":"https:\/\/brandss.com.py\/index\/wp-json\/wp\/v2\/product\/63941\/revisions\/63955"}],"wp:featuredmedia":[{"embeddable":true,"href":"https:\/\/brandss.com.py\/index\/wp-json\/wp\/v2\/media\/63942"}],"wp:attachment":[{"href":"https:\/\/brandss.com.py\/index\/wp-json\/wp\/v2\/media?parent=63941"}],"wp:term":[{"taxonomy":"product_brand","embeddable":true,"href":"https:\/\/brandss.com.py\/index\/wp-json\/wp\/v2\/product_brand?post=63941"},{"taxonomy":"product_cat","embeddable":true,"href":"https:\/\/brandss.com.py\/index\/wp-json\/wp\/v2\/product_cat?post=63941"},{"taxonomy":"product_tag","embeddable":true,"href":"https:\/\/brandss.com.py\/index\/wp-json\/wp\/v2\/product_tag?post=63941"}],"curies":[{"name":"wp","href":"https:\/\/api.w.org\/{rel}","templated":true}]}}