{"id":63980,"date":"2024-12-17T14:30:30","date_gmt":"2024-12-17T14:30:30","guid":{"rendered":"https:\/\/brandss.com.py\/index\/?post_type=product&#038;p=63980"},"modified":"2024-12-17T16:59:09","modified_gmt":"2024-12-17T16:59:09","slug":"camiseta-polo-masculino-hugo-boss-pallas-regular-fit-mangas-cortas-3","status":"publish","type":"product","link":"https:\/\/brandss.com.py\/index\/producto\/camiseta-polo-masculino-hugo-boss-pallas-regular-fit-mangas-cortas-3\/","title":{"rendered":"CAMISETA POLO MASCULINO HUGO BOSS PALLAS REGULAR FIT MANGAS CORTAS"},"content":{"rendered":"<p><img loading=\"lazy\" decoding=\"async\" class=\"\" src=\"https:\/\/1000marcas.net\/wp-content\/uploads\/2020\/03\/Hugo-Boss-Logo-old.png\" alt=\"Hugo Boss Logo - s\u00edmbolo, significado logotipo, historia, PNG\" width=\"59\" height=\"33\" \/><\/p>\n<h1>PALLAS<\/h1>\n<div class=\"pdp-stage__accordion-description\">Un aut\u00e9ntico polo de BOSS Menswear. Este polo de corte regular, con el logotipo bordado en el pecho izquierdo, est\u00e1 confeccionado en piqu\u00e9 de algod\u00f3n transpirable. Este producto est\u00e1 elaborado con algod\u00f3n org\u00e1nico. Nuestros est\u00e1ndares org\u00e1nicos no permiten el uso de fertilizantes sint\u00e9ticos, pesticidas o semillas modificadas gen\u00e9ticamente.<\/div>\n<p>Ajuste regular<\/p>\n<p>Cuello de punto plano<\/p>\n<p>N\u00famero de botones: 2<\/p>\n<p>Mangas cortas<\/p>\n<p>Largo est\u00e1ndar<\/p>\n<p>Color: Verde Oscuro.<\/p>\n<p>Modelo: 50468362<\/p>\n<h4>Instrucciones de calidad y cuidado<\/h4>\n<p>Calidad: 100% Algod\u00f3n<br \/>\nLavado suave y fino a 30 \u00b0C<br \/>\nNo usa blanqueador<br \/>\nNo secar en secadora<br \/>\nPlancha a baja temperatura<br \/>\nNo limpiar en seco con productos qu\u00edmicos.<\/p>\n","protected":false},"excerpt":{"rendered":"<p>PALLAS Un aut\u00e9ntico polo de BOSS Menswear. Este polo de corte regular, con el logotipo bordado en el pecho izquierdo,<\/p>\n","protected":false},"featured_media":63981,"comment_status":"open","ping_status":"closed","template":"","meta":{"nf_dc_page":""},"product_brand":[],"product_cat":[76],"product_tag":[],"class_list":{"0":"post-63980","1":"product","2":"type-product","3":"status-publish","4":"has-post-thumbnail","6":"product_cat-masculino","8":"first","9":"instock","10":"shipping-taxable","11":"purchasable","12":"product-type-simple"},"_links":{"self":[{"href":"https:\/\/brandss.com.py\/index\/wp-json\/wp\/v2\/product\/63980","targetHints":{"allow":["GET"]}}],"collection":[{"href":"https:\/\/brandss.com.py\/index\/wp-json\/wp\/v2\/product"}],"about":[{"href":"https:\/\/brandss.com.py\/index\/wp-json\/wp\/v2\/types\/product"}],"replies":[{"embeddable":true,"href":"https:\/\/brandss.com.py\/index\/wp-json\/wp\/v2\/comments?post=63980"}],"version-history":[{"count":2,"href":"https:\/\/brandss.com.py\/index\/wp-json\/wp\/v2\/product\/63980\/revisions"}],"predecessor-version":[{"id":64018,"href":"https:\/\/brandss.com.py\/index\/wp-json\/wp\/v2\/product\/63980\/revisions\/64018"}],"wp:featuredmedia":[{"embeddable":true,"href":"https:\/\/brandss.com.py\/index\/wp-json\/wp\/v2\/media\/63981"}],"wp:attachment":[{"href":"https:\/\/brandss.com.py\/index\/wp-json\/wp\/v2\/media?parent=63980"}],"wp:term":[{"taxonomy":"product_brand","embeddable":true,"href":"https:\/\/brandss.com.py\/index\/wp-json\/wp\/v2\/product_brand?post=63980"},{"taxonomy":"product_cat","embeddable":true,"href":"https:\/\/brandss.com.py\/index\/wp-json\/wp\/v2\/product_cat?post=63980"},{"taxonomy":"product_tag","embeddable":true,"href":"https:\/\/brandss.com.py\/index\/wp-json\/wp\/v2\/product_tag?post=63980"}],"curies":[{"name":"wp","href":"https:\/\/api.w.org\/{rel}","templated":true}]}}