{"id":64028,"date":"2024-12-17T18:24:33","date_gmt":"2024-12-17T18:24:33","guid":{"rendered":"https:\/\/brandss.com.py\/index\/?post_type=product&#038;p=64028"},"modified":"2024-12-17T18:25:06","modified_gmt":"2024-12-17T18:25:06","slug":"camiseta-polo-masculino-hugo-boss-paddy-regular-fit-mangas-cortas","status":"publish","type":"product","link":"https:\/\/brandss.com.py\/index\/producto\/camiseta-polo-masculino-hugo-boss-paddy-regular-fit-mangas-cortas\/","title":{"rendered":"CAMISETA POLO MASCULINO HUGO BOSS PADDY REGULAR FIT MANGAS CORTAS"},"content":{"rendered":"<p><img loading=\"lazy\" decoding=\"async\" class=\"\" src=\"https:\/\/1000marcas.net\/wp-content\/uploads\/2020\/03\/Hugo-Boss-Logo-old.png\" alt=\"Hugo Boss Logo - s\u00edmbolo, significado logotipo, historia, PNG\" width=\"62\" height=\"35\" \/><\/p>\n<h1>PADDY<\/h1>\n<p>&nbsp;<\/p>\n<p>Un polo de corte est\u00e1ndar de BOSS Hombre, confeccionado en piqu\u00e9 de algod\u00f3n moulin\u00e9 con detalles de colores deportivos y la marca bordada y ribete deportivo.<\/p>\n<p>Regular fit<\/p>\n<p>Cuello de piqu\u00e9<\/p>\n<p>N\u00famero de botones: 3<\/p>\n<p>Manga corta<\/p>\n<p>Pu\u00f1os de piqu\u00e9<\/p>\n<p>Largo est\u00e1ndar<\/p>\n<p>Color: Gris Oscuro\/ Azul Marino\/ Azul claro<\/p>\n<p>Modelo: 50510494<\/p>\n","protected":false},"excerpt":{"rendered":"<p>PADDY &nbsp; Un polo de corte est\u00e1ndar de BOSS Hombre, confeccionado en piqu\u00e9 de algod\u00f3n moulin\u00e9 con detalles de colores<\/p>\n","protected":false},"featured_media":64029,"comment_status":"open","ping_status":"closed","template":"","meta":{"nf_dc_page":""},"product_brand":[],"product_cat":[76],"product_tag":[],"class_list":{"0":"post-64028","1":"product","2":"type-product","3":"status-publish","4":"has-post-thumbnail","6":"product_cat-masculino","8":"first","9":"instock","10":"shipping-taxable","11":"purchasable","12":"product-type-simple"},"_links":{"self":[{"href":"https:\/\/brandss.com.py\/index\/wp-json\/wp\/v2\/product\/64028","targetHints":{"allow":["GET"]}}],"collection":[{"href":"https:\/\/brandss.com.py\/index\/wp-json\/wp\/v2\/product"}],"about":[{"href":"https:\/\/brandss.com.py\/index\/wp-json\/wp\/v2\/types\/product"}],"replies":[{"embeddable":true,"href":"https:\/\/brandss.com.py\/index\/wp-json\/wp\/v2\/comments?post=64028"}],"version-history":[{"count":1,"href":"https:\/\/brandss.com.py\/index\/wp-json\/wp\/v2\/product\/64028\/revisions"}],"predecessor-version":[{"id":64034,"href":"https:\/\/brandss.com.py\/index\/wp-json\/wp\/v2\/product\/64028\/revisions\/64034"}],"wp:featuredmedia":[{"embeddable":true,"href":"https:\/\/brandss.com.py\/index\/wp-json\/wp\/v2\/media\/64029"}],"wp:attachment":[{"href":"https:\/\/brandss.com.py\/index\/wp-json\/wp\/v2\/media?parent=64028"}],"wp:term":[{"taxonomy":"product_brand","embeddable":true,"href":"https:\/\/brandss.com.py\/index\/wp-json\/wp\/v2\/product_brand?post=64028"},{"taxonomy":"product_cat","embeddable":true,"href":"https:\/\/brandss.com.py\/index\/wp-json\/wp\/v2\/product_cat?post=64028"},{"taxonomy":"product_tag","embeddable":true,"href":"https:\/\/brandss.com.py\/index\/wp-json\/wp\/v2\/product_tag?post=64028"}],"curies":[{"name":"wp","href":"https:\/\/api.w.org\/{rel}","templated":true}]}}