{"id":64042,"date":"2024-12-18T11:06:20","date_gmt":"2024-12-18T11:06:20","guid":{"rendered":"https:\/\/brandss.com.py\/index\/?post_type=product&#038;p=64042"},"modified":"2024-12-18T13:38:03","modified_gmt":"2024-12-18T13:38:03","slug":"calzado-deportivo-femenino-hugo-boss-brenta-tenn-sd","status":"publish","type":"product","link":"https:\/\/brandss.com.py\/index\/producto\/calzado-deportivo-femenino-hugo-boss-brenta-tenn-sd\/","title":{"rendered":"CALZADO DEPORTIVO FEMENINO HUGO BOSS BRENTA TENN SD"},"content":{"rendered":"<p><img loading=\"lazy\" decoding=\"async\" class=\"\" src=\"https:\/\/images.seeklogo.com\/logo-png\/20\/1\/hugo-boss-logo-png_seeklogo-207549.png?v=638687157800000000\" alt=\"Hugo Boss Logo PNG Vectors Free Download\" width=\"94\" height=\"94\" \/><\/p>\n<h1>BRENTA TENN SD<\/h1>\n<div class=\"pdp-stage__accordion-style-number font--sub2\"><\/div>\n<div class=\"pdp-stage__accordion-description\"><span>Calzados deportivos sencillos de BOSS fabricadas en Portugal con ante suave y con el logotipo en tono dorado grabado en el lateral y la leng\u00fceta. Buscamos continuamente formas m\u00e1s responsables de producir y terminar nuestros productos. Un m\u00ednimo del 60 % del cuero utilizado para fabricar este producto procede de curtidur\u00edas certificadas.<\/span><\/div>\n<div>Color: Gris Claro<\/div>\n<div>Modelo: 50513569<\/div>\n<div>Composici\u00f3n:<\/div>\n<div>Material superior: 100% Piel de vacuno,<\/div>\n<div>Forro: 100% Piel de vacuno, 100% Poli\u00e9ster,<\/div>\n<div>Suela: 100% Caucho sint\u00e9tico,<\/div>\n<div>Plantilla: 100% Piel de vacuno<\/div>\n","protected":false},"excerpt":{"rendered":"<p>BRENTA TENN SD Calzados deportivos sencillos de BOSS fabricadas en Portugal con ante suave y con el logotipo en tono<\/p>\n","protected":false},"featured_media":64043,"comment_status":"open","ping_status":"closed","template":"","meta":{"nf_dc_page":""},"product_brand":[],"product_cat":[73],"product_tag":[],"class_list":{"0":"post-64042","1":"product","2":"type-product","3":"status-publish","4":"has-post-thumbnail","6":"product_cat-femenino","8":"first","9":"instock","10":"shipping-taxable","11":"purchasable","12":"product-type-simple"},"_links":{"self":[{"href":"https:\/\/brandss.com.py\/index\/wp-json\/wp\/v2\/product\/64042","targetHints":{"allow":["GET"]}}],"collection":[{"href":"https:\/\/brandss.com.py\/index\/wp-json\/wp\/v2\/product"}],"about":[{"href":"https:\/\/brandss.com.py\/index\/wp-json\/wp\/v2\/types\/product"}],"replies":[{"embeddable":true,"href":"https:\/\/brandss.com.py\/index\/wp-json\/wp\/v2\/comments?post=64042"}],"version-history":[{"count":1,"href":"https:\/\/brandss.com.py\/index\/wp-json\/wp\/v2\/product\/64042\/revisions"}],"predecessor-version":[{"id":64049,"href":"https:\/\/brandss.com.py\/index\/wp-json\/wp\/v2\/product\/64042\/revisions\/64049"}],"wp:featuredmedia":[{"embeddable":true,"href":"https:\/\/brandss.com.py\/index\/wp-json\/wp\/v2\/media\/64043"}],"wp:attachment":[{"href":"https:\/\/brandss.com.py\/index\/wp-json\/wp\/v2\/media?parent=64042"}],"wp:term":[{"taxonomy":"product_brand","embeddable":true,"href":"https:\/\/brandss.com.py\/index\/wp-json\/wp\/v2\/product_brand?post=64042"},{"taxonomy":"product_cat","embeddable":true,"href":"https:\/\/brandss.com.py\/index\/wp-json\/wp\/v2\/product_cat?post=64042"},{"taxonomy":"product_tag","embeddable":true,"href":"https:\/\/brandss.com.py\/index\/wp-json\/wp\/v2\/product_tag?post=64042"}],"curies":[{"name":"wp","href":"https:\/\/api.w.org\/{rel}","templated":true}]}}