{"id":64219,"date":"2024-12-19T18:30:58","date_gmt":"2024-12-19T18:30:58","guid":{"rendered":"https:\/\/brandss.com.py\/index\/?post_type=product&#038;p=64219"},"modified":"2025-10-16T19:15:50","modified_gmt":"2025-10-16T19:15:50","slug":"cepillo-secador-dsp-de-pelo-automatico-4-en-1","status":"publish","type":"product","link":"https:\/\/brandss.com.py\/index\/producto\/cepillo-secador-dsp-de-pelo-automatico-4-en-1\/","title":{"rendered":"CEPILLO SECADOR DSP DE PELO AUTOM\u00c1TICO 4 EN 1"},"content":{"rendered":"<p><img loading=\"lazy\" decoding=\"async\" class=\"\" src=\"https:\/\/e2uf378gvwx.exactdn.com\/wp-content\/uploads\/2024\/03\/dsp-LOGO.png?strip=all&amp;lossy=1&amp;ssl=1\" alt=\"DSP Coffee Maker KA3024 for Filtered Coffee - M2 Home\" width=\"71\" height=\"36\" \/><\/p>\n<h1>50001<\/h1>\n<p>Peine-cepillo secador de pelo con accesorio giratorio para peinar y rizar el cabello con ionizaci\u00f3n autom\u00e1tica 4 en 1 DSP 1200W <span>es un cepillo secador de pelo multifuncional con cuatro accesorios de diferentes tama\u00f1os para satisfacer sus necesidades de peinado.<\/span><\/p>\n<p>Sirve como secador de pelo, voluminizador, rizador y alisador, lo que le permite crear peinados hermosos de manera efectiva, ahorrando tiempo y dinero.<\/p>\n<p><span>El dise\u00f1o avanzado de reducci\u00f3n de ruido proporciona un ambiente m\u00e1s silencioso y c\u00f3modo. Los accesorios extra\u00edbles para el secador de pelo son f\u00e1ciles de sostener y transportar, lo cual es muy importante cuando se viaja.<\/span><\/p>\n<p><strong><span>Caracter\u00edsticas:<\/span><\/strong><\/p>\n<ul>\n<li><span>Potencia 1200W<\/span><\/li>\n<li><span>velocidad de rotaci\u00f3n 120 rpm<\/span><\/li>\n<li><span>Con funci\u00f3n de aire fr\u00edo<\/span><\/li>\n<li><span>Rotaci\u00f3n de la boquilla en dos direcciones.<\/span><\/li>\n<li><span>N\u00famero de velocidades: 3<\/span><\/li>\n<li><span>Lazo para colgar<\/span><\/li>\n<li><span>Gira el cable 360 \u200b\u200bgrados.<\/span><\/li>\n<li><span>Potencia: 220-240V ~ 50\/60Hz<\/span><\/li>\n<\/ul>\n<p><strong><span>Equipo:<\/span><\/strong><\/p>\n<ul>\n<li><span>Cepillo secador de pelo 4 en 1 DSP<\/span><\/li>\n<li><span>Accesorio de cepillo alisador<\/span><\/li>\n<li><span>Boquilla concentradora<\/span><\/li>\n<li><span>Accesorio de cepillo para rizar<\/span><\/li>\n<li><span>Accesorio de cepillo rizador estrecho<\/span><\/li>\n<li><span>Instrucciones<\/span><\/li>\n<li><span>Embalaje de regalo de f\u00e1brica.<\/span><\/li>\n<\/ul>\n","protected":false},"excerpt":{"rendered":"<p>50001 Peine-cepillo secador de pelo con accesorio giratorio para peinar y rizar el cabello con ionizaci\u00f3n autom\u00e1tica 4 en 1<\/p>\n","protected":false},"featured_media":64220,"comment_status":"open","ping_status":"closed","template":"","meta":{"nf_dc_page":""},"product_brand":[],"product_cat":[74],"product_tag":[],"class_list":{"0":"post-64219","1":"product","2":"type-product","3":"status-publish","4":"has-post-thumbnail","6":"product_cat-accesorios-fem","8":"first","9":"instock","10":"shipping-taxable","11":"purchasable","12":"product-type-simple"},"_links":{"self":[{"href":"https:\/\/brandss.com.py\/index\/wp-json\/wp\/v2\/product\/64219","targetHints":{"allow":["GET"]}}],"collection":[{"href":"https:\/\/brandss.com.py\/index\/wp-json\/wp\/v2\/product"}],"about":[{"href":"https:\/\/brandss.com.py\/index\/wp-json\/wp\/v2\/types\/product"}],"replies":[{"embeddable":true,"href":"https:\/\/brandss.com.py\/index\/wp-json\/wp\/v2\/comments?post=64219"}],"version-history":[{"count":1,"href":"https:\/\/brandss.com.py\/index\/wp-json\/wp\/v2\/product\/64219\/revisions"}],"predecessor-version":[{"id":64234,"href":"https:\/\/brandss.com.py\/index\/wp-json\/wp\/v2\/product\/64219\/revisions\/64234"}],"wp:featuredmedia":[{"embeddable":true,"href":"https:\/\/brandss.com.py\/index\/wp-json\/wp\/v2\/media\/64220"}],"wp:attachment":[{"href":"https:\/\/brandss.com.py\/index\/wp-json\/wp\/v2\/media?parent=64219"}],"wp:term":[{"taxonomy":"product_brand","embeddable":true,"href":"https:\/\/brandss.com.py\/index\/wp-json\/wp\/v2\/product_brand?post=64219"},{"taxonomy":"product_cat","embeddable":true,"href":"https:\/\/brandss.com.py\/index\/wp-json\/wp\/v2\/product_cat?post=64219"},{"taxonomy":"product_tag","embeddable":true,"href":"https:\/\/brandss.com.py\/index\/wp-json\/wp\/v2\/product_tag?post=64219"}],"curies":[{"name":"wp","href":"https:\/\/api.w.org\/{rel}","templated":true}]}}