{"id":64236,"date":"2024-12-20T10:44:38","date_gmt":"2024-12-20T10:44:38","guid":{"rendered":"https:\/\/brandss.com.py\/index\/?post_type=product&#038;p=64236"},"modified":"2024-12-20T10:48:43","modified_gmt":"2024-12-20T10:48:43","slug":"afeitadora-electrica-dsp-rotativa-con-pantalla-led-resistente-al-agua","status":"publish","type":"product","link":"https:\/\/brandss.com.py\/index\/producto\/afeitadora-electrica-dsp-rotativa-con-pantalla-led-resistente-al-agua\/","title":{"rendered":"AFEITADORA EL\u00c9CTRICA DSP ROTATIVA CON PANTALLA LED RESISTENTE AL AGUA"},"content":{"rendered":"<p><img loading=\"lazy\" decoding=\"async\" class=\"\" src=\"https:\/\/e2uf378gvwx.exactdn.com\/wp-content\/uploads\/2024\/03\/dsp-LOGO.png?strip=all&amp;lossy=1&amp;ssl=1\" alt=\"DSP Coffee Maker KA3024 for Filtered Coffee - M2 Home\" width=\"64\" height=\"32\" \/><\/p>\n<h1>60017<\/h1>\n<ul>\n<li>Afeitadora recargable resistente al agua<\/li>\n<li>Este modelo cuenta con una recortadora incorporada, 3 cabezales de afeitado flotantes que entran en m\u00e1ximo contacto con la piel del rostro, proporcionando un afeitado c\u00f3modo y f\u00e1cil.<\/li>\n<li>Rendimiento alto<\/li>\n<li>Bajo nivel de ruido<\/li>\n<li>Porcentaje de visualizaci\u00f3n de la luz LED de carga<\/li>\n<li>Tiempo de funcionamiento de la bater\u00eda de hasta 120 minutos<\/li>\n<li>Tiempo de carga de hasta 2 horas<\/li>\n<li>Se puede alimentar<\/li>\n<li>Carcasa a prueba de humedad<\/li>\n<li>Pantalla LED que muestra el nivel de carga de la bater\u00eda y sensores de limpieza de cuchillas<\/li>\n<li>Modo de bloqueo<\/li>\n<li>3 cabezales flotantes con cuchillas dobles<\/li>\n<\/ul>\n<p><strong>Presupuesto:<\/strong><\/p>\n<ul>\n<li>Marca: DSP<\/li>\n<li>Modelo: 60017<\/li>\n<li>Tiempo de funcionamiento: hasta 65 minutos<\/li>\n<li>Tiempo de carga: 2-3 horas<\/li>\n<li>Potencia: 5W<\/li>\n<li>Impermeable<\/li>\n<\/ul>\n<h4>Equipo:<\/h4>\n<p>Afeitadora el\u00e9ctrica<br \/>\nFunda protectora<br \/>\nCable USB<br \/>\nEstuche para almacenamiento y transporte<br \/>\nCepillo de limpieza<\/p>\n","protected":false},"excerpt":{"rendered":"<p>60017 Afeitadora recargable resistente al agua Este modelo cuenta con una recortadora incorporada, 3 cabezales de afeitado flotantes que entran<\/p>\n","protected":false},"featured_media":64237,"comment_status":"open","ping_status":"closed","template":"","meta":{"nf_dc_page":""},"product_brand":[],"product_cat":[77],"product_tag":[],"class_list":{"0":"post-64236","1":"product","2":"type-product","3":"status-publish","4":"has-post-thumbnail","6":"product_cat-accesorios-masc","8":"first","9":"instock","10":"shipping-taxable","11":"purchasable","12":"product-type-simple"},"_links":{"self":[{"href":"https:\/\/brandss.com.py\/index\/wp-json\/wp\/v2\/product\/64236","targetHints":{"allow":["GET"]}}],"collection":[{"href":"https:\/\/brandss.com.py\/index\/wp-json\/wp\/v2\/product"}],"about":[{"href":"https:\/\/brandss.com.py\/index\/wp-json\/wp\/v2\/types\/product"}],"replies":[{"embeddable":true,"href":"https:\/\/brandss.com.py\/index\/wp-json\/wp\/v2\/comments?post=64236"}],"version-history":[{"count":2,"href":"https:\/\/brandss.com.py\/index\/wp-json\/wp\/v2\/product\/64236\/revisions"}],"predecessor-version":[{"id":64249,"href":"https:\/\/brandss.com.py\/index\/wp-json\/wp\/v2\/product\/64236\/revisions\/64249"}],"wp:featuredmedia":[{"embeddable":true,"href":"https:\/\/brandss.com.py\/index\/wp-json\/wp\/v2\/media\/64237"}],"wp:attachment":[{"href":"https:\/\/brandss.com.py\/index\/wp-json\/wp\/v2\/media?parent=64236"}],"wp:term":[{"taxonomy":"product_brand","embeddable":true,"href":"https:\/\/brandss.com.py\/index\/wp-json\/wp\/v2\/product_brand?post=64236"},{"taxonomy":"product_cat","embeddable":true,"href":"https:\/\/brandss.com.py\/index\/wp-json\/wp\/v2\/product_cat?post=64236"},{"taxonomy":"product_tag","embeddable":true,"href":"https:\/\/brandss.com.py\/index\/wp-json\/wp\/v2\/product_tag?post=64236"}],"curies":[{"name":"wp","href":"https:\/\/api.w.org\/{rel}","templated":true}]}}