{"id":64266,"date":"2024-12-20T17:40:27","date_gmt":"2024-12-20T17:40:27","guid":{"rendered":"https:\/\/brandss.com.py\/index\/?post_type=product&#038;p=64266"},"modified":"2024-12-20T17:41:10","modified_gmt":"2024-12-20T17:41:10","slug":"afeitadora-electrica-dsp-rotativa-para-afeitado-seco-y-hemedo","status":"publish","type":"product","link":"https:\/\/brandss.com.py\/index\/producto\/afeitadora-electrica-dsp-rotativa-para-afeitado-seco-y-hemedo\/","title":{"rendered":"AFEITADORA EL\u00c9CTRICA DSP ROTATIVA PARA AFEITADO SECO Y H\u00c9MEDO"},"content":{"rendered":"<p><img loading=\"lazy\" decoding=\"async\" class=\"\" src=\"https:\/\/e2uf378gvwx.exactdn.com\/wp-content\/uploads\/2024\/03\/dsp-LOGO.png?strip=all&amp;lossy=1&amp;ssl=1\" alt=\"DSP Coffee Maker KA3024 for Filtered Coffee - M2 Home\" width=\"65\" height=\"33\" \/><\/p>\n<h1>60081<\/h1>\n<p><span>La afeitadora el\u00e9ctrica inal\u00e1mbrica DSP 60081 es un modelo moderno, elegante y con estilo, con un dise\u00f1o ergon\u00f3mico que la hace sencilla y c\u00f3moda de usar. La maquinilla de afeitar se convertir\u00e1 en una ayuda diaria para los hombres que prestan la debida atenci\u00f3n a su apariencia.<\/span><\/p>\n<p><span>La maquinilla de afeitar proporciona\u00a0<\/span>un afeitado seguro y de alta calidad sin irritaci\u00f3n ni cortes<span>. La afeitadora el\u00e9ctrica DSP 60081 est\u00e1 equipada con tres cuchillas flotantes con tecnolog\u00eda \u201cHyperFlex\u201d, que garantiza un ajuste perfecto a la piel, siguiendo absolutamente los contornos de la cara y el cuello y corta el vello de forma suave y sin dolor incluso en lugares de dif\u00edcil acceso: las comisuras de la boca, mand\u00edbula y cuello, proporcionando excelentes resultados de afeitado.<\/span><\/p>\n<p><span>El bot\u00f3n de encendido est\u00e1 ubicado de manera que puedas controlar la afeitadora el\u00e9ctrica con una mano. La afeitadora el\u00e9ctrica funciona con una bater\u00eda incorporada que dura hasta 50 minutos.\u00a0<\/span>El tama\u00f1o compacto de la afeitadora te permitir\u00e1 llevar la afeitadora el\u00e9ctrica contigo<span>\u00a0en viajes, viajes de negocios o viajes.<\/span><\/p>\n<p><strong><span>Presupuesto:<\/span><\/strong><\/p>\n<ul>\n<li><span>Potencia: 3W.<\/span><\/li>\n<li><span>Alimentaci\u00f3n: Bater\u00eda\/Red.<\/span><\/li>\n<li><span>Duraci\u00f3n de la bater\u00eda: hasta 50 minutos (declarada por el fabricante).<\/span><\/li>\n<li><span>Tiempo de carga de la bater\u00eda: 8 horas.<\/span><\/li>\n<li><span>Tipo de bater\u00eda: Ni-Cd.<\/span><\/li>\n<li><span>Capacidad de la bater\u00eda: 600 mAh.<\/span><\/li>\n<li><span>Resistente al agua: IPX4 (las cuchillas se pueden lavar bajo el agua).<\/span><\/li>\n<li><span>Material de la hoja: Acero inoxidable.<\/span><\/li>\n<li><span>Material de la caja: pl\u00e1stico ABS.<\/span><\/li>\n<li><span>Dimensiones: 15,5 x 6,5 cm.<\/span><\/li>\n<\/ul>\n<p><strong><span>Equipo:<\/span><\/strong><\/p>\n<ol>\n<li><span>afeitadora el\u00e9ctrica DSP<\/span><\/li>\n<li><span>tapa protectora<\/span><\/li>\n<li><span>cepillo de limpieza<\/span><\/li>\n<li><span>embalaje de f\u00e1brica<\/span><\/li>\n<\/ol>\n","protected":false},"excerpt":{"rendered":"<p>60081 La afeitadora el\u00e9ctrica inal\u00e1mbrica DSP 60081 es un modelo moderno, elegante y con estilo, con un dise\u00f1o ergon\u00f3mico que<\/p>\n","protected":false},"featured_media":64267,"comment_status":"open","ping_status":"closed","template":"","meta":{"nf_dc_page":""},"product_brand":[],"product_cat":[77],"product_tag":[],"class_list":{"0":"post-64266","1":"product","2":"type-product","3":"status-publish","4":"has-post-thumbnail","6":"product_cat-accesorios-masc","8":"first","9":"instock","10":"shipping-taxable","11":"purchasable","12":"product-type-simple"},"_links":{"self":[{"href":"https:\/\/brandss.com.py\/index\/wp-json\/wp\/v2\/product\/64266","targetHints":{"allow":["GET"]}}],"collection":[{"href":"https:\/\/brandss.com.py\/index\/wp-json\/wp\/v2\/product"}],"about":[{"href":"https:\/\/brandss.com.py\/index\/wp-json\/wp\/v2\/types\/product"}],"replies":[{"embeddable":true,"href":"https:\/\/brandss.com.py\/index\/wp-json\/wp\/v2\/comments?post=64266"}],"version-history":[{"count":1,"href":"https:\/\/brandss.com.py\/index\/wp-json\/wp\/v2\/product\/64266\/revisions"}],"predecessor-version":[{"id":64280,"href":"https:\/\/brandss.com.py\/index\/wp-json\/wp\/v2\/product\/64266\/revisions\/64280"}],"wp:featuredmedia":[{"embeddable":true,"href":"https:\/\/brandss.com.py\/index\/wp-json\/wp\/v2\/media\/64267"}],"wp:attachment":[{"href":"https:\/\/brandss.com.py\/index\/wp-json\/wp\/v2\/media?parent=64266"}],"wp:term":[{"taxonomy":"product_brand","embeddable":true,"href":"https:\/\/brandss.com.py\/index\/wp-json\/wp\/v2\/product_brand?post=64266"},{"taxonomy":"product_cat","embeddable":true,"href":"https:\/\/brandss.com.py\/index\/wp-json\/wp\/v2\/product_cat?post=64266"},{"taxonomy":"product_tag","embeddable":true,"href":"https:\/\/brandss.com.py\/index\/wp-json\/wp\/v2\/product_tag?post=64266"}],"curies":[{"name":"wp","href":"https:\/\/api.w.org\/{rel}","templated":true}]}}