{"id":64325,"date":"2024-12-21T13:01:07","date_gmt":"2024-12-21T13:01:07","guid":{"rendered":"https:\/\/brandss.com.py\/index\/?post_type=product&#038;p=64325"},"modified":"2024-12-21T13:01:58","modified_gmt":"2024-12-21T13:01:58","slug":"calzado-casual-masculino-hugo-boss-xeno-runn-rfmx","status":"publish","type":"product","link":"https:\/\/brandss.com.py\/index\/producto\/calzado-casual-masculino-hugo-boss-xeno-runn-rfmx\/","title":{"rendered":"CALZADO CASUAL MASCULINO HUGO BOSS XENO RUNN RFMX"},"content":{"rendered":"<p><img loading=\"lazy\" decoding=\"async\" class=\"\" src=\"https:\/\/upload.wikimedia.org\/wikipedia\/commons\/7\/73\/Hugo-Boss-Logo.svg\" alt=\"Archivo:Hugo-Boss-Logo.svg - Wikipedia, la enciclopedia libre\" width=\"67\" height=\"25\" \/><\/p>\n<h1>XENO RUNN RFMX<\/h1>\n<p>&nbsp;<\/p>\n<p><span>Calzados modernos con suela voluminosa. Se utiliza un material de malla transparente para la parte superior y un reflector como acento en la parte posterior del tal\u00f3n.<\/span><br \/>\n<span>HUGO menswear propone dise\u00f1os innovadores. Un estilo para aquellos que crean tendencias en lugar de seguirlas, permitiendo infinitas posibilidades de estilo con todo, desde denim y jersey hasta prendas de abrigo. El mantra de estilo de HUGO es ser aut\u00e9ntico, ser fiel a uno mismo y seguir adelante.<\/span><\/p>\n<p><span>Elija el tama\u00f1o y la forma que se adapte a sus pies. El uso de elementos inadecuados puede perjudicar su salud. Tenga cuidado con suelos mojados o zonas resbaladizas. Tenga en cuenta que el color puede transferirse a otros objetos debido a la fricci\u00f3n, el sudor, la lluvia, etc.<\/span><br \/>\n<span>Para evitar que los accesorios met\u00e1licos se oxiden o decoloren, l\u00edmpielos suavemente con un pa\u00f1o suave despu\u00e9s de su uso. Evite almacenarlo bajo la luz solar directa y en lugares c\u00e1lidos y h\u00famedos. Como se trata de un producto delicado, tenga en cuenta que aplicar fuerza excesiva a la unidad principal y a los accesorios puede causar da\u00f1os y no ser reparables.<\/span><br \/>\n<span>La suela y el elevador son art\u00edculos consumibles, as\u00ed que rep\u00e1relos de manera oportuna.<\/span><br \/>\n<span>Las piezas de poliuretano y los adhesivos de resina de poliuretano se deteriorar\u00e1n naturalmente independientemente de la frecuencia con la que se utilicen (incluso si se almacenan sin utilizar durante mucho tiempo).<\/span><br \/>\n<span>Si se moja por la lluvia, l\u00edmpielo con un pa\u00f1o suave y s\u00e9quelo a la sombra.<\/span><\/p>\n<p>Color: Negro<\/p>\n<p>Modelo: 50503042<\/p>\n","protected":false},"excerpt":{"rendered":"<p>XENO RUNN RFMX &nbsp; Calzados modernos con suela voluminosa. Se utiliza un material de malla transparente para la parte superior<\/p>\n","protected":false},"featured_media":64326,"comment_status":"open","ping_status":"closed","template":"","meta":{"nf_dc_page":""},"product_brand":[],"product_cat":[76],"product_tag":[],"class_list":{"0":"post-64325","1":"product","2":"type-product","3":"status-publish","4":"has-post-thumbnail","6":"product_cat-masculino","8":"first","9":"instock","10":"shipping-taxable","11":"purchasable","12":"product-type-simple"},"_links":{"self":[{"href":"https:\/\/brandss.com.py\/index\/wp-json\/wp\/v2\/product\/64325","targetHints":{"allow":["GET"]}}],"collection":[{"href":"https:\/\/brandss.com.py\/index\/wp-json\/wp\/v2\/product"}],"about":[{"href":"https:\/\/brandss.com.py\/index\/wp-json\/wp\/v2\/types\/product"}],"replies":[{"embeddable":true,"href":"https:\/\/brandss.com.py\/index\/wp-json\/wp\/v2\/comments?post=64325"}],"version-history":[{"count":1,"href":"https:\/\/brandss.com.py\/index\/wp-json\/wp\/v2\/product\/64325\/revisions"}],"predecessor-version":[{"id":64335,"href":"https:\/\/brandss.com.py\/index\/wp-json\/wp\/v2\/product\/64325\/revisions\/64335"}],"wp:featuredmedia":[{"embeddable":true,"href":"https:\/\/brandss.com.py\/index\/wp-json\/wp\/v2\/media\/64326"}],"wp:attachment":[{"href":"https:\/\/brandss.com.py\/index\/wp-json\/wp\/v2\/media?parent=64325"}],"wp:term":[{"taxonomy":"product_brand","embeddable":true,"href":"https:\/\/brandss.com.py\/index\/wp-json\/wp\/v2\/product_brand?post=64325"},{"taxonomy":"product_cat","embeddable":true,"href":"https:\/\/brandss.com.py\/index\/wp-json\/wp\/v2\/product_cat?post=64325"},{"taxonomy":"product_tag","embeddable":true,"href":"https:\/\/brandss.com.py\/index\/wp-json\/wp\/v2\/product_tag?post=64325"}],"curies":[{"name":"wp","href":"https:\/\/api.w.org\/{rel}","templated":true}]}}