{"id":64351,"date":"2024-12-21T15:48:21","date_gmt":"2024-12-21T15:48:21","guid":{"rendered":"https:\/\/brandss.com.py\/index\/?post_type=product&#038;p=64351"},"modified":"2024-12-21T15:49:10","modified_gmt":"2024-12-21T15:49:10","slug":"calzado-casual-femenino-coach-millie-rubber","status":"publish","type":"product","link":"https:\/\/brandss.com.py\/index\/producto\/calzado-casual-femenino-coach-millie-rubber\/","title":{"rendered":"CALZADO CASUAL FEMENINO COACH MILLIE RUBBER"},"content":{"rendered":"<p><img loading=\"lazy\" decoding=\"async\" class=\"\" src=\"https:\/\/1000marcas.net\/wp-content\/uploads\/2020\/10\/Coach-Logo.png\" alt=\"Coach Logo - s\u00edmbolo, significado logotipo, historia, PNG\" width=\"95\" height=\"54\" \/><\/p>\n<h1>MILLIE RUBBER<\/h1>\n<p>Nuestro bot\u00edn Millie, de goma impermeable, es un b\u00e1sico para el tiempo h\u00famedo con la insignia de firma para un toque de estilo. La silueta de los botines est\u00e1 dise\u00f1ada con suelas de tacos para una mayor tracci\u00f3n y durabilidad.<\/p>\n<h2 class=\"css-1eziwv\" role=\"presentation\"><span class=\"accordion_details css-1i2uuh0\" data-qa=\"cm_pdp_btn_pdtls_card_hdr\">Detalles\u00a0<\/span><\/h2>\n<div class=\"chakra-collapse\" aria-hidden=\"false\">\n<div id=\"accordion-panel-:R7add5ad54t9f6:\" class=\"chakra-accordion__panel product-properties css-k3fnja\" role=\"region\" data-qa=\"cm_pdp_cntnr_pdtls_card_body\" aria-labelledby=\"accordion-button-:R7add5ad54t9f6:\">\n<div id=\"product-details\" class=\"chakra-text css-1xbjlwr\">\n<div id=\"description2\" class=\"css-c0mobj\">\n<ul>\n<li>Parte superior de goma.<\/li>\n<li>Forro y plantilla de tela.<\/li>\n<li>Suela exterior de goma.<\/li>\n<li>F\u00e1cil de poner.<\/li>\n<li>Ca\u00f1a: 11,4 cm (Al), 25,4 cm de per\u00edmetro.<\/li>\n<li>Color: Army Green.<\/li>\n<li>Modelo: CE856.<\/li>\n<\/ul>\n<\/div>\n<\/div>\n<\/div>\n<\/div>\n","protected":false},"excerpt":{"rendered":"<p>MILLIE RUBBER Nuestro bot\u00edn Millie, de goma impermeable, es un b\u00e1sico para el tiempo h\u00famedo con la insignia de firma<\/p>\n","protected":false},"featured_media":64352,"comment_status":"open","ping_status":"closed","template":"","meta":{"nf_dc_page":""},"product_brand":[],"product_cat":[73],"product_tag":[],"class_list":{"0":"post-64351","1":"product","2":"type-product","3":"status-publish","4":"has-post-thumbnail","6":"product_cat-femenino","8":"first","9":"instock","10":"shipping-taxable","11":"purchasable","12":"product-type-simple"},"_links":{"self":[{"href":"https:\/\/brandss.com.py\/index\/wp-json\/wp\/v2\/product\/64351","targetHints":{"allow":["GET"]}}],"collection":[{"href":"https:\/\/brandss.com.py\/index\/wp-json\/wp\/v2\/product"}],"about":[{"href":"https:\/\/brandss.com.py\/index\/wp-json\/wp\/v2\/types\/product"}],"replies":[{"embeddable":true,"href":"https:\/\/brandss.com.py\/index\/wp-json\/wp\/v2\/comments?post=64351"}],"version-history":[{"count":1,"href":"https:\/\/brandss.com.py\/index\/wp-json\/wp\/v2\/product\/64351\/revisions"}],"predecessor-version":[{"id":64357,"href":"https:\/\/brandss.com.py\/index\/wp-json\/wp\/v2\/product\/64351\/revisions\/64357"}],"wp:featuredmedia":[{"embeddable":true,"href":"https:\/\/brandss.com.py\/index\/wp-json\/wp\/v2\/media\/64352"}],"wp:attachment":[{"href":"https:\/\/brandss.com.py\/index\/wp-json\/wp\/v2\/media?parent=64351"}],"wp:term":[{"taxonomy":"product_brand","embeddable":true,"href":"https:\/\/brandss.com.py\/index\/wp-json\/wp\/v2\/product_brand?post=64351"},{"taxonomy":"product_cat","embeddable":true,"href":"https:\/\/brandss.com.py\/index\/wp-json\/wp\/v2\/product_cat?post=64351"},{"taxonomy":"product_tag","embeddable":true,"href":"https:\/\/brandss.com.py\/index\/wp-json\/wp\/v2\/product_tag?post=64351"}],"curies":[{"name":"wp","href":"https:\/\/api.w.org\/{rel}","templated":true}]}}