{"id":64446,"date":"2024-12-23T12:45:07","date_gmt":"2024-12-23T12:45:07","guid":{"rendered":"https:\/\/brandss.com.py\/index\/?post_type=product&#038;p=64446"},"modified":"2026-03-11T12:37:08","modified_gmt":"2026-03-11T12:37:08","slug":"calzado-casual-femenino-versace-jeans-couture-fondo-court-88-2","status":"publish","type":"product","link":"https:\/\/brandss.com.py\/index\/producto\/calzado-casual-femenino-versace-jeans-couture-fondo-court-88-2\/","title":{"rendered":"CALZADO CASUAL FEMENINO VERSACE JEANS COUTURE FONDO COURT 88"},"content":{"rendered":"<p><img loading=\"lazy\" decoding=\"async\" class=\"\" src=\"https:\/\/cdn.freebiesupply.com\/logos\/large\/2x\/versace-medusa-2-logo-png-transparent.png\" alt=\"Versace Logo wondetful Svg Logo\" width=\"59\" height=\"74\" \/><\/p>\n<h1>FONDO COURT 88<\/h1>\n<p>Presentamos un nuevo modelo de la reconocida marca Versace Jeans Couture. Estos calzados blancos con tachuelas son una fusi\u00f3n audaz de estilo atrevido y elegancia ic\u00f3nica. Captan la actitud vanguardista de Versace, elevando el concepto de calzado casual a un nuevo nivel de sofisticaci\u00f3n y rebeli\u00f3n. \u00bfVas a dejarlos escapar?<\/p>\n<ul>\n<li><span>Materiales exteriores:<\/span><span>Cuero<\/span><\/li>\n<li><span>Materiales interiores:<\/span><span>Cuero, Textil<\/span><\/li>\n<li><span>\u00danico:<\/span><span>Goma<\/span><\/li>\n<li><span>Color: B<\/span><span>lanco\/ Dorado\/ Negro.<\/span><\/li>\n<li><span>Modelo: 75VA3SKC<\/span><\/li>\n<\/ul>\n","protected":false},"excerpt":{"rendered":"<p>FONDO COURT 88 Presentamos un nuevo modelo de la reconocida marca Versace Jeans Couture. Estos calzados blancos con tachuelas son<\/p>\n","protected":false},"featured_media":64447,"comment_status":"open","ping_status":"closed","template":"","meta":{"nf_dc_page":""},"product_brand":[],"product_cat":[73],"product_tag":[],"class_list":{"0":"post-64446","1":"product","2":"type-product","3":"status-publish","4":"has-post-thumbnail","6":"product_cat-femenino","8":"first","9":"outofstock","10":"shipping-taxable","11":"purchasable","12":"product-type-simple"},"_links":{"self":[{"href":"https:\/\/brandss.com.py\/index\/wp-json\/wp\/v2\/product\/64446","targetHints":{"allow":["GET"]}}],"collection":[{"href":"https:\/\/brandss.com.py\/index\/wp-json\/wp\/v2\/product"}],"about":[{"href":"https:\/\/brandss.com.py\/index\/wp-json\/wp\/v2\/types\/product"}],"replies":[{"embeddable":true,"href":"https:\/\/brandss.com.py\/index\/wp-json\/wp\/v2\/comments?post=64446"}],"version-history":[{"count":1,"href":"https:\/\/brandss.com.py\/index\/wp-json\/wp\/v2\/product\/64446\/revisions"}],"predecessor-version":[{"id":64456,"href":"https:\/\/brandss.com.py\/index\/wp-json\/wp\/v2\/product\/64446\/revisions\/64456"}],"wp:featuredmedia":[{"embeddable":true,"href":"https:\/\/brandss.com.py\/index\/wp-json\/wp\/v2\/media\/64447"}],"wp:attachment":[{"href":"https:\/\/brandss.com.py\/index\/wp-json\/wp\/v2\/media?parent=64446"}],"wp:term":[{"taxonomy":"product_brand","embeddable":true,"href":"https:\/\/brandss.com.py\/index\/wp-json\/wp\/v2\/product_brand?post=64446"},{"taxonomy":"product_cat","embeddable":true,"href":"https:\/\/brandss.com.py\/index\/wp-json\/wp\/v2\/product_cat?post=64446"},{"taxonomy":"product_tag","embeddable":true,"href":"https:\/\/brandss.com.py\/index\/wp-json\/wp\/v2\/product_tag?post=64446"}],"curies":[{"name":"wp","href":"https:\/\/api.w.org\/{rel}","templated":true}]}}