{"id":64564,"date":"2024-12-24T14:50:24","date_gmt":"2024-12-24T14:50:24","guid":{"rendered":"https:\/\/brandss.com.py\/index\/?post_type=product&#038;p=64564"},"modified":"2026-04-09T10:44:09","modified_gmt":"2026-04-09T10:44:09","slug":"calzado-deportivo-femenino-hugo-boss-go1st-mfpu","status":"publish","type":"product","link":"https:\/\/brandss.com.py\/index\/producto\/calzado-deportivo-femenino-hugo-boss-go1st-mfpu\/","title":{"rendered":"CALZADO DEPORTIVO FEMENINO HUGO BOSS GO1ST MFPU"},"content":{"rendered":"<p><img loading=\"lazy\" decoding=\"async\" class=\"\" src=\"https:\/\/1000marcas.net\/wp-content\/uploads\/2020\/03\/Hugo-Boss-Logo-old.png\" alt=\"Hugo Boss Logo - s\u00edmbolo, significado logotipo, historia, PNG\" width=\"77\" height=\"43\" \/><\/p>\n<h1>GO1ST MFPU<\/h1>\n<div class=\"tab__header\">\n<div class=\"tab__description\">El HUGO GO1ST Pume est\u00e1 fabricado con un material duradero con la adici\u00f3n de un tejido de malla suave, que es muy transpirable y crea una comodidad especial. Los cordones rectos garantizan un ajuste perfecto y un lazo especial en el tal\u00f3n te permite ponerte y quitarte los zapatos r\u00e1pida y f\u00e1cilmente. La suela de EVA con la adici\u00f3n de caucho es responsable de la ligereza y resistencia al desgaste del par. Las bandas activas en la suela exterior minimizan el deslizamiento y te permiten sentirte seguro en cualquier superficie.<\/div>\n<\/div>\n<div class=\"features\" data-v-6af49428=\"\">\n<div class=\"features__item\" data-v-6af49428=\"\">\n<div class=\"h6 features__title\" data-v-6af49428=\"\">Peculiaridades<\/div>\n<div class=\"v-html-list\" data-v-6af49428=\"\">\n<ul>\n<li>Silueta baja<\/li>\n<li>Cordones rectos con ojales adicionales<\/li>\n<li>Lazo en la espalda<\/li>\n<li>Detalles reflectantes decorativos.<\/li>\n<li>Suela ligera de EVA<\/li>\n<li>Suela de goma con dibujos pronunciados.<\/li>\n<li>Logotipo de HUGO en la leng\u00fceta, el lateral y la suela<\/li>\n<li>Color: Open Orange<\/li>\n<li>Modelo: 50498669<\/li>\n<\/ul>\n<\/div>\n<\/div>\n<div class=\"features__item\" data-v-6af49428=\"\">\n<div class=\"h6 features__title\" data-v-6af49428=\"\">Composici\u00f3n<\/div>\n<ul class=\"list features__composition\" data-v-6af49428=\"\">\n<li class=\"list__item\" data-v-6af49428=\"\">Material:\n<div class=\"list__desc\" data-v-6af49428=\"\"><span data-v-6af49428=\"\">Parte superior: 100% POLI\u00c9STER,<br \/>\n<\/span>Forro: 100% POLI\u00c9STER,<br \/>\nParte inferior: 80% EVA 20% GOMA<\/div>\n<\/li>\n<\/ul>\n<\/div>\n<div class=\"features__quality\" data-v-6af49428=\"\">La calidad del producto, su seguridad para la vida, la salud del consumidor y el medio ambiente se confirma de acuerdo con los requisitos legales. La informaci\u00f3n detallada se encuentra en la etiqueta o embalaje del producto, o en la documentaci\u00f3n t\u00e9cnica del<\/div>\n<\/div>\n","protected":false},"excerpt":{"rendered":"<p>GO1ST MFPU El HUGO GO1ST Pume est\u00e1 fabricado con un material duradero con la adici\u00f3n de un tejido de malla<\/p>\n","protected":false},"featured_media":64565,"comment_status":"open","ping_status":"closed","template":"","meta":{"nf_dc_page":""},"product_brand":[],"product_cat":[73],"product_tag":[],"class_list":{"0":"post-64564","1":"product","2":"type-product","3":"status-publish","4":"has-post-thumbnail","6":"product_cat-femenino","8":"first","9":"instock","10":"shipping-taxable","11":"purchasable","12":"product-type-simple"},"_links":{"self":[{"href":"https:\/\/brandss.com.py\/index\/wp-json\/wp\/v2\/product\/64564","targetHints":{"allow":["GET"]}}],"collection":[{"href":"https:\/\/brandss.com.py\/index\/wp-json\/wp\/v2\/product"}],"about":[{"href":"https:\/\/brandss.com.py\/index\/wp-json\/wp\/v2\/types\/product"}],"replies":[{"embeddable":true,"href":"https:\/\/brandss.com.py\/index\/wp-json\/wp\/v2\/comments?post=64564"}],"version-history":[{"count":3,"href":"https:\/\/brandss.com.py\/index\/wp-json\/wp\/v2\/product\/64564\/revisions"}],"predecessor-version":[{"id":64579,"href":"https:\/\/brandss.com.py\/index\/wp-json\/wp\/v2\/product\/64564\/revisions\/64579"}],"wp:featuredmedia":[{"embeddable":true,"href":"https:\/\/brandss.com.py\/index\/wp-json\/wp\/v2\/media\/64565"}],"wp:attachment":[{"href":"https:\/\/brandss.com.py\/index\/wp-json\/wp\/v2\/media?parent=64564"}],"wp:term":[{"taxonomy":"product_brand","embeddable":true,"href":"https:\/\/brandss.com.py\/index\/wp-json\/wp\/v2\/product_brand?post=64564"},{"taxonomy":"product_cat","embeddable":true,"href":"https:\/\/brandss.com.py\/index\/wp-json\/wp\/v2\/product_cat?post=64564"},{"taxonomy":"product_tag","embeddable":true,"href":"https:\/\/brandss.com.py\/index\/wp-json\/wp\/v2\/product_tag?post=64564"}],"curies":[{"name":"wp","href":"https:\/\/api.w.org\/{rel}","templated":true}]}}