{"id":64733,"date":"2024-12-28T13:48:34","date_gmt":"2024-12-28T13:48:34","guid":{"rendered":"https:\/\/brandss.com.py\/index\/?post_type=product&#038;p=64733"},"modified":"2024-12-28T14:01:19","modified_gmt":"2024-12-28T14:01:19","slug":"calzado-casual-femenino-allsaints-bomba-nova","status":"publish","type":"product","link":"https:\/\/brandss.com.py\/index\/producto\/calzado-casual-femenino-allsaints-bomba-nova\/","title":{"rendered":"CALZADO CASUAL FEMENINO ALLSAINTS BOMBA NOVA"},"content":{"rendered":"<p><img loading=\"lazy\" decoding=\"async\" class=\"\" src=\"https:\/\/1000marcas.net\/wp-content\/uploads\/2021\/05\/AllSaints-Logo.png\" alt=\"AllSaints Logo - s\u00edmbolo, significado logotipo, historia, PNG\" width=\"73\" height=\"41\" \/><\/p>\n<h1>BOMBA NOVA<\/h1>\n<p>Las suelas de estos zapatos tienen un acabado con un aspecto desgastado y envejecido; esto no es un defecto, sino una parte inherente del dise\u00f1o. Los productos de cuero de AllSaints respaldan la fabricaci\u00f3n responsable a trav\u00e9s del Leather Working Group.<\/p>\n<p>Altura del tac\u00f3n: 95 mm<\/p>\n<p>Parte superior: 100 % piel de vacuno<\/p>\n<p>Forro: 100 % piel de cabra<\/p>\n<p>Suela: 100 % resina<\/p>\n<p>Color: Black Metallic<\/p>\n<p>Modelo: WF610X<\/p>\n","protected":false},"excerpt":{"rendered":"<p>BOMBA NOVA Las suelas de estos zapatos tienen un acabado con un aspecto desgastado y envejecido; esto no es un<\/p>\n","protected":false},"featured_media":64734,"comment_status":"open","ping_status":"closed","template":"","meta":{"nf_dc_page":""},"product_brand":[],"product_cat":[73],"product_tag":[],"class_list":{"0":"post-64733","1":"product","2":"type-product","3":"status-publish","4":"has-post-thumbnail","6":"product_cat-femenino","8":"first","9":"instock","10":"shipping-taxable","11":"purchasable","12":"product-type-simple"},"_links":{"self":[{"href":"https:\/\/brandss.com.py\/index\/wp-json\/wp\/v2\/product\/64733","targetHints":{"allow":["GET"]}}],"collection":[{"href":"https:\/\/brandss.com.py\/index\/wp-json\/wp\/v2\/product"}],"about":[{"href":"https:\/\/brandss.com.py\/index\/wp-json\/wp\/v2\/types\/product"}],"replies":[{"embeddable":true,"href":"https:\/\/brandss.com.py\/index\/wp-json\/wp\/v2\/comments?post=64733"}],"version-history":[{"count":1,"href":"https:\/\/brandss.com.py\/index\/wp-json\/wp\/v2\/product\/64733\/revisions"}],"predecessor-version":[{"id":64743,"href":"https:\/\/brandss.com.py\/index\/wp-json\/wp\/v2\/product\/64733\/revisions\/64743"}],"wp:featuredmedia":[{"embeddable":true,"href":"https:\/\/brandss.com.py\/index\/wp-json\/wp\/v2\/media\/64734"}],"wp:attachment":[{"href":"https:\/\/brandss.com.py\/index\/wp-json\/wp\/v2\/media?parent=64733"}],"wp:term":[{"taxonomy":"product_brand","embeddable":true,"href":"https:\/\/brandss.com.py\/index\/wp-json\/wp\/v2\/product_brand?post=64733"},{"taxonomy":"product_cat","embeddable":true,"href":"https:\/\/brandss.com.py\/index\/wp-json\/wp\/v2\/product_cat?post=64733"},{"taxonomy":"product_tag","embeddable":true,"href":"https:\/\/brandss.com.py\/index\/wp-json\/wp\/v2\/product_tag?post=64733"}],"curies":[{"name":"wp","href":"https:\/\/api.w.org\/{rel}","templated":true}]}}