{"id":64846,"date":"2024-12-30T14:34:46","date_gmt":"2024-12-30T14:34:46","guid":{"rendered":"https:\/\/brandss.com.py\/index\/?post_type=product&#038;p=64846"},"modified":"2026-03-11T12:28:36","modified_gmt":"2026-03-11T12:28:36","slug":"calzado-casual-infantil-moschino-leo-teddy","status":"publish","type":"product","link":"https:\/\/brandss.com.py\/index\/producto\/calzado-casual-infantil-moschino-leo-teddy\/","title":{"rendered":"CALZADO CASUAL INFANTIL MOSCHINO LEO TEDDY"},"content":{"rendered":"<p><img loading=\"lazy\" decoding=\"async\" class=\"\" src=\"https:\/\/i.pinimg.com\/originals\/b8\/b4\/2f\/b8b42f8676224c6159e27777074277ff.png\" alt=\"Moschino Logo and symbol, meaning, history, PNG, brand\" width=\"93\" height=\"52\" \/><\/p>\n<h1>LEO TEDDY<\/h1>\n<p>Presentamos el calzado de cuero blanco para ni\u00f1os de Moschino Kids. Estos calzados, confeccionados en piel de becerro aut\u00e9ntica, presentan el ic\u00f3nico logotipo del oso de Moschino estampado en el lateral y una leng\u00fceta de cuero negro en el tal\u00f3n. Con cordones blancos y suela de goma, estos calzados son elegantes y c\u00f3modos para el uso diario. Calzados con motivo de osito de peluche Leo.<\/p>\n<div class=\"ltr-182wjbq exjav153\">\n<div class=\"ltr-13pqkh2 exjav150\">\n<div class=\"ltr-fzg9du e1yiqd0\">\n<h4 class=\"ltr-2pfgen-Body-BodyBold\" data-component=\"BodyBold\"><span>Caracter\u00edsticas<\/span><\/h4>\n<ul class=\"_fdc1e5\">\n<li class=\"ltr-4y8w0i-Body\" data-component=\"Body\"><span>Blanco.<\/span><\/li>\n<li class=\"ltr-4y8w0i-Body\" data-component=\"Body\"><span>Cierre con cordones en la parte delantera.<\/span><\/li>\n<li class=\"ltr-4y8w0i-Body\" data-component=\"Body\"><span>Suela de goma plana.<\/span><\/li>\n<li class=\"ltr-4y8w0i-Body\" data-component=\"Body\"><span>Leng\u00fceta con estampado de logotipo.<\/span><\/li>\n<li class=\"ltr-4y8w0i-Body\" data-component=\"Body\"><span>Plantilla de cuero de marca.<\/span><\/li>\n<li class=\"ltr-4y8w0i-Body\" data-component=\"Body\">Suela:\u00a0<span class=\"ltr-4y8w0i-Body\" data-component=\"Body\">Caucho 100%<\/span><\/li>\n<li class=\"ltr-4y8w0i-Body\" data-component=\"Body\">Exterior:\u00a0<span class=\"ltr-4y8w0i-Body\" data-component=\"Body\">Piel de becerro 100%<\/span><\/li>\n<li class=\"ltr-4y8w0i-Body\" data-component=\"Body\">Forro:\u00a0<span class=\"ltr-4y8w0i-Body\" data-component=\"Body\">Piel de becerro 100%<\/span><\/li>\n<\/ul>\n<\/div>\n<\/div>\n<\/div>\n","protected":false},"excerpt":{"rendered":"<p>LEO TEDDY Presentamos el calzado de cuero blanco para ni\u00f1os de Moschino Kids. Estos calzados, confeccionados en piel de becerro<\/p>\n","protected":false},"featured_media":64847,"comment_status":"open","ping_status":"closed","template":"","meta":{"nf_dc_page":""},"product_brand":[],"product_cat":[75],"product_tag":[],"class_list":{"0":"post-64846","1":"product","2":"type-product","3":"status-publish","4":"has-post-thumbnail","6":"product_cat-infantil","8":"first","9":"outofstock","10":"shipping-taxable","11":"purchasable","12":"product-type-simple"},"_links":{"self":[{"href":"https:\/\/brandss.com.py\/index\/wp-json\/wp\/v2\/product\/64846","targetHints":{"allow":["GET"]}}],"collection":[{"href":"https:\/\/brandss.com.py\/index\/wp-json\/wp\/v2\/product"}],"about":[{"href":"https:\/\/brandss.com.py\/index\/wp-json\/wp\/v2\/types\/product"}],"replies":[{"embeddable":true,"href":"https:\/\/brandss.com.py\/index\/wp-json\/wp\/v2\/comments?post=64846"}],"version-history":[{"count":1,"href":"https:\/\/brandss.com.py\/index\/wp-json\/wp\/v2\/product\/64846\/revisions"}],"predecessor-version":[{"id":64853,"href":"https:\/\/brandss.com.py\/index\/wp-json\/wp\/v2\/product\/64846\/revisions\/64853"}],"wp:featuredmedia":[{"embeddable":true,"href":"https:\/\/brandss.com.py\/index\/wp-json\/wp\/v2\/media\/64847"}],"wp:attachment":[{"href":"https:\/\/brandss.com.py\/index\/wp-json\/wp\/v2\/media?parent=64846"}],"wp:term":[{"taxonomy":"product_brand","embeddable":true,"href":"https:\/\/brandss.com.py\/index\/wp-json\/wp\/v2\/product_brand?post=64846"},{"taxonomy":"product_cat","embeddable":true,"href":"https:\/\/brandss.com.py\/index\/wp-json\/wp\/v2\/product_cat?post=64846"},{"taxonomy":"product_tag","embeddable":true,"href":"https:\/\/brandss.com.py\/index\/wp-json\/wp\/v2\/product_tag?post=64846"}],"curies":[{"name":"wp","href":"https:\/\/api.w.org\/{rel}","templated":true}]}}