{"id":64892,"date":"2024-12-31T11:44:10","date_gmt":"2024-12-31T11:44:10","guid":{"rendered":"https:\/\/brandss.com.py\/index\/?post_type=product&#038;p=64892"},"modified":"2025-05-03T10:39:26","modified_gmt":"2025-05-03T10:39:26","slug":"calzado-deportivo-masculino-hugo-boss-kyle-runn-memf","status":"publish","type":"product","link":"https:\/\/brandss.com.py\/index\/producto\/calzado-deportivo-masculino-hugo-boss-kyle-runn-memf\/","title":{"rendered":"CALZADO DEPORTIVO MASCULINO HUGO BOSS KYLE RUNN MEMF"},"content":{"rendered":"<p><img loading=\"lazy\" decoding=\"async\" class=\"\" src=\"https:\/\/upload.wikimedia.org\/wikipedia\/commons\/7\/73\/Hugo-Boss-Logo.svg\" alt=\"Archivo:Hugo-Boss-Logo.svg - Wikipedia, la enciclopedia libre\" width=\"110\" height=\"41\" \/><\/p>\n<h1>KYLE RUNN MEMF<\/h1>\n<div class=\"ProductActive__descriptionParagraph__UR7wG\"><span>Calzado deportivo de la colecci\u00f3n HUGO. El modelo est\u00e1 confeccionado en una combinaci\u00f3n de material textil y sint\u00e9tico. Un modelo ligero y c\u00f3modo perfecto para el d\u00eda a d\u00eda.<\/span><\/div>\n<div><\/div>\n<div class=\"ProductActive__descriptionParagraph__UR7wG\"><span>&#8211; Nariz r\u00edgida.<\/span><br \/>\n<span>&#8211; Talonera muy r\u00edgida.<\/span><br \/>\n<span>&#8211; Plantilla textil extra\u00edble.<\/span><br \/>\n<span>&#8211; Interior textil.<\/span><br \/>\n<span>&#8211; Suela de goma.<\/span><\/div>\n<div>\n<div class=\"xs-12 between-xs middle-xs ProductActive__productUnavailableHeader__5qgDV Accordion__accordionHeader__hr5wp undefined\"><span class=\"h2 Accordion__accordionLabel__Ra2+K Accordion__accordionLabelDescriptionLength__G5kmu\"><span>&#8211; Composici\u00f3n:<\/span><\/span><i class=\"icon Icon__icon-v__OxZwe Accordion__icon__MVz64 Accordion__iconRotateDown__0Cw3z\"><\/i><\/div>\n<h6 class=\"Accordion__accordionDescription__CckLI ProductActive__productUnavailableDescription__WJisE Accordion__accordionDescriptionOverflow__MD4bB\"><span>Parte superior: Material sint\u00e9tico, <\/span><span>Material textil.<br \/>\n<\/span><span>Interior: Material textil.<br \/>\n<\/span>Suela: Material sint\u00e9tico.<\/h6>\n<\/div>\n<div class=\"ProductActive__descriptionParagraph__UR7wG ProductActive__descriptionParagraphUuid__PEJlu\">-Color: Negro.<\/div>\n<div class=\"ProductActive__descriptionParagraph__UR7wG\"><span>-Modelo<\/span><span>:\u00a0<\/span><span>50493142.<\/span><\/div>\n","protected":false},"excerpt":{"rendered":"<p>KYLE RUNN MEMF Calzado deportivo de la colecci\u00f3n HUGO. El modelo est\u00e1 confeccionado en una combinaci\u00f3n de material textil y<\/p>\n","protected":false},"featured_media":64893,"comment_status":"open","ping_status":"closed","template":"","meta":{"nf_dc_page":""},"product_brand":[],"product_cat":[76],"product_tag":[],"class_list":{"0":"post-64892","1":"product","2":"type-product","3":"status-publish","4":"has-post-thumbnail","6":"product_cat-masculino","8":"first","9":"instock","10":"shipping-taxable","11":"purchasable","12":"product-type-simple"},"_links":{"self":[{"href":"https:\/\/brandss.com.py\/index\/wp-json\/wp\/v2\/product\/64892","targetHints":{"allow":["GET"]}}],"collection":[{"href":"https:\/\/brandss.com.py\/index\/wp-json\/wp\/v2\/product"}],"about":[{"href":"https:\/\/brandss.com.py\/index\/wp-json\/wp\/v2\/types\/product"}],"replies":[{"embeddable":true,"href":"https:\/\/brandss.com.py\/index\/wp-json\/wp\/v2\/comments?post=64892"}],"version-history":[{"count":1,"href":"https:\/\/brandss.com.py\/index\/wp-json\/wp\/v2\/product\/64892\/revisions"}],"predecessor-version":[{"id":64902,"href":"https:\/\/brandss.com.py\/index\/wp-json\/wp\/v2\/product\/64892\/revisions\/64902"}],"wp:featuredmedia":[{"embeddable":true,"href":"https:\/\/brandss.com.py\/index\/wp-json\/wp\/v2\/media\/64893"}],"wp:attachment":[{"href":"https:\/\/brandss.com.py\/index\/wp-json\/wp\/v2\/media?parent=64892"}],"wp:term":[{"taxonomy":"product_brand","embeddable":true,"href":"https:\/\/brandss.com.py\/index\/wp-json\/wp\/v2\/product_brand?post=64892"},{"taxonomy":"product_cat","embeddable":true,"href":"https:\/\/brandss.com.py\/index\/wp-json\/wp\/v2\/product_cat?post=64892"},{"taxonomy":"product_tag","embeddable":true,"href":"https:\/\/brandss.com.py\/index\/wp-json\/wp\/v2\/product_tag?post=64892"}],"curies":[{"name":"wp","href":"https:\/\/api.w.org\/{rel}","templated":true}]}}