{"id":64939,"date":"2024-12-31T14:30:44","date_gmt":"2024-12-31T14:30:44","guid":{"rendered":"https:\/\/brandss.com.py\/index\/?post_type=product&#038;p=64939"},"modified":"2024-12-31T14:32:53","modified_gmt":"2024-12-31T14:32:53","slug":"calzado-deportivo-femenino-the-north-face-back-to-berkeley-iv-textile-wp","status":"publish","type":"product","link":"https:\/\/brandss.com.py\/index\/producto\/calzado-deportivo-femenino-the-north-face-back-to-berkeley-iv-textile-wp\/","title":{"rendered":"CALZADO DEPORTIVO FEMENINO THE NORTH FACE BACK TO BERKELEY IV TEXTILE WP"},"content":{"rendered":"<p><img loading=\"lazy\" decoding=\"async\" class=\"\" src=\"https:\/\/1000marcas.net\/wp-content\/uploads\/2020\/03\/Logo-North-Face.png\" alt=\"The North Face Logo - s\u00edmbolo, significado logotipo, historia, PNG\" width=\"151\" height=\"80\" \/><\/p>\n<h1>BACK TO BERKELEY IV TEXTILE WP<\/h1>\n<div class=\"group flex items-start gap-4\">\n<div class=\"grow space-y-1\">\n<p class=\"!title-5 fw-bold\">Fiel al tama\u00f1o: este calzado es de tama\u00f1o real para brindar un ajuste c\u00f3modo y con soporte.<\/p>\n<p class=\"subtitle-4\">Berkeley, es donde comenz\u00f3 nuestra historia. Creadas originalmente en los a\u00f1os 60 para caminatas, estas botas Back to Berkeley se inspiran en nuestro pasado, pero est\u00e1n dise\u00f1adas para durar en el futuro, gracias a una membrana DryVent\u2122 impermeable y herrajes de metal sin n\u00edquel. Esta temporada, hemos actualizado nuestro dise\u00f1o Berkeley m\u00e1s vendido con una parte superior de lona PET 100 % reciclada y un forro de malla. El cuello de cuero y el parche y el borde del logotipo de gamuza provienen de curtidur\u00edas certificadas por Leather Working Group, lo que hace que estas botas sean una mejor opci\u00f3n para el mundo que nos rodea.<\/p>\n<p><button id=\"base-collapse-nUfccvMQCJy-1\" class=\"\" type=\"button\" data-test-id=\"base-button\" aria-expanded=\"true\" aria-controls=\"base-collapse-nUfccvMQCJy-1-content\"><span class=\"flex items-center between py-3\" data-test-id=\"vf-accordion-toggle\"><span class=\"title-3\">Beneficios<\/span><i class=\"block shrink-0 bg-current transform transition-transform w-$w h-$h\" aria-hidden=\"true\"><\/i><\/span><\/button><\/p>\n<div id=\"base-collapse-nUfccvMQCJy-1-content\" class=\"overflow-hidden duration\" role=\"region\" aria-labelledby=\"base-collapse-nUfccvMQCJy-1\">\n<div class=\"text-sm fw-light\" data-test-id=\"vf-accordion-content\">\n<div class=\"pb-6 pt-2 text-sm c-grey-20\">\n<ul class=\"space-y-4\" title=\"Beneficios\">\n<li>\n<div class=\"group flex items-start gap-4\"><img loading=\"lazy\" decoding=\"async\" class=\"contain\" src=\"https:\/\/assets.thenorthface.eu\/image\/upload\/v1728567351\/benefit-icon-waterproof.webp\" alt=\"Impermeable\" width=\"52\" height=\"52\" \/><\/p>\n<div class=\"grow space-y-1\">\n<p class=\"!title-5 fw-bold\">Impermeable<\/p>\n<p class=\"subtitle-4\">Este tejido proporciona una barrera impenetrable contra la lluvia y la nieve para garantizar la sequedad.<\/p>\n<\/div>\n<\/div>\n<\/li>\n<li>\n<div class=\"group flex items-start gap-4\"><img loading=\"lazy\" decoding=\"async\" class=\"contain\" src=\"https:\/\/assets.thenorthface.eu\/image\/upload\/v1728567335\/benefit-icon-breathable.webp\" alt=\"Respirable\" width=\"52\" height=\"52\" \/><\/p>\n<div class=\"grow space-y-1\">\n<p class=\"!title-5 fw-bold\">Respirable<\/p>\n<p class=\"subtitle-4\">Nuestra exclusiva tecnolog\u00eda de tela permite que el aire pase a trav\u00e9s de la tela, lo que ayuda a regular la temperatura corporal y a mantenerte fresco por m\u00e1s tiempo.<\/p>\n<\/div>\n<\/div>\n<\/li>\n<li>\n<div class=\"group flex items-start gap-4\"><img loading=\"lazy\" decoding=\"async\" class=\"contain\" src=\"https:\/\/assets.thenorthface.eu\/image\/upload\/v1728567340\/benefit-icon-grip_sole.webp\" alt=\"Suela de agarre\" width=\"52\" height=\"52\" \/><\/p>\n<div class=\"grow space-y-1\">\n<p class=\"!title-5 fw-bold\">Suela de agarre<\/p>\n<p class=\"subtitle-4\">Los compuestos de caucho brindan agarre, tracci\u00f3n y durabilidad tanto en superficies mojadas como secas.<\/p>\n<\/div>\n<\/div>\n<\/li>\n<li>\n<div class=\"group flex items-start gap-4\"><img loading=\"lazy\" decoding=\"async\" class=\"contain\" src=\"https:\/\/assets.thenorthface.eu\/image\/upload\/v1728567352\/benefit-icon-wind_resistant.webp\" alt=\"A prueba de viento\" width=\"52\" height=\"52\" \/><\/p>\n<div class=\"grow space-y-1\">\n<p class=\"!title-5 fw-bold\">A prueba de viento<\/p>\n<p class=\"subtitle-4\">Esta tela impide que el viento penetre en la prenda, lo que reduce en gran medida los efectos del enfriamiento del viento.<\/p>\n<\/div>\n<\/div>\n<\/li>\n<li>\n<div class=\"group flex items-start gap-4\"><img loading=\"lazy\" decoding=\"async\" class=\"contain\" src=\"https:\/\/assets.thenorthface.eu\/image\/upload\/v1728567345\/benefit-icon-recycled.webp\" alt=\"Material reciclado\" width=\"52\" height=\"52\" \/><\/p>\n<div class=\"grow space-y-1\">\n<p class=\"!title-5 fw-bold\">Material reciclado<\/p>\n<p class=\"subtitle-4\">Este producto est\u00e1 elaborado con materiales reciclados, lo que ayuda a reducir los residuos en los vertederos y minimizar su impacto en la naturaleza.<\/p>\n<\/div>\n<\/div>\n<\/li>\n<li>\n<div class=\"group flex items-start gap-4\"><img loading=\"lazy\" decoding=\"async\" class=\"contain\" src=\"https:\/\/assets.thenorthface.eu\/image\/upload\/v1728567332\/benefit-icon_footpaths.avif\" alt=\"Terrenos no t\u00e9cnicos\" width=\"52\" height=\"52\" \/><\/p>\n<div class=\"grow space-y-1\">\n<p class=\"!title-5 fw-bold\">Terrenos no t\u00e9cnicos<\/p>\n<p class=\"subtitle-4\">Soporte ligero y estabilidad para senderos no t\u00e9cnicos.<\/p>\n<\/div>\n<\/div>\n<p>&nbsp;<\/p>\n<p><button id=\"base-collapse-nUfccvMQCJy-5\" class=\"\" type=\"button\" data-test-id=\"base-button\" aria-expanded=\"true\" aria-controls=\"base-collapse-nUfccvMQCJy-5-content\"><span class=\"flex items-center between py-3\" data-test-id=\"vf-accordion-toggle\"><span class=\"title-3\">Tecnolog\u00eda<\/span><i class=\"block shrink-0 bg-current transform transition-transform w-$w h-$h\" aria-hidden=\"true\"><\/i><\/span><\/button><\/p>\n<div id=\"base-collapse-nUfccvMQCJy-5-content\" class=\"overflow-hidden duration\" role=\"region\" aria-labelledby=\"base-collapse-nUfccvMQCJy-5\">\n<div class=\"text-sm fw-light\" data-test-id=\"vf-accordion-content\">\n<div class=\"pb-6 pt-2 text-sm c-grey-20\">\n<ul class=\"space-y-4\" title=\"Tecnolog\u00eda\">\n<li>\n<div class=\"group flex items-start gap-4\">\n<div class=\"grow space-y-1\">\n<p class=\"!title-5 fw-bold\">Superficie CTRL\u00ae<\/p>\n<p class=\"subtitle-4\">Este compuesto de caucho de suela de base biol\u00f3gica proporciona tracci\u00f3n y durabilidad superiores.<\/p>\n<\/div>\n<\/div>\n<\/li>\n<li>\n<div class=\"group flex items-start gap-4\">\n<div class=\"grow space-y-1\">\n<p class=\"!title-5 fw-bold\">DRYVENT\u2122<\/p>\n<p class=\"subtitle-4\">Los tejidos DryVent\u2122 de dos y tres capas con costuras selladas est\u00e1n dise\u00f1ados para ser impermeables, a prueba de viento y transpirables.<\/p>\n<\/div>\n<p><button id=\"base-collapse-nUfccvMQCJy-7\" class=\"\" type=\"button\" data-test-id=\"base-button\" aria-expanded=\"true\" aria-controls=\"base-collapse-nUfccvMQCJy-7-content\"><span class=\"flex items-center between py-3\" data-test-id=\"vf-accordion-toggle\"><span class=\"title-3\">Caracter\u00edstica<\/span><i class=\"block shrink-0 bg-current transform transition-transform w-$w h-$h\" aria-hidden=\"true\"><\/i><\/span><\/button><\/p>\n<div id=\"base-collapse-nUfccvMQCJy-7-content\" class=\"overflow-hidden duration\" role=\"region\" aria-labelledby=\"base-collapse-nUfccvMQCJy-7\">\n<div class=\"text-sm fw-light\" data-test-id=\"vf-accordion-content\">\n<div class=\"pb-6 pt-2 text-sm c-grey-20\">\n<ul class=\"grid list-disc gap-4 cols-2\" title=\"Caracter\u00edstica\" data-test-id=\"product-details-bulletin\">\n<li class=\"ml-5\">PARTE SUPERIOR: Parte superior fabricada con lona PET 100% reciclada<\/li>\n<li class=\"ml-5\">Collar de cuero<\/li>\n<li class=\"ml-5\">Parche y ribete con logotipo de ante<\/li>\n<li class=\"ml-5\">En The North Face\u00ae, compramos el 100 % de nuestro cuero de curtidur\u00edas certificadas por Leather Working Group.<\/li>\n<li class=\"ml-5\">Membrana impermeable DryVent\u2122<\/li>\n<li class=\"ml-5\">Herrajes met\u00e1licos sin n\u00edquel<\/li>\n<li class=\"ml-5\">Forro de malla de PET 100% reciclado<\/li>\n<li class=\"ml-5\">Leng\u00fceta acolchada para una comodidad inmediata<\/li>\n<li class=\"ml-5\">UNIDAD DE LA SUELA: Entresuela de EVA moldeada<\/li>\n<li class=\"ml-5\">Hasta el 51 % de la espuma de la entresuela EVA est\u00e1 hecha con etileno de origen vegetal en lugar de petr\u00f3leo, seg\u00fan ASTM D6866-16<\/li>\n<li class=\"ml-5\">El clip del tal\u00f3n de TPU moldeado por compresi\u00f3n proporciona mayor estabilidad<\/li>\n<li class=\"ml-5\">La suela de caucho SURFACE CTRL\u2122 est\u00e1 optimizada para el peso y la versatilidad y est\u00e1 hecha con un 10 % de caucho de peque\u00f1os agricultores comprometidos con los principios de agroforester\u00eda y pr\u00e1cticas de agricultura regenerativa.<\/li>\n<\/ul>\n<h3><button id=\"base-collapse-nUfccvMQCJy-6\" class=\"\" type=\"button\" data-test-id=\"base-button\" aria-expanded=\"true\" aria-controls=\"base-collapse-nUfccvMQCJy-6-content\"><span class=\"flex items-center between py-3\" data-test-id=\"vf-accordion-toggle\"><span class=\"title-3\"><span>C\u00f3mo cuidar<\/span><\/span><i class=\"block shrink-0 bg-current transform transition-transform w-$w h-$h\" aria-hidden=\"true\"><\/i><\/span><\/button><\/h3>\n<div id=\"base-collapse-nUfccvMQCJy-6-content\" class=\"overflow-hidden duration\" role=\"region\" aria-labelledby=\"base-collapse-nUfccvMQCJy-6\">\n<div class=\"text-sm fw-light\" data-test-id=\"vf-accordion-content\">\n<div class=\"pb-6 pt-2 text-sm c-grey-20\">\n<ul class=\"space-y-4\" title=\"C\u00f3mo cuidar\">\n<li>\n<div class=\"group flex items-start gap-4\"><img loading=\"lazy\" decoding=\"async\" class=\"contain\" src=\"https:\/\/assets.thenorthface.eu\/image\/upload\/v1728567301\/Howtocare_icon_SpotCleanAfterUse.webp\" alt=\"Limpiar las manchas despu\u00e9s del uso\" width=\"52\" height=\"52\" \/><\/p>\n<div class=\"grow space-y-1\">\n<p class=\"!title-5 fw-bold\"><span>Limpiar las manchas despu\u00e9s del uso<\/span><\/p>\n<p class=\"subtitle-4\"><span>Aseg\u00farate de limpiar tus botas despu\u00e9s de usarlas, ya que el barro y la suciedad que se introducen en la tela pueden provocar el deterioro de las fibras. Es un error com\u00fan lavar las botas a m\u00e1quina. En su lugar, utiliza agua caliente, un trapo y un agente limpiador para limpiar el calzado.<\/span><\/p>\n<\/div>\n<\/div>\n<\/li>\n<li>\n<div class=\"group flex items-start gap-4\"><img loading=\"lazy\" decoding=\"async\" class=\"contain\" src=\"https:\/\/images.thenorthface.com\/is\/image\/TheNorthFaceEU\/fw22_Icon_air_dry?$SCALE-ORIGINAL$\" alt=\"Secar al aire\" width=\"52\" height=\"52\" \/><\/p>\n<div class=\"grow space-y-1\">\n<p class=\"!title-5 fw-bold\"><span>Secar al aire<\/span><\/p>\n<p class=\"subtitle-4\"><span>Para secar, rellene el calzado y d\u00e9jelo secar al aire para obtener mejores resultados.<\/span><\/p>\n<\/div>\n<\/div>\n<h3>Detalles<\/h3>\n<p>Modelo: NF0A8179<br \/>\nSuperior : Lona 100% PET reciclado<br \/>\nUnidad \u00danica: Entresuela de EVA moldeada<\/li>\n<\/ul>\n<\/div>\n<\/div>\n<\/div>\n<\/div>\n<\/div>\n<\/div>\n<\/div>\n<\/li>\n<\/ul>\n<\/div>\n<\/div>\n<\/div>\n<\/li>\n<\/ul>\n<\/div>\n<\/div>\n<\/div>\n<\/div>\n<\/div>\n","protected":false},"excerpt":{"rendered":"<p>BACK TO BERKELEY IV TEXTILE WP Fiel al tama\u00f1o: este calzado es de tama\u00f1o real para brindar un ajuste c\u00f3modo<\/p>\n","protected":false},"featured_media":64940,"comment_status":"open","ping_status":"closed","template":"","meta":{"nf_dc_page":""},"product_brand":[],"product_cat":[73],"product_tag":[],"class_list":{"0":"post-64939","1":"product","2":"type-product","3":"status-publish","4":"has-post-thumbnail","6":"product_cat-femenino","8":"first","9":"instock","10":"shipping-taxable","11":"purchasable","12":"product-type-simple"},"_links":{"self":[{"href":"https:\/\/brandss.com.py\/index\/wp-json\/wp\/v2\/product\/64939","targetHints":{"allow":["GET"]}}],"collection":[{"href":"https:\/\/brandss.com.py\/index\/wp-json\/wp\/v2\/product"}],"about":[{"href":"https:\/\/brandss.com.py\/index\/wp-json\/wp\/v2\/types\/product"}],"replies":[{"embeddable":true,"href":"https:\/\/brandss.com.py\/index\/wp-json\/wp\/v2\/comments?post=64939"}],"version-history":[{"count":1,"href":"https:\/\/brandss.com.py\/index\/wp-json\/wp\/v2\/product\/64939\/revisions"}],"predecessor-version":[{"id":64947,"href":"https:\/\/brandss.com.py\/index\/wp-json\/wp\/v2\/product\/64939\/revisions\/64947"}],"wp:featuredmedia":[{"embeddable":true,"href":"https:\/\/brandss.com.py\/index\/wp-json\/wp\/v2\/media\/64940"}],"wp:attachment":[{"href":"https:\/\/brandss.com.py\/index\/wp-json\/wp\/v2\/media?parent=64939"}],"wp:term":[{"taxonomy":"product_brand","embeddable":true,"href":"https:\/\/brandss.com.py\/index\/wp-json\/wp\/v2\/product_brand?post=64939"},{"taxonomy":"product_cat","embeddable":true,"href":"https:\/\/brandss.com.py\/index\/wp-json\/wp\/v2\/product_cat?post=64939"},{"taxonomy":"product_tag","embeddable":true,"href":"https:\/\/brandss.com.py\/index\/wp-json\/wp\/v2\/product_tag?post=64939"}],"curies":[{"name":"wp","href":"https:\/\/api.w.org\/{rel}","templated":true}]}}