{"id":65157,"date":"2025-01-04T12:22:39","date_gmt":"2025-01-04T12:22:39","guid":{"rendered":"https:\/\/brandss.com.py\/index\/?post_type=product&#038;p=65157"},"modified":"2025-01-04T12:23:36","modified_gmt":"2025-01-04T12:23:36","slug":"vaso-termico-stanley-the-flowstate-quencher-h2-0-tumbler-40-oz-pink","status":"publish","type":"product","link":"https:\/\/brandss.com.py\/index\/producto\/vaso-termico-stanley-the-flowstate-quencher-h2-0-tumbler-40-oz-pink\/","title":{"rendered":"VASO T\u00c9RMICO STANLEY THE FLOWSTATE\u2122 QUENCHER H2.0 TUMBLER 40 OZ PINK"},"content":{"rendered":"<p><img loading=\"lazy\" decoding=\"async\" class=\"\" src=\"https:\/\/brandlogos.net\/wp-content\/uploads\/2021\/12\/stanley_bottle-brandlogo.net_-512x512.png\" alt=\"Download Stanley bottle logo in vector (.SVG + .PDF + .CDR) for free\" width=\"99\" height=\"99\" \/><\/p>\n<h1>THE FLOWSTATE\u2122 QUENCHER H2.0 TUMBLER<\/h1>\n<p>\u201cTu compa\u00f1ero de confianza tanto si est\u00e1s de viaje como si vas a tu clase de spinning matutina\u201d.<\/p>\n<div><span>Este vaso de viaje es justo lo que necesitas para hidratarte durante todo el d\u00eda. Ll\u00e9valo contigo a un entrenamiento de alta intensidad o en un viaje extra largo para mantener tu bebida fr\u00eda durante horas. La tapa tiene una cubierta giratoria con tres posiciones: una abertura para pajita, una boca ancha para beber y una parte superior que cubre todo el vaso para evitar derrames. El tama\u00f1o m\u00e1s grande incluso cabe c\u00f3modamente en el portavasos de tu veh\u00edculo y viene con un asa resistente para transportarlo. *No apto para descuentos ni promociones<\/span><\/div>\n<ul class=\"c-details__list\">\n<li><span>90% acero inoxidable 18\/8 reciclado, libre de BPA<\/span><\/li>\n<li><span>El icono de acero inoxidable reciclado en el interior del vaso indica que su Quencher est\u00e1 hecho de material sustentable<\/span><\/li>\n<li><span>Aislamiento al vac\u00edo de doble pared<\/span><\/li>\n<li><span>Acabado con pintura en polvo<\/span><\/li>\n<li><span>Tapa de rosca de 3 posiciones FlowState\u2122<\/span><\/li>\n<li><span>Pajita reutilizable<\/span><\/li>\n<li><span>Mango de agarre c\u00f3modo<\/span><\/li>\n<li><span>Compatible con portavasos de autom\u00f3vil (di\u00e1metro de la base: 3,1 pulgadas)<\/span><\/li>\n<li><span>Apto para lavavajillas<\/span><\/li>\n<\/ul>\n","protected":false},"excerpt":{"rendered":"<p>THE FLOWSTATE\u2122 QUENCHER H2.0 TUMBLER \u201cTu compa\u00f1ero de confianza tanto si est\u00e1s de viaje como si vas a tu clase<\/p>\n","protected":false},"featured_media":65158,"comment_status":"open","ping_status":"closed","template":"","meta":{"nf_dc_page":""},"product_brand":[],"product_cat":[83],"product_tag":[],"class_list":{"0":"post-65157","1":"product","2":"type-product","3":"status-publish","4":"has-post-thumbnail","6":"product_cat-hogar","8":"first","9":"instock","10":"shipping-taxable","11":"purchasable","12":"product-type-simple"},"_links":{"self":[{"href":"https:\/\/brandss.com.py\/index\/wp-json\/wp\/v2\/product\/65157","targetHints":{"allow":["GET"]}}],"collection":[{"href":"https:\/\/brandss.com.py\/index\/wp-json\/wp\/v2\/product"}],"about":[{"href":"https:\/\/brandss.com.py\/index\/wp-json\/wp\/v2\/types\/product"}],"replies":[{"embeddable":true,"href":"https:\/\/brandss.com.py\/index\/wp-json\/wp\/v2\/comments?post=65157"}],"version-history":[{"count":1,"href":"https:\/\/brandss.com.py\/index\/wp-json\/wp\/v2\/product\/65157\/revisions"}],"predecessor-version":[{"id":65161,"href":"https:\/\/brandss.com.py\/index\/wp-json\/wp\/v2\/product\/65157\/revisions\/65161"}],"wp:featuredmedia":[{"embeddable":true,"href":"https:\/\/brandss.com.py\/index\/wp-json\/wp\/v2\/media\/65158"}],"wp:attachment":[{"href":"https:\/\/brandss.com.py\/index\/wp-json\/wp\/v2\/media?parent=65157"}],"wp:term":[{"taxonomy":"product_brand","embeddable":true,"href":"https:\/\/brandss.com.py\/index\/wp-json\/wp\/v2\/product_brand?post=65157"},{"taxonomy":"product_cat","embeddable":true,"href":"https:\/\/brandss.com.py\/index\/wp-json\/wp\/v2\/product_cat?post=65157"},{"taxonomy":"product_tag","embeddable":true,"href":"https:\/\/brandss.com.py\/index\/wp-json\/wp\/v2\/product_tag?post=65157"}],"curies":[{"name":"wp","href":"https:\/\/api.w.org\/{rel}","templated":true}]}}