{"id":65193,"date":"2025-01-04T16:57:02","date_gmt":"2025-01-04T16:57:02","guid":{"rendered":"https:\/\/brandss.com.py\/index\/?post_type=product&#038;p=65193"},"modified":"2025-12-11T13:52:40","modified_gmt":"2025-12-11T13:52:40","slug":"bruma-corporal-femenino-c-secret-whispering-flames-150ml","status":"publish","type":"product","link":"https:\/\/brandss.com.py\/index\/producto\/bruma-corporal-femenino-c-secret-whispering-flames-150ml\/","title":{"rendered":"BRUMA CORPORAL FEMENINO C SECRET WHISPERING FLAMES 150ML"},"content":{"rendered":"<div class=\"flex-shrink-0 flex flex-col relative items-end\">\n<div>\n<div class=\"pt-0\">\n<div class=\"gizmo-bot-avatar flex h-8 w-8 items-center justify-center overflow-hidden rounded-full\">\n<div class=\"relative p-1 rounded-sm flex items-center justify-center bg-token-main-surface-primary text-token-text-primary h-8 w-8\"><\/div>\n<\/div>\n<\/div>\n<\/div>\n<\/div>\n<div class=\"group\/conversation-turn relative flex w-full min-w-0 flex-col agent-turn\">\n<div class=\"flex-col gap-1 md:gap-3\">\n<div class=\"flex max-w-full flex-col flex-grow\">\n<div class=\"min-h-8 text-message flex w-full flex-col items-end gap-2 whitespace-normal break-words text-start [.text-message+&amp;]:mt-5\" dir=\"auto\" data-message-author-role=\"assistant\" data-message-id=\"0b7fb306-a08a-4330-b375-0cef15340ad5\" data-message-model-slug=\"gpt-4o-mini\">\n<div class=\"flex w-full flex-col gap-1 empty:hidden first:pt-[3px]\">\n<div class=\"markdown prose w-full break-words dark:prose-invert light\">\n<p><span>La <\/span><strong><span>Bruma Corporal Whispering Flames<\/span><\/strong><span> de 150 ml es una fragancia ligera y envolvente, dise\u00f1ada para dejar la piel suave, hidratada y delicadamente perfumada. Con una textura fresca y de r\u00e1pida absorci\u00f3n, esta bruma se convierte en una opci\u00f3n perfecta para quienes buscan una experiencia sensorial sutil pero duradera.<\/span><\/p>\n<h3><span>Caracter\u00edsticas olfativas:<\/span><\/h3>\n<ul>\n<li><strong><span>Notas de salida<\/span><\/strong><span> : Las primeras notas de la bruma son refrescantes y afrutadas, con ligeros toques c\u00edtricos que despiertan los sentidos.<\/span><\/li>\n<li><strong><span>Notas de coraz\u00f3n<\/span><\/strong><span> : Un delicado acorde floral, con toques de flores blancas y un suave jazm\u00edn, que aporta un toque femenino y suave al aroma.<\/span><\/li>\n<li><strong><span>Notas de fondo<\/span><\/strong><span> : Su base es c\u00e1lida y reconfortante, con notas de \u00e1mbar, almizcle y un toque de maderas que proporcionan una profundidad y durabilidad sutil pero agradable.<\/span><\/li>\n<\/ul>\n<p><span>El dise\u00f1o de la botella, que mantiene la elegancia y el estilo caracter\u00edstico de la l\u00ednea <\/span><strong><span>Whispering Flames<\/span><\/strong><span> , es ideal para usar a lo largo del d\u00eda, ya sea como un toque refrescante o como un perfume m\u00e1s ligero para la piel. Su fragancia es ideal para quienes prefieren un perfume suave pero c\u00f3modo.<\/span><\/p>\n<\/div>\n<\/div>\n<\/div>\n<\/div>\n<\/div>\n<\/div>\n","protected":false},"excerpt":{"rendered":"<p>La Bruma Corporal Whispering Flames de 150 ml es una fragancia ligera y envolvente, dise\u00f1ada para dejar la piel suave,<\/p>\n","protected":false},"featured_media":65194,"comment_status":"open","ping_status":"closed","template":"","meta":{"nf_dc_page":""},"product_brand":[1866],"product_cat":[84],"product_tag":[1874],"class_list":{"0":"post-65193","1":"product","2":"type-product","3":"status-publish","4":"has-post-thumbnail","6":"product_brand-c-secret","7":"product_cat-perfumeria","8":"product_tag-1874","10":"first","11":"instock","12":"shipping-taxable","13":"purchasable","14":"product-type-simple"},"_links":{"self":[{"href":"https:\/\/brandss.com.py\/index\/wp-json\/wp\/v2\/product\/65193","targetHints":{"allow":["GET"]}}],"collection":[{"href":"https:\/\/brandss.com.py\/index\/wp-json\/wp\/v2\/product"}],"about":[{"href":"https:\/\/brandss.com.py\/index\/wp-json\/wp\/v2\/types\/product"}],"replies":[{"embeddable":true,"href":"https:\/\/brandss.com.py\/index\/wp-json\/wp\/v2\/comments?post=65193"}],"version-history":[{"count":1,"href":"https:\/\/brandss.com.py\/index\/wp-json\/wp\/v2\/product\/65193\/revisions"}],"predecessor-version":[{"id":65195,"href":"https:\/\/brandss.com.py\/index\/wp-json\/wp\/v2\/product\/65193\/revisions\/65195"}],"wp:featuredmedia":[{"embeddable":true,"href":"https:\/\/brandss.com.py\/index\/wp-json\/wp\/v2\/media\/65194"}],"wp:attachment":[{"href":"https:\/\/brandss.com.py\/index\/wp-json\/wp\/v2\/media?parent=65193"}],"wp:term":[{"taxonomy":"product_brand","embeddable":true,"href":"https:\/\/brandss.com.py\/index\/wp-json\/wp\/v2\/product_brand?post=65193"},{"taxonomy":"product_cat","embeddable":true,"href":"https:\/\/brandss.com.py\/index\/wp-json\/wp\/v2\/product_cat?post=65193"},{"taxonomy":"product_tag","embeddable":true,"href":"https:\/\/brandss.com.py\/index\/wp-json\/wp\/v2\/product_tag?post=65193"}],"curies":[{"name":"wp","href":"https:\/\/api.w.org\/{rel}","templated":true}]}}