{"id":65508,"date":"2025-01-08T14:25:33","date_gmt":"2025-01-08T14:25:33","guid":{"rendered":"https:\/\/brandss.com.py\/index\/?post_type=product&#038;p=65508"},"modified":"2025-01-08T14:27:23","modified_gmt":"2025-01-08T14:27:23","slug":"pantalon-casual-femenino-hugo-boss-jeans-cropped-2","status":"publish","type":"product","link":"https:\/\/brandss.com.py\/index\/producto\/pantalon-casual-femenino-hugo-boss-jeans-cropped-2\/","title":{"rendered":"PANTAL\u00d3N CASUAL FEMENINO HUGO BOSS JEANS CROPPED"},"content":{"rendered":"<p><img loading=\"lazy\" decoding=\"async\" class=\"\" src=\"https:\/\/seeklogo.com\/images\/H\/hugo-boss-logo-BD6CF8416D-seeklogo.com.png\" alt=\"Hugo Boss Logo PNG Vector (EPS) Free Download\" width=\"77\" height=\"77\" \/><\/p>\n<h1>JEANS CROPPED<\/h1>\n<div class=\"ProductActive__descriptionParagraph__UR7wG\"><span>Vaqueros pitillo de talle alto y pernera ancha de Boss Orange. Modelo confeccionado en denim lavado. Tejido extremadamente c\u00f3modo con un alto contenido de algod\u00f3n.<\/span><\/div>\n<div><\/div>\n<ul>\n<li class=\"ProductActive__descriptionParagraph__UR7wG\"><span>Este producto est\u00e1 elaborado parcialmente con algod\u00f3n org\u00e1nico certificado, cultivado y cosechado a partir de plantas no transg\u00e9nicas, sin el uso de fertilizantes ni pesticidas. El proceso de producci\u00f3n del algod\u00f3n org\u00e1nico es m\u00e1s respetuoso con el medio ambiente y los productos elaborados con \u00e9l.<\/span><\/li>\n<li class=\"ProductActive__descriptionParagraph__UR7wG\"><span>Vaqueros holgados en caderas y muslos.<\/span><\/li>\n<li class=\"ProductActive__descriptionParagraph__UR7wG\"><span>Dos bolsillos laterales con aberturas.<\/span><\/li>\n<li class=\"ProductActive__descriptionParagraph__UR7wG\"><span>Dos bolsillos laterales de ribete en el bajo.<\/span><\/li>\n<li class=\"ProductActive__descriptionParagraph__UR7wG\">Forro: 65% Poli\u00e9ster, 35% Algod\u00f3n.<\/li>\n<li class=\"ProductActive__descriptionParagraph__UR7wG\">Material principal: 99% Algod\u00f3n, 1% Elastano.<\/li>\n<li class=\"ProductActive__descriptionParagraph__UR7wG\">Forro del bolsillo: 65% Poli\u00e9ster, 35% Algod\u00f3n.<\/li>\n<li>Color: Negro.<\/li>\n<li>Modelo: 50504644.<\/li>\n<\/ul>\n","protected":false},"excerpt":{"rendered":"<p>JEANS CROPPED Vaqueros pitillo de talle alto y pernera ancha de Boss Orange. Modelo confeccionado en denim lavado. Tejido extremadamente<\/p>\n","protected":false},"featured_media":65509,"comment_status":"open","ping_status":"closed","template":"","meta":{"nf_dc_page":""},"product_brand":[],"product_cat":[73],"product_tag":[],"class_list":{"0":"post-65508","1":"product","2":"type-product","3":"status-publish","4":"has-post-thumbnail","6":"product_cat-femenino","8":"first","9":"instock","10":"shipping-taxable","11":"purchasable","12":"product-type-simple"},"_links":{"self":[{"href":"https:\/\/brandss.com.py\/index\/wp-json\/wp\/v2\/product\/65508","targetHints":{"allow":["GET"]}}],"collection":[{"href":"https:\/\/brandss.com.py\/index\/wp-json\/wp\/v2\/product"}],"about":[{"href":"https:\/\/brandss.com.py\/index\/wp-json\/wp\/v2\/types\/product"}],"replies":[{"embeddable":true,"href":"https:\/\/brandss.com.py\/index\/wp-json\/wp\/v2\/comments?post=65508"}],"version-history":[{"count":2,"href":"https:\/\/brandss.com.py\/index\/wp-json\/wp\/v2\/product\/65508\/revisions"}],"predecessor-version":[{"id":65514,"href":"https:\/\/brandss.com.py\/index\/wp-json\/wp\/v2\/product\/65508\/revisions\/65514"}],"wp:featuredmedia":[{"embeddable":true,"href":"https:\/\/brandss.com.py\/index\/wp-json\/wp\/v2\/media\/65509"}],"wp:attachment":[{"href":"https:\/\/brandss.com.py\/index\/wp-json\/wp\/v2\/media?parent=65508"}],"wp:term":[{"taxonomy":"product_brand","embeddable":true,"href":"https:\/\/brandss.com.py\/index\/wp-json\/wp\/v2\/product_brand?post=65508"},{"taxonomy":"product_cat","embeddable":true,"href":"https:\/\/brandss.com.py\/index\/wp-json\/wp\/v2\/product_cat?post=65508"},{"taxonomy":"product_tag","embeddable":true,"href":"https:\/\/brandss.com.py\/index\/wp-json\/wp\/v2\/product_tag?post=65508"}],"curies":[{"name":"wp","href":"https:\/\/api.w.org\/{rel}","templated":true}]}}