{"id":65515,"date":"2025-01-08T14:54:59","date_gmt":"2025-01-08T14:54:59","guid":{"rendered":"https:\/\/brandss.com.py\/index\/?post_type=product&#038;p=65515"},"modified":"2025-01-08T16:07:08","modified_gmt":"2025-01-08T16:07:08","slug":"pantalon-casual-femenino-hugo-boss-jeans-hugo-935","status":"publish","type":"product","link":"https:\/\/brandss.com.py\/index\/producto\/pantalon-casual-femenino-hugo-boss-jeans-hugo-935\/","title":{"rendered":"PANTAL\u00d3N CASUAL FEMENINO HUGO BOSS JEANS HUGO 935"},"content":{"rendered":"<p><img loading=\"lazy\" decoding=\"async\" class=\"\" src=\"https:\/\/seeklogo.com\/images\/H\/hugo-boss-logo-BD6CF8416D-seeklogo.com.png\" alt=\"Hugo Boss Logo PNG Vector (EPS) Free Download\" width=\"94\" height=\"94\" \/><\/p>\n<h1>JEANS HUGO 935<\/h1>\n<p class=\"text-t14 m_1200:text-t16\"><span>Pantal\u00f3n vaquero de mujer HUGO 935 confeccionado en algod\u00f3n, viscosa y poli\u00e9ster reciclado, color negro.<\/span><\/p>\n<p class=\"text-t16 text-dark-gray line-through mt-s15 mb-s20 m_1200:text-t20 m_1200:mt-s20 m_1200:mb-s40\">\n<p><span>\u2022 MATERIAL: Confeccionados con 52% algod\u00f3n reciclado, 36% viscosa y 12% poli\u00e9ster reciclado, estos jeans brindan comodidad y sostenibilidad ambiental.<\/span><\/p>\n<p class=\"text-t16 text-dark-gray line-through mt-s15 mb-s20 m_1200:text-t20 m_1200:mt-s20 m_1200:mb-s40\"><span>\u00a0<\/span><\/p>\n<p><span>\u2022 COLOR: El cl\u00e1sico color negro permite una f\u00e1cil combinaci\u00f3n con diferentes estilos y ocasiones.<\/span><\/p>\n<p class=\"text-t16 text-dark-gray line-through mt-s15 mb-s20 m_1200:text-t20 m_1200:mt-s20 m_1200:mb-s40\"><span>\u00a0<\/span><\/p>\n<p><span>\u2022 DISE\u00d1O: Un corte moderno con cintura alta y piernas rectas proporciona una apariencia elegante y comodidad durante todo el d\u00eda.<\/span><\/p>\n<p>Modelo: 50502040<\/p>\n","protected":false},"excerpt":{"rendered":"<p>JEANS HUGO 935 Pantal\u00f3n vaquero de mujer HUGO 935 confeccionado en algod\u00f3n, viscosa y poli\u00e9ster reciclado, color negro. \u2022 MATERIAL:<\/p>\n","protected":false},"featured_media":65516,"comment_status":"open","ping_status":"closed","template":"","meta":{"nf_dc_page":""},"product_brand":[],"product_cat":[73],"product_tag":[],"class_list":{"0":"post-65515","1":"product","2":"type-product","3":"status-publish","4":"has-post-thumbnail","6":"product_cat-femenino","8":"first","9":"instock","10":"shipping-taxable","11":"purchasable","12":"product-type-simple"},"_links":{"self":[{"href":"https:\/\/brandss.com.py\/index\/wp-json\/wp\/v2\/product\/65515","targetHints":{"allow":["GET"]}}],"collection":[{"href":"https:\/\/brandss.com.py\/index\/wp-json\/wp\/v2\/product"}],"about":[{"href":"https:\/\/brandss.com.py\/index\/wp-json\/wp\/v2\/types\/product"}],"replies":[{"embeddable":true,"href":"https:\/\/brandss.com.py\/index\/wp-json\/wp\/v2\/comments?post=65515"}],"version-history":[{"count":1,"href":"https:\/\/brandss.com.py\/index\/wp-json\/wp\/v2\/product\/65515\/revisions"}],"predecessor-version":[{"id":65518,"href":"https:\/\/brandss.com.py\/index\/wp-json\/wp\/v2\/product\/65515\/revisions\/65518"}],"wp:featuredmedia":[{"embeddable":true,"href":"https:\/\/brandss.com.py\/index\/wp-json\/wp\/v2\/media\/65516"}],"wp:attachment":[{"href":"https:\/\/brandss.com.py\/index\/wp-json\/wp\/v2\/media?parent=65515"}],"wp:term":[{"taxonomy":"product_brand","embeddable":true,"href":"https:\/\/brandss.com.py\/index\/wp-json\/wp\/v2\/product_brand?post=65515"},{"taxonomy":"product_cat","embeddable":true,"href":"https:\/\/brandss.com.py\/index\/wp-json\/wp\/v2\/product_cat?post=65515"},{"taxonomy":"product_tag","embeddable":true,"href":"https:\/\/brandss.com.py\/index\/wp-json\/wp\/v2\/product_tag?post=65515"}],"curies":[{"name":"wp","href":"https:\/\/api.w.org\/{rel}","templated":true}]}}