{"id":65713,"date":"2025-01-10T16:59:08","date_gmt":"2025-01-10T16:59:08","guid":{"rendered":"https:\/\/brandss.com.py\/index\/?post_type=product&#038;p=65713"},"modified":"2025-12-11T14:04:26","modified_gmt":"2025-12-11T14:04:26","slug":"perfume-femenino-jean-paul-gaultier-divine-le-parfum-intense-edp-100ml","status":"publish","type":"product","link":"https:\/\/brandss.com.py\/index\/producto\/perfume-femenino-jean-paul-gaultier-divine-le-parfum-intense-edp-100ml\/","title":{"rendered":"PERFUME FEMENINO JEAN PAUL GAULTIER DIVINE LE PARFUM INTENSE EDP 100ML"},"content":{"rendered":"<p><img loading=\"lazy\" decoding=\"async\" class=\"\" src=\"https:\/\/1000marcas.net\/wp-content\/uploads\/2020\/02\/logo-Jean-Paul-Gaultier.png\" alt=\"Jean-Paul Gaultier Logo - s\u00edmbolo, significado logotipo, historia, PNG\" width=\"134\" height=\"75\" \/><\/p>\n<h1>DIVINE LE PARFUM INTENSE<\/h1>\n<p><span>Desde 1976, las reinas de las pasarelas de Jean Paul Gaultier nos han deslumbrado con su singularidad y diversidad en todas sus creaciones. Audazmente brillantes y orgullosas de ser ellas mismas sin miedo. Celebrando su belleza en todas sus formas. Gaultier Divine Le Parfum rinde homenaje a su divinidad solar dorada y radiante en su ic\u00f3nico cors\u00e9 c\u00f3nico. Bendecido con una nueva intensidad floral ambarina, su aura irradia como ninguna otra bajo la estrella en su cenit. M\u00e1s poderosa y m\u00e1s sensual que nunca. \u00bfQu\u00e9 podr\u00eda ser m\u00e1s divino que ser mujer?<\/span><\/p>\n<h4><span>LA FRAGANCIA<img loading=\"lazy\" decoding=\"async\" class=\"alignright\" src=\"https:\/\/media.theperfumeshop.com\/medias\/sys_master\/root\/h57\/h2a\/9924851040286\/JPG-GAULTIER-DIVINERE2024_SJP-36683_JPG-EMBODIED-VISUALS-GAULTIER-DIVINE-LP-24\/JPG-GAULTIER-DIVINERE2024-SJP-36683-JPG-EMBODIED-VISUALS-GAULTIER-DIVINE-LP-24.jpg\" width=\"246\" height=\"246\" \/><\/span><\/h4>\n<p><span>UNA FRAGANCIA FLORAL \u00c1MBAR INTENSAMENTE DIVINA. S\u00e9 t\u00fa mismo, divino y sensual con este eau de parfum que es a\u00fan m\u00e1s intenso y atrevido que el original. El lirio espectacular y el frangipani radiante otorgan su deslumbrante energ\u00eda solar. El beso salado de Gaultier Divine abraza la c\u00e1lida opulencia del benju\u00ed y la indulgencia gourmand a\u00e9rea de un irresistible merengue. Ser\u00e1s coronado con una adicci\u00f3n completamente nueva que es tan seductora como radiante. \u00a0<\/span><\/p>\n<h4><span>LA BOTELLA<\/span><\/h4>\n<p><span>SU CORS\u00c9 BRILLANTE. Bajo un sol abrasador, el famoso cors\u00e9 brilla con un brillo dorado inigualable, irresistiblemente m\u00e1s intenso y carism\u00e1tico. Las curvas desinhibidas y el busto c\u00f3nico envuelto en un metal extravagante con nervaduras doradas celebran una feminidad solar con un esp\u00edritu ind\u00f3mito. Su poder omnipotente es divino y radiante.<\/span><\/p>\n<h3>Notas Olfativas<\/h3>\n<p><img loading=\"lazy\" decoding=\"async\" class=\"alignleft\" src=\"https:\/\/www.giraofertas.com.br\/wp-content\/uploads\/2024\/10\/Gaultier-Divine-Le-Parfum-Jean-Paul-Gaultier-Eau-de-Parfum-Intense-Feminino-18.jpg\" width=\"628\" height=\"628\" \/><\/p>\n<p>Un Aroma Floral Ambarino Intensamente Divino<\/p>\n<p><span>Pon tu mundo patas arriba con el resplandor solar de\u00a0<\/span>Gaultier Divine Le Parfum<span>.\u00a0<\/span><span>Una fragancia solar y femenina, en cualquier lugar, en todas partes\u2026\u00a0<\/span>Feminidad en su m\u00e1xima expresi\u00f3n. <span>Facetas solares ampliadas, un toque de audacia y m\u00e1s sensualidad firman esta intensa expresi\u00f3n del acorde original. <\/span><span>El majestuoso lirio se entrelaza con los ardientes p\u00e9talos de una flor de Frangipani, infundiendo una feminidad luminosa divinamente sexy. <\/span><span>Precious Benzoin realza la estela con su opulencia ambarina, mientras que un beso salado deja su toque fresco.<\/span><\/p>\n<p>Perfume Jean Paul Gaultrier Divine Le Parfum Intense EDP, es una fragancia de la familia olfativa Oriental floral para mujeres con un aroma envolvente y sofisticado. Sus notas est\u00e1n compuestas por los siguientes ingredientes.<\/p>\n<ul>\n<li><span><strong>Familia de fragancias:<\/strong> Floral ambarino\n<p><\/span><\/li>\n<li><span><strong>Notas de salida:<\/strong> Solares y azucena.<\/span><\/li>\n<li><strong>Notas de coraz\u00f3n: <\/strong>Frangipani (plumeria, plumaria, atapaima) y sal de mar.<\/li>\n<li><span><strong>Notas de base:<\/strong> \u00c1mbar y benju\u00ed.<\/span><\/li>\n<\/ul>\n","protected":false},"excerpt":{"rendered":"<p>DIVINE LE PARFUM INTENSE Desde 1976, las reinas de las pasarelas de Jean Paul Gaultier nos han deslumbrado con su<\/p>\n","protected":false},"featured_media":65714,"comment_status":"open","ping_status":"closed","template":"","meta":{"nf_dc_page":""},"product_brand":[127],"product_cat":[84],"product_tag":[1894],"class_list":{"0":"post-65713","1":"product","2":"type-product","3":"status-publish","4":"has-post-thumbnail","6":"product_brand-jean-paul-gaultier","7":"product_cat-perfumeria","8":"product_tag-1894","10":"first","11":"instock","12":"shipping-taxable","13":"purchasable","14":"product-type-simple"},"_links":{"self":[{"href":"https:\/\/brandss.com.py\/index\/wp-json\/wp\/v2\/product\/65713","targetHints":{"allow":["GET"]}}],"collection":[{"href":"https:\/\/brandss.com.py\/index\/wp-json\/wp\/v2\/product"}],"about":[{"href":"https:\/\/brandss.com.py\/index\/wp-json\/wp\/v2\/types\/product"}],"replies":[{"embeddable":true,"href":"https:\/\/brandss.com.py\/index\/wp-json\/wp\/v2\/comments?post=65713"}],"version-history":[{"count":1,"href":"https:\/\/brandss.com.py\/index\/wp-json\/wp\/v2\/product\/65713\/revisions"}],"predecessor-version":[{"id":65730,"href":"https:\/\/brandss.com.py\/index\/wp-json\/wp\/v2\/product\/65713\/revisions\/65730"}],"wp:featuredmedia":[{"embeddable":true,"href":"https:\/\/brandss.com.py\/index\/wp-json\/wp\/v2\/media\/65714"}],"wp:attachment":[{"href":"https:\/\/brandss.com.py\/index\/wp-json\/wp\/v2\/media?parent=65713"}],"wp:term":[{"taxonomy":"product_brand","embeddable":true,"href":"https:\/\/brandss.com.py\/index\/wp-json\/wp\/v2\/product_brand?post=65713"},{"taxonomy":"product_cat","embeddable":true,"href":"https:\/\/brandss.com.py\/index\/wp-json\/wp\/v2\/product_cat?post=65713"},{"taxonomy":"product_tag","embeddable":true,"href":"https:\/\/brandss.com.py\/index\/wp-json\/wp\/v2\/product_tag?post=65713"}],"curies":[{"name":"wp","href":"https:\/\/api.w.org\/{rel}","templated":true}]}}