{"id":65731,"date":"2025-01-10T17:31:37","date_gmt":"2025-01-10T17:31:37","guid":{"rendered":"https:\/\/brandss.com.py\/index\/?post_type=product&#038;p=65731"},"modified":"2025-01-10T17:32:15","modified_gmt":"2025-01-10T17:32:15","slug":"short-deportivo-femenino-adidas-adicolor","status":"publish","type":"product","link":"https:\/\/brandss.com.py\/index\/producto\/short-deportivo-femenino-adidas-adicolor\/","title":{"rendered":"SHORT DEPORTIVO FEMENINO ADIDAS ADICOLOR"},"content":{"rendered":"<p><img loading=\"lazy\" decoding=\"async\" class=\"\" src=\"https:\/\/upload.wikimedia.org\/wikipedia\/commons\/f\/fe\/Logo_Adidas.png\" alt=\"Archivo:Logo Adidas.png - Wikipedia, la enciclopedia libre\" width=\"92\" height=\"61\" \/><\/p>\n<h1>ADICOLOR<\/h1>\n<p>Pantal\u00f3n corto de la colecci\u00f3n adidas Originals. El modelo est\u00e1 fabricado de material liso. Este producto pertenece a la l\u00ednea de productos adidas End Plastic Waste, que est\u00e1 fabricado con materiales reciclados. Iniciativa Mejor Algod\u00f3n. Los productos marcados con esta marca contienen al menos un 50 % de algod\u00f3n de un vendedor o marca que forma parte de la iniciativa Better Cotton e invierte en el desarrollo de BCI.<\/p>\n<ul>\n<li><span>Dise\u00f1o sencillo.<\/span><\/li>\n<li><span>Bolsillos interiores.<\/span><\/li>\n<li><span>Cintura m\u00e1s alta.<\/span><\/li>\n<li><span>Ancho de cintura ajustable con cordones.<\/span><\/li>\n<li><span>Tira el\u00e1stica en la cintura.<\/span><\/li>\n<li><span>Material liso.<\/span><\/li>\n<li>Material principal: 100% Algod\u00f3n.<\/li>\n<li>Inserciones: 3% Elastano, 97% Poli\u00e9ster reciclado.<\/li>\n<li>Forro del bolsillo: 100% Algod\u00f3n<\/li>\n<li>Color: Negro.<\/li>\n<li>Modelo: HC7036.<\/li>\n<\/ul>\n","protected":false},"excerpt":{"rendered":"<p>ADICOLOR Pantal\u00f3n corto de la colecci\u00f3n adidas Originals. El modelo est\u00e1 fabricado de material liso. Este producto pertenece a la<\/p>\n","protected":false},"featured_media":65732,"comment_status":"open","ping_status":"closed","template":"","meta":{"nf_dc_page":""},"product_brand":[],"product_cat":[73],"product_tag":[],"class_list":{"0":"post-65731","1":"product","2":"type-product","3":"status-publish","4":"has-post-thumbnail","6":"product_cat-femenino","8":"first","9":"instock","10":"shipping-taxable","11":"purchasable","12":"product-type-simple"},"_links":{"self":[{"href":"https:\/\/brandss.com.py\/index\/wp-json\/wp\/v2\/product\/65731","targetHints":{"allow":["GET"]}}],"collection":[{"href":"https:\/\/brandss.com.py\/index\/wp-json\/wp\/v2\/product"}],"about":[{"href":"https:\/\/brandss.com.py\/index\/wp-json\/wp\/v2\/types\/product"}],"replies":[{"embeddable":true,"href":"https:\/\/brandss.com.py\/index\/wp-json\/wp\/v2\/comments?post=65731"}],"version-history":[{"count":1,"href":"https:\/\/brandss.com.py\/index\/wp-json\/wp\/v2\/product\/65731\/revisions"}],"predecessor-version":[{"id":65740,"href":"https:\/\/brandss.com.py\/index\/wp-json\/wp\/v2\/product\/65731\/revisions\/65740"}],"wp:featuredmedia":[{"embeddable":true,"href":"https:\/\/brandss.com.py\/index\/wp-json\/wp\/v2\/media\/65732"}],"wp:attachment":[{"href":"https:\/\/brandss.com.py\/index\/wp-json\/wp\/v2\/media?parent=65731"}],"wp:term":[{"taxonomy":"product_brand","embeddable":true,"href":"https:\/\/brandss.com.py\/index\/wp-json\/wp\/v2\/product_brand?post=65731"},{"taxonomy":"product_cat","embeddable":true,"href":"https:\/\/brandss.com.py\/index\/wp-json\/wp\/v2\/product_cat?post=65731"},{"taxonomy":"product_tag","embeddable":true,"href":"https:\/\/brandss.com.py\/index\/wp-json\/wp\/v2\/product_tag?post=65731"}],"curies":[{"name":"wp","href":"https:\/\/api.w.org\/{rel}","templated":true}]}}