{"id":65787,"date":"2025-01-11T11:41:10","date_gmt":"2025-01-11T11:41:10","guid":{"rendered":"https:\/\/brandss.com.py\/index\/?post_type=product&#038;p=65787"},"modified":"2025-01-11T11:42:54","modified_gmt":"2025-01-11T11:42:54","slug":"short-deportivo-femenino-adidas-adicolor-plisse-wonder","status":"publish","type":"product","link":"https:\/\/brandss.com.py\/index\/producto\/short-deportivo-femenino-adidas-adicolor-plisse-wonder\/","title":{"rendered":"SHORT DEPORTIVO FEMENINO ADIDAS ADICOLOR PLISSE WONDER"},"content":{"rendered":"<p><img loading=\"lazy\" decoding=\"async\" class=\"\" src=\"https:\/\/upload.wikimedia.org\/wikipedia\/commons\/f\/fe\/Logo_Adidas.png\" alt=\"Archivo:Logo Adidas.png - Wikipedia, la enciclopedia libre\" width=\"95\" height=\"63\" \/><\/p>\n<h1>ADICOLOR PLISSE WONDER<\/h1>\n<div>\n<p>La moda y la funcionalidad se combinan en estos pantalones cortos adidas, que realzan el estilo deportivo cotidiano con un toque sofisticado. El material plisado ligero tiene una forma fluida y se ajusta perfectamente a la cintura con una cintura el\u00e1stica con cord\u00f3n. Los bolsillos laterales te permiten guardar tus objetos esenciales cuando est\u00e1s en movimiento.<\/p>\n<h3>Ayudamos a reducir el uso de materiales v\u00edrgenes<\/h3>\n<p>Generados a partir de desechos de producci\u00f3n, por ejemplo, restos de corte y desechos dom\u00e9sticos posconsumo, para evitar el mayor impacto ambiental que supone producir contenido virgen.<\/p>\n<h3>Colecci\u00f3n Adicolor<\/h3>\n<p>La colecci\u00f3n Adicolor, que rinde homenaje al ADN de adidas, muestra el poder y la autenticidad de su herencia.<\/p>\n<h3>Plisado divertido<\/h3>\n<p>Conocido por marcar tendencia durante d\u00e9cadas, el sofisticado tejido plisado realza cualquier atuendo con un toque de sutileza.<\/p>\n<\/div>\n<div class=\"ProductFeatures_wrapper_3TGar\">\n<div>\n<h4 class=\"Heading_heading_1dtHt Heading_margin_Zz8sK\">Materiales<\/h4>\n<div class=\"Materials_wrapper_3DRez\">\n<div class=\"PropertyItem_wrapper_1GZ_b\">\n<p><span class=\"PropertyItem_label_39ZZn\"><strong>Material exterior<\/strong><\/span><\/p>\n<p class=\"PropertyItem_breakLine_1xw5t\"><span class=\"PropertyItem_value_2D-vk\">100% poli\u00e9ster reciclado<\/span><\/p>\n<\/div>\n<div class=\"PropertyItem_wrapper_1GZ_b\">\n<p><span class=\"PropertyItem_label_39ZZn\"><strong>Recubrimiento<\/strong><\/span><\/p>\n<p class=\"PropertyItem_breakLine_1xw5t\"><span class=\"PropertyItem_value_2D-vk\">100% algod\u00f3n<\/span><\/p>\n<\/div>\n<div class=\"PropertyItem_wrapper_1GZ_b\">\n<p><span class=\"PropertyItem_label_39ZZn\"><strong>Instrucciones de cuidado<\/strong><\/span><\/p>\n<p class=\"PropertyItem_breakLine_1xw5t\"><span class=\"PropertyItem_value_2D-vk\">No secar en secadora.<\/span><\/p>\n<p class=\"PropertyItem_breakLine_1xw5t\"><span class=\"PropertyItem_value_2D-vk\">Lavable en lavadora a 30\u00ba<\/span><\/p>\n<p class=\"PropertyItem_breakLine_1xw5t\"><span class=\"PropertyItem_value_2D-vk\">No utilice suavizante de telas.<\/span><\/p>\n<p class=\"PropertyItem_breakLine_1xw5t\"><span class=\"PropertyItem_value_2D-vk\">Utilice \u00fanicamente detergentes suaves para lavar.<\/span><\/p>\n<p class=\"PropertyItem_breakLine_1xw5t\"><span class=\"PropertyItem_value_2D-vk\">Lavar con ropa del mismo color.<\/span><\/p>\n<p class=\"PropertyItem_breakLine_1xw5t\"><span class=\"PropertyItem_value_2D-vk\">No utilizar lej\u00eda<\/span><\/p>\n<p class=\"PropertyItem_breakLine_1xw5t\"><span class=\"PropertyItem_value_2D-vk\">No limpie qu\u00edmicamente<\/span><\/p>\n<p class=\"PropertyItem_breakLine_1xw5t\"><span class=\"PropertyItem_value_2D-vk\">Planchar a temperatura m\u00ednima<\/span><\/p>\n<\/div>\n<\/div>\n<\/div>\n<div>\n<h4 class=\"Heading_heading_1dtHt Heading_margin_Zz8sK\">Detalle<\/h4>\n<div class=\"Details_wrapper_hHaf7\">\n<div>\n<div class=\"PropertyItem_wrapper_1GZ_b PropertyItem_inline_1oqw4\"><\/div>\n<div class=\"PropertyItem_wrapper_1GZ_b PropertyItem_inline_1oqw4\"><span class=\"PropertyItem_label_39ZZn\"><strong>Temporada<\/strong><\/span>\u00a0:\u00a0Verano<\/div>\n<div class=\"PropertyItem_wrapper_1GZ_b PropertyItem_inline_1oqw4\"><span class=\"PropertyItem_label_39ZZn\"><strong>Ajuste<\/strong><\/span>\u00a0:\u00a0Holgado<\/div>\n<div class=\"PropertyItem_wrapper_1GZ_b PropertyItem_inline_1oqw4\"><span class=\"PropertyItem_label_39ZZn\"><strong>Bolsillos<\/strong><\/span>\u00a0:\u00a0bolsillos laterales<\/div>\n<div class=\"PropertyItem_wrapper_1GZ_b PropertyItem_inline_1oqw4\"><span class=\"PropertyItem_label_39ZZn\"><strong>Cierre<\/strong><\/span>\u00a0:\u00a0Cord\u00f3n<\/div>\n<div class=\"PropertyItem_wrapper_1GZ_b PropertyItem_inline_1oqw4\"><span class=\"PropertyItem_label_39ZZn\"><strong>Pernera del pantal\u00f3n<\/strong><\/span>\u00a0:\u00a0pantalones cortos<\/div>\n<div class=\"PropertyItem_wrapper_1GZ_b PropertyItem_inline_1oqw4\"><span class=\"PropertyItem_label_39ZZn\"><strong>Detalles<\/strong><\/span>\u00a0:\u00a0Aplique con logo.<\/div>\n<div class=\"PropertyItem_wrapper_1GZ_b PropertyItem_inline_1oqw4\"><span class=\"PropertyItem_label_39ZZn\"><strong>Color<\/strong><\/span>\u00a0:Beige<\/div>\n<\/div>\n<div class=\"PropertyItem_wrapper_1GZ_b PropertyItem_inline_1oqw4\"><span class=\"PropertyItem_label_39ZZn\"><strong>Referencia<\/strong><\/span>\u00a0:\u00a0HF7548<\/div>\n<\/div>\n<\/div>\n<\/div>\n","protected":false},"excerpt":{"rendered":"<p>ADICOLOR PLISSE WONDER La moda y la funcionalidad se combinan en estos pantalones cortos adidas, que realzan el estilo deportivo<\/p>\n","protected":false},"featured_media":65788,"comment_status":"open","ping_status":"closed","template":"","meta":{"nf_dc_page":""},"product_brand":[],"product_cat":[73],"product_tag":[],"class_list":{"0":"post-65787","1":"product","2":"type-product","3":"status-publish","4":"has-post-thumbnail","6":"product_cat-femenino","8":"first","9":"instock","10":"shipping-taxable","11":"purchasable","12":"product-type-simple"},"_links":{"self":[{"href":"https:\/\/brandss.com.py\/index\/wp-json\/wp\/v2\/product\/65787","targetHints":{"allow":["GET"]}}],"collection":[{"href":"https:\/\/brandss.com.py\/index\/wp-json\/wp\/v2\/product"}],"about":[{"href":"https:\/\/brandss.com.py\/index\/wp-json\/wp\/v2\/types\/product"}],"replies":[{"embeddable":true,"href":"https:\/\/brandss.com.py\/index\/wp-json\/wp\/v2\/comments?post=65787"}],"version-history":[{"count":2,"href":"https:\/\/brandss.com.py\/index\/wp-json\/wp\/v2\/product\/65787\/revisions"}],"predecessor-version":[{"id":65796,"href":"https:\/\/brandss.com.py\/index\/wp-json\/wp\/v2\/product\/65787\/revisions\/65796"}],"wp:featuredmedia":[{"embeddable":true,"href":"https:\/\/brandss.com.py\/index\/wp-json\/wp\/v2\/media\/65788"}],"wp:attachment":[{"href":"https:\/\/brandss.com.py\/index\/wp-json\/wp\/v2\/media?parent=65787"}],"wp:term":[{"taxonomy":"product_brand","embeddable":true,"href":"https:\/\/brandss.com.py\/index\/wp-json\/wp\/v2\/product_brand?post=65787"},{"taxonomy":"product_cat","embeddable":true,"href":"https:\/\/brandss.com.py\/index\/wp-json\/wp\/v2\/product_cat?post=65787"},{"taxonomy":"product_tag","embeddable":true,"href":"https:\/\/brandss.com.py\/index\/wp-json\/wp\/v2\/product_tag?post=65787"}],"curies":[{"name":"wp","href":"https:\/\/api.w.org\/{rel}","templated":true}]}}