{"id":65834,"date":"2025-01-11T17:19:52","date_gmt":"2025-01-11T17:19:52","guid":{"rendered":"https:\/\/brandss.com.py\/index\/?post_type=product&#038;p=65834"},"modified":"2025-01-11T17:20:44","modified_gmt":"2025-01-11T17:20:44","slug":"camiseta-deportivo-femenino-adidas-adicolor-classics-sin-mangas-4","status":"publish","type":"product","link":"https:\/\/brandss.com.py\/index\/producto\/camiseta-deportivo-femenino-adidas-adicolor-classics-sin-mangas-4\/","title":{"rendered":"CAMISETA DEPORTIVO FEMENINO ADIDAS ADICOLOR CLASSICS SIN MANGAS"},"content":{"rendered":"<p><img loading=\"lazy\" decoding=\"async\" class=\"\" src=\"https:\/\/upload.wikimedia.org\/wikipedia\/commons\/f\/fe\/Logo_Adidas.png\" alt=\"Archivo:Logo Adidas.png - Wikipedia, la enciclopedia libre\" width=\"134\" height=\"89\" \/><\/p>\n<h1>ADICOLOR CLASSICS<\/h1>\n<p>Camiseta de la colecci\u00f3n adidas Originals. El modelo est\u00e1 confeccionado en tejido fino y el\u00e1stico. Iniciativa Mejor Algod\u00f3n. Los productos marcados con esta marca contienen al menos un 50 % de algod\u00f3n de un vendedor o marca que forma parte de la iniciativa Better Cotton e invierte en el desarrollo de BCI. Este producto pertenece a la l\u00ednea de productos adidas End Plastic Waste, que est\u00e1 fabricado con materiales reciclados.<\/p>\n<ul>\n<li class=\"ProductActive__descriptionParagraph__UR7wG\"><span>Corte entallado.<\/span><\/li>\n<li class=\"ProductActive__descriptionParagraph__UR7wG\"><span>Escote redondo.<\/span><\/li>\n<li class=\"ProductActive__descriptionParagraph__UR7wG\"><span>Modelo con tirantes.<\/span><\/li>\n<li class=\"ProductActive__descriptionParagraph__UR7wG\">Composici\u00f3n: <i class=\"icon Icon__icon-v__OxZwe Accordion__icon__MVz64 Accordion__iconRotateDown__0Cw3z\"><\/i>93% Algod\u00f3n, 7% Elastano.<\/li>\n<li class=\"ProductActive__descriptionParagraph__UR7wG\">Color: Azul Claro.<\/li>\n<li class=\"ProductActive__descriptionParagraph__UR7wG\">Modelo: HC1976.<\/li>\n<\/ul>\n","protected":false},"excerpt":{"rendered":"<p>ADICOLOR CLASSICS Camiseta de la colecci\u00f3n adidas Originals. El modelo est\u00e1 confeccionado en tejido fino y el\u00e1stico. Iniciativa Mejor Algod\u00f3n.<\/p>\n","protected":false},"featured_media":65835,"comment_status":"open","ping_status":"closed","template":"","meta":{"nf_dc_page":""},"product_brand":[],"product_cat":[73],"product_tag":[],"class_list":{"0":"post-65834","1":"product","2":"type-product","3":"status-publish","4":"has-post-thumbnail","6":"product_cat-femenino","8":"first","9":"instock","10":"shipping-taxable","11":"purchasable","12":"product-type-simple"},"_links":{"self":[{"href":"https:\/\/brandss.com.py\/index\/wp-json\/wp\/v2\/product\/65834","targetHints":{"allow":["GET"]}}],"collection":[{"href":"https:\/\/brandss.com.py\/index\/wp-json\/wp\/v2\/product"}],"about":[{"href":"https:\/\/brandss.com.py\/index\/wp-json\/wp\/v2\/types\/product"}],"replies":[{"embeddable":true,"href":"https:\/\/brandss.com.py\/index\/wp-json\/wp\/v2\/comments?post=65834"}],"version-history":[{"count":1,"href":"https:\/\/brandss.com.py\/index\/wp-json\/wp\/v2\/product\/65834\/revisions"}],"predecessor-version":[{"id":65842,"href":"https:\/\/brandss.com.py\/index\/wp-json\/wp\/v2\/product\/65834\/revisions\/65842"}],"wp:featuredmedia":[{"embeddable":true,"href":"https:\/\/brandss.com.py\/index\/wp-json\/wp\/v2\/media\/65835"}],"wp:attachment":[{"href":"https:\/\/brandss.com.py\/index\/wp-json\/wp\/v2\/media?parent=65834"}],"wp:term":[{"taxonomy":"product_brand","embeddable":true,"href":"https:\/\/brandss.com.py\/index\/wp-json\/wp\/v2\/product_brand?post=65834"},{"taxonomy":"product_cat","embeddable":true,"href":"https:\/\/brandss.com.py\/index\/wp-json\/wp\/v2\/product_cat?post=65834"},{"taxonomy":"product_tag","embeddable":true,"href":"https:\/\/brandss.com.py\/index\/wp-json\/wp\/v2\/product_tag?post=65834"}],"curies":[{"name":"wp","href":"https:\/\/api.w.org\/{rel}","templated":true}]}}