{"id":65979,"date":"2025-01-13T17:41:12","date_gmt":"2025-01-13T17:41:12","guid":{"rendered":"https:\/\/brandss.com.py\/index\/?post_type=product&#038;p=65979"},"modified":"2025-01-13T17:42:25","modified_gmt":"2025-01-13T17:42:25","slug":"vestido-femenino-adidas-love-unites-doodle-mangas-cortas","status":"publish","type":"product","link":"https:\/\/brandss.com.py\/index\/producto\/vestido-femenino-adidas-love-unites-doodle-mangas-cortas\/","title":{"rendered":"VESTIDO FEMENINO ADIDAS LOVE UNITES DOODLE MANGAS CORTAS"},"content":{"rendered":"<p><img loading=\"lazy\" decoding=\"async\" class=\"\" src=\"https:\/\/encrypted-tbn0.gstatic.com\/images?q=tbn:ANd9GcQIO9HvRepmQOPQJtDj-jBhpxzG3DGQDZuYWA&amp;s\" alt=\"Logotipo de Adidas PNG transparente - StickPNG\" width=\"116\" height=\"73\" \/><\/p>\n<h1>LOVE UNITES DOODLE<\/h1>\n<h3 class=\"subtitle___9ljbp\">Un vestido tipo playera cargado de orgullo LGBTQ+<\/h3>\n<p class=\"gl-vspace\">La colecci\u00f3n adidas X Kris Andrew Small Pride 2022 est\u00e1 inspirada en los activistas de Stonewall del levantamiento de Stonewall en 1969. adidas y Kris Andrew Small comparten una colecci\u00f3n para solidarizarse y celebrar el pasado y el presente de la comunidad LGBTQIA+, destacando su pertenencia \u00fanica y creando un mensaje gr\u00e1fico colorido y diverso en esta colecci\u00f3n inclusiva y optimista. Esta colaboraci\u00f3n tambi\u00e9n est\u00e1 ligada a los dos socios de prop\u00f3sito global clave de adidas, Athlete Ally y Stonewall UK. En todas sus formas, el amor es una fuerza que nos une. Cel\u00e9bralo a tu estilo con este vestido adidas creado en colaboraci\u00f3n con el dise\u00f1ador radicado en S\u00eddney, Kris Andrew Small. Comparte un mensaje de amor e uni\u00f3n como muestra de apoyo a las comunidades LGBTQ+. Su tejido de algod\u00f3n te brinda comodidad para que te sientas tan bien como te ves. Nuestros productos de algod\u00f3n apoyan el cultivo de algod\u00f3n sostenible.<\/p>\n<div class=\"accordion__header-text___2o9Im\">\n<h2 class=\"accordion-title___2sTgR\">Cuidados<\/h2>\n<\/div>\n<div class=\"accordion__header-icon___2FuRa\"><\/div>\n<div class=\"accordion__content___29x9h\">\n<div class=\"content-padding___2kVWQ\">\n<div class=\"care___2GwB4\" data-auto-id=\"pdp-content-care\">\n<div class=\"care-instructions___3scEd\">\n<h4 class=\"care-title___2YJe1 gl-no-margin-bottom\">Instrucciones de lavado<\/h4>\n<ul class=\"\">\n<li class=\"gl-vspace-bpall-small\"><img loading=\"lazy\" decoding=\"async\" src=\"https:\/\/www.adidas.mx\/glass\/react\/c8bc0ab\/assets\/img\/washing-instructions\/B1.svg\" alt=\"\" width=\"24\" height=\"24\" \/>No usar blanqueador<\/li>\n<li class=\"gl-vspace-bpall-small\"><img loading=\"lazy\" decoding=\"async\" src=\"https:\/\/www.adidas.mx\/glass\/react\/c8bc0ab\/assets\/img\/washing-instructions\/C2.svg\" alt=\"\" width=\"24\" height=\"24\" \/>Puede utilizarse secadora en tempratura baja.<\/li>\n<li class=\"gl-vspace-bpall-small\"><img loading=\"lazy\" decoding=\"async\" src=\"https:\/\/www.adidas.mx\/glass\/react\/c8bc0ab\/assets\/img\/washing-instructions\/E1.svg\" alt=\"\" width=\"24\" height=\"24\" \/>No lavar en seco.<\/li>\n<li class=\"gl-vspace-bpall-small\"><img loading=\"lazy\" decoding=\"async\" src=\"https:\/\/www.adidas.mx\/glass\/react\/c8bc0ab\/assets\/img\/washing-instructions\/D2.svg\" alt=\"\" width=\"24\" height=\"24\" \/>Planchar a temperatura baja.<\/li>\n<li class=\"gl-vspace-bpall-small\"><img loading=\"lazy\" decoding=\"async\" src=\"https:\/\/www.adidas.mx\/glass\/react\/c8bc0ab\/assets\/img\/washing-instructions\/A5.svg\" alt=\"\" width=\"24\" height=\"24\" \/>Lavar a m\u00e1quina en temperatura alta<\/li>\n<\/ul>\n<\/div>\n<div class=\"extra-instructions___2TR8b\">\n<h4 class=\"care-title___2YJe1 gl-no-margin-bottom\">Informaci\u00f3n adicional sobre el cuidado<\/h4>\n<ul class=\"gl-list gl-vspace-bpall-small\">\n<li class=\"gl-vspace-bpall-small\">No usar suavizante<\/li>\n<li class=\"gl-vspace-bpall-small\">Usar \u00fanicamente detergente suave<\/li>\n<\/ul>\n<div class=\"accordion__header-text___2o9Im\">\n<h2 class=\"accordion-title___2sTgR\">Detalles<\/h2>\n<\/div>\n<div class=\"accordion__header-icon___2FuRa\"><\/div>\n<div class=\"accordion__content___29x9h\">\n<div class=\"content-padding___2kVWQ\">\n<div class=\"bullets___3bsSs\" data-auto-id=\"specifications-section\">\n<ul class=\"gl-list\">\n<li class=\"gl-vspace-bpall-small\">Cuello redondo acanalado<\/li>\n<li class=\"gl-vspace-bpall-small\">Tejido de punto jersey 100 % algod\u00f3n<\/li>\n<li class=\"gl-vspace-bpall-small\">Estampado en toda la prenda<\/li>\n<li class=\"gl-vspace-bpall-small\">Este producto apoya a Better Cotton Initiative<\/li>\n<li class=\"gl-vspace-bpall-small\">Color: Multicolor<\/li>\n<li class=\"gl-vspace-bpall-small\">Modelo: HC3083<\/li>\n<\/ul>\n<\/div>\n<\/div>\n<\/div>\n<\/div>\n<\/div>\n<\/div>\n<\/div>\n","protected":false},"excerpt":{"rendered":"<p>LOVE UNITES DOODLE Un vestido tipo playera cargado de orgullo LGBTQ+ La colecci\u00f3n adidas X Kris Andrew Small Pride 2022<\/p>\n","protected":false},"featured_media":65980,"comment_status":"open","ping_status":"closed","template":"","meta":{"nf_dc_page":""},"product_brand":[],"product_cat":[73],"product_tag":[],"class_list":{"0":"post-65979","1":"product","2":"type-product","3":"status-publish","4":"has-post-thumbnail","6":"product_cat-femenino","8":"first","9":"instock","10":"shipping-taxable","11":"purchasable","12":"product-type-simple"},"_links":{"self":[{"href":"https:\/\/brandss.com.py\/index\/wp-json\/wp\/v2\/product\/65979","targetHints":{"allow":["GET"]}}],"collection":[{"href":"https:\/\/brandss.com.py\/index\/wp-json\/wp\/v2\/product"}],"about":[{"href":"https:\/\/brandss.com.py\/index\/wp-json\/wp\/v2\/types\/product"}],"replies":[{"embeddable":true,"href":"https:\/\/brandss.com.py\/index\/wp-json\/wp\/v2\/comments?post=65979"}],"version-history":[{"count":1,"href":"https:\/\/brandss.com.py\/index\/wp-json\/wp\/v2\/product\/65979\/revisions"}],"predecessor-version":[{"id":65988,"href":"https:\/\/brandss.com.py\/index\/wp-json\/wp\/v2\/product\/65979\/revisions\/65988"}],"wp:featuredmedia":[{"embeddable":true,"href":"https:\/\/brandss.com.py\/index\/wp-json\/wp\/v2\/media\/65980"}],"wp:attachment":[{"href":"https:\/\/brandss.com.py\/index\/wp-json\/wp\/v2\/media?parent=65979"}],"wp:term":[{"taxonomy":"product_brand","embeddable":true,"href":"https:\/\/brandss.com.py\/index\/wp-json\/wp\/v2\/product_brand?post=65979"},{"taxonomy":"product_cat","embeddable":true,"href":"https:\/\/brandss.com.py\/index\/wp-json\/wp\/v2\/product_cat?post=65979"},{"taxonomy":"product_tag","embeddable":true,"href":"https:\/\/brandss.com.py\/index\/wp-json\/wp\/v2\/product_tag?post=65979"}],"curies":[{"name":"wp","href":"https:\/\/api.w.org\/{rel}","templated":true}]}}