{"id":66086,"date":"2025-01-14T13:02:27","date_gmt":"2025-01-14T13:02:27","guid":{"rendered":"https:\/\/brandss.com.py\/index\/?post_type=product&#038;p=66086"},"modified":"2025-01-18T18:05:44","modified_gmt":"2025-01-18T18:05:44","slug":"corta-pelo-dsp-multifuncional-con-accesorios","status":"publish","type":"product","link":"https:\/\/brandss.com.py\/index\/producto\/corta-pelo-dsp-multifuncional-con-accesorios\/","title":{"rendered":"CORTAPELO DSP MULTIFUNCIONAL CON ACCESORIOS"},"content":{"rendered":"<h1><img loading=\"lazy\" decoding=\"async\" class=\"\" src=\"https:\/\/encrypted-tbn0.gstatic.com\/images?q=tbn:ANd9GcTorcnxcoamfDSrgnvIycaEOfg3tfqBetVpzaYlX3N86kNK4oP8pHtD6AcPlxlz2otISsU&amp;usqp=CAU\" alt=\"DSP Professional Home... - DSP Professional Home Appliance | Facebook\" width=\"166\" height=\"85\" \/><\/h1>\n<h1>90063<\/h1>\n<p>Luce siempre impecable con la cortadora de cabello profesional DSP modelo 90063. Ideal para uso dom\u00e9stico, este equipo est\u00e1 dise\u00f1ado para ofrecer cortes precisos y c\u00f3modos gracias a su motor AC de alto rendimiento y cuchillas de acero inoxidable ultra afiladas. Su dise\u00f1o ergon\u00f3mico asegura un manejo sencillo y c\u00f3modo, adapt\u00e1ndose perfectamente a tus necesidades de cuidado personal.<\/p>\n<p><strong>Caracter\u00edsticas:<\/strong><\/p>\n<ul>\n<li><strong>Marca:<\/strong> DSP<\/li>\n<li><strong>Modelo:<\/strong> 90063<\/li>\n<li><strong>Motor:<\/strong> AC recargable<\/li>\n<li><strong>Cuchillas:<\/strong> Acero inoxidable de alta precisi\u00f3n<\/li>\n<li><strong>Dise\u00f1o:<\/strong> Ergon\u00f3mico para mayor comodidad<\/li>\n<li><strong>Potencia:<\/strong> Motor de alta velocidad para un rendimiento excepcional<\/li>\n<\/ul>\n<p><strong>El paquete incluye:<\/strong><\/p>\n<ul>\n<li>1 x Cortadora de cabello<\/li>\n<li>1 x Tijeras de precisi\u00f3n<\/li>\n<li>1 x Peine para cortes<\/li>\n<li>4 x Peines gu\u00eda de diferentes tama\u00f1os<\/li>\n<li>1 x Botella de aceite lubricante<\/li>\n<\/ul>\n<p><strong>Tipo de producto:<\/strong> Cortadora de cabello<\/p>\n<p><strong>Nota:<\/strong><br \/>\nPuede haber ligeras diferencias de color en los productos debido a las luces de la pantalla y la c\u00e1mara. \u00a1Gracias por su comprensi\u00f3n! Adem\u00e1s, las medidas pueden variar entre 1 a 2 cm debido a la medici\u00f3n manual, as\u00ed que ten esto en cuenta antes de realizar tu pedido.<\/p>\n<p>\u00a1Dale un toque profesional a tu cuidado personal con DSP!<\/p>\n","protected":false},"excerpt":{"rendered":"<p>&nbsp;<\/p>\n<p>&nbsp;<\/p>\n<p>&nbsp;<\/p>\n","protected":false},"featured_media":66091,"comment_status":"open","ping_status":"closed","template":"","meta":{"nf_dc_page":""},"product_brand":[],"product_cat":[77],"product_tag":[],"class_list":{"0":"post-66086","1":"product","2":"type-product","3":"status-publish","4":"has-post-thumbnail","6":"product_cat-accesorios-masc","8":"first","9":"instock","10":"shipping-taxable","11":"purchasable","12":"product-type-simple"},"_links":{"self":[{"href":"https:\/\/brandss.com.py\/index\/wp-json\/wp\/v2\/product\/66086","targetHints":{"allow":["GET"]}}],"collection":[{"href":"https:\/\/brandss.com.py\/index\/wp-json\/wp\/v2\/product"}],"about":[{"href":"https:\/\/brandss.com.py\/index\/wp-json\/wp\/v2\/types\/product"}],"replies":[{"embeddable":true,"href":"https:\/\/brandss.com.py\/index\/wp-json\/wp\/v2\/comments?post=66086"}],"version-history":[{"count":5,"href":"https:\/\/brandss.com.py\/index\/wp-json\/wp\/v2\/product\/66086\/revisions"}],"predecessor-version":[{"id":66700,"href":"https:\/\/brandss.com.py\/index\/wp-json\/wp\/v2\/product\/66086\/revisions\/66700"}],"wp:featuredmedia":[{"embeddable":true,"href":"https:\/\/brandss.com.py\/index\/wp-json\/wp\/v2\/media\/66091"}],"wp:attachment":[{"href":"https:\/\/brandss.com.py\/index\/wp-json\/wp\/v2\/media?parent=66086"}],"wp:term":[{"taxonomy":"product_brand","embeddable":true,"href":"https:\/\/brandss.com.py\/index\/wp-json\/wp\/v2\/product_brand?post=66086"},{"taxonomy":"product_cat","embeddable":true,"href":"https:\/\/brandss.com.py\/index\/wp-json\/wp\/v2\/product_cat?post=66086"},{"taxonomy":"product_tag","embeddable":true,"href":"https:\/\/brandss.com.py\/index\/wp-json\/wp\/v2\/product_tag?post=66086"}],"curies":[{"name":"wp","href":"https:\/\/api.w.org\/{rel}","templated":true}]}}