{"id":66103,"date":"2025-01-14T14:12:30","date_gmt":"2025-01-14T14:12:30","guid":{"rendered":"https:\/\/brandss.com.py\/index\/?post_type=product&#038;p=66103"},"modified":"2025-01-14T14:13:45","modified_gmt":"2025-01-14T14:13:45","slug":"mono-femenino-adidas-studio-lounge-rib-de-tirantes","status":"publish","type":"product","link":"https:\/\/brandss.com.py\/index\/producto\/mono-femenino-adidas-studio-lounge-rib-de-tirantes\/","title":{"rendered":"MONO FEMENINO ADIDAS STUDIO LOUNGE RIB DE TIRANTES"},"content":{"rendered":"<p><img loading=\"lazy\" decoding=\"async\" class=\"\" src=\"https:\/\/encrypted-tbn0.gstatic.com\/images?q=tbn:ANd9GcSGLJC-hmcfN9t5pvZRmFrTBktTfr4lpdWKTA&amp;s\" alt=\"Archivo:Adidas Logo.svg - Wikipedia, la enciclopedia libre\" width=\"94\" height=\"63\" \/><\/p>\n<h1>STUDIO LOUNGE RIB<\/h1>\n<h3 class=\"subtitle___9ljbp\"><span>Un mono te\u00f1ido de forma natural y confeccionado en parte con contenido reciclado.<\/span><\/h3>\n<p class=\"gl-vspace\"><span>Las posibilidades de estilo de este mono de adidas son infinitas. Por s\u00ed solo, el estilo es la base perfecta para un estilo deportivo, moderno y divertido: puedes mantenerlo simple o agregarle algo m\u00e1s. No puedes equivocarte. Ponte una chaqueta vaquera oversize encima. Sigue el camino de los 80 y comb\u00ednalo con la combinaci\u00f3n perfecta de calcetines altos y zapatillas deportivas. El dise\u00f1o el\u00e1stico y acanalado se ajusta al cuerpo con un ajuste ce\u00f1ido, y ese corte profundo en la espalda realmente amplifica el toque divertido del que habl\u00e1bamos.<\/span><\/p>\n<div class=\"highlight___3fa4r\">\n<div class=\"highlight-text___lgoJI\">\n<h3 class=\"highlight-text__headline___25B2G\"><span>Contribuyendo a reducir el uso de materiales v\u00edrgenes<\/span><\/h3>\n<p><span>Generado a partir de residuos de producci\u00f3n, por ejemplo, restos de corte y residuos dom\u00e9sticos posconsumo, para evitar el mayor impacto ambiental que supone producir contenido virgen.<\/span><\/p>\n<\/div>\n<\/div>\n<div class=\"highlight___3fa4r\">\n<div class=\"highlight-text___lgoJI\">\n<h3 class=\"highlight-text__headline___25B2G\"><span>Algod\u00f3n el\u00e1stico suave<\/span><\/h3>\n<p><span>La tela flexible te mantiene c\u00f3modo durante todo el d\u00eda.<\/span><\/p>\n<\/div>\n<\/div>\n<div class=\"highlight___3fa4r\">\n<div class=\"highlight-text___lgoJI\">\n<h3 class=\"highlight-text__headline___25B2G\"><span>Espalda con escote en V profundo<\/span><\/h3>\n<p><span>La espalda tiene un corte bajo y mantiene tu estilo de juego s\u00faper fuerte.<\/span><\/p>\n<\/div>\n<\/div>\n<div class=\"highlight___3fa4r\">\n<div class=\"highlight-text___lgoJI\">\n<h3 class=\"highlight-text__headline___25B2G\">Ajuste ce\u00f1ido<\/h3>\n<p>Dise\u00f1ado para ajustarse al cuerpo para una apariencia ajustada y favorecedora.<\/p>\n<div class=\"accordion__header-text___2o9Im\">\n<h2 class=\"accordion-title___2sTgR\">Cuidado<\/h2>\n<\/div>\n<div class=\"accordion__header-icon___2FuRa\"><\/div>\n<div class=\"accordion__content___29x9h\">\n<div class=\"content-padding___2kVWQ\">\n<div class=\"care___2GwB4\" data-auto-id=\"pdp-content-care\">\n<div class=\"care-instructions___3scEd\">\n<h4 class=\"care-title___2YJe1 gl-no-margin-bottom\">Instrucciones de lavado<\/h4>\n<ul class=\"\">\n<li class=\"gl-vspace-bpall-small\"><img loading=\"lazy\" decoding=\"async\" src=\"https:\/\/www.adidas.co.in\/glass\/react\/ce791c5\/assets\/img\/washing-instructions\/B1.svg\" alt=\"\" width=\"24\" height=\"24\" \/>No usa blanqueador<\/li>\n<li class=\"gl-vspace-bpall-small\"><img loading=\"lazy\" decoding=\"async\" src=\"https:\/\/www.adidas.co.in\/glass\/react\/ce791c5\/assets\/img\/washing-instructions\/C2.svg\" alt=\"\" width=\"24\" height=\"24\" \/>Secar en secadora a temperatura baja<\/li>\n<li class=\"gl-vspace-bpall-small\"><img loading=\"lazy\" decoding=\"async\" src=\"https:\/\/www.adidas.co.in\/glass\/react\/ce791c5\/assets\/img\/washing-instructions\/E1.svg\" alt=\"\" width=\"24\" height=\"24\" \/>No lavar en seco<\/li>\n<li class=\"gl-vspace-bpall-small\"><img loading=\"lazy\" decoding=\"async\" src=\"https:\/\/www.adidas.co.in\/glass\/react\/ce791c5\/assets\/img\/washing-instructions\/D2.svg\" alt=\"\" width=\"24\" height=\"24\" \/>Retocar con plancha fr\u00eda<\/li>\n<li class=\"gl-vspace-bpall-small\"><img loading=\"lazy\" decoding=\"async\" src=\"https:\/\/www.adidas.co.in\/glass\/react\/ce791c5\/assets\/img\/washing-instructions\/A3.svg\" alt=\"\" width=\"24\" height=\"24\" \/>Lavar a m\u00e1quina con agua fr\u00eda<\/li>\n<\/ul>\n<\/div>\n<div class=\"extra-instructions___2TR8b\">\n<h4 class=\"care-title___2YJe1 gl-no-margin-bottom\">Informaci\u00f3n de cuidados adicionales<\/h4>\n<ul class=\"gl-list gl-vspace-bpall-small\">\n<li class=\"gl-vspace-bpall-small\">No utilice suavizante de telas.<\/li>\n<li class=\"gl-vspace-bpall-small\">Utilice \u00fanicamente detergente suave<\/li>\n<li class=\"gl-vspace-bpall-small\">Lavar con colores similares<\/li>\n<li class=\"gl-vspace-bpall-small\">Retirar inmediatamente despu\u00e9s del lavado.<\/li>\n<\/ul>\n<div class=\"accordion__header-text___2o9Im\">\n<h2 class=\"accordion-title___2sTgR\"><span>Detalles<\/span><\/h2>\n<\/div>\n<div class=\"accordion__header-icon___2FuRa\"><\/div>\n<div class=\"accordion__content___29x9h\">\n<div class=\"content-padding___2kVWQ\">\n<div class=\"bullets___3bsSs\" data-auto-id=\"specifications-section\">\n<ul class=\"gl-list\">\n<li class=\"gl-vspace-bpall-small\"><span>Ajuste ce\u00f1ido<\/span><\/li>\n<li class=\"gl-vspace-bpall-small\"><span>Pull-over<\/span><\/li>\n<li class=\"gl-vspace-bpall-small\"><span>51% algod\u00f3n, 42% poli\u00e9ster (reciclado), 7% elastano<\/span><\/li>\n<li class=\"gl-vspace-bpall-small\"><span>Tacto suave<\/span><\/li>\n<li class=\"gl-vspace-bpall-small\"><span>Espalda con escote en V profundo<\/span><\/li>\n<li class=\"gl-vspace-bpall-small\"><span>Costilla para el cuerpo<\/span><\/li>\n<li class=\"gl-vspace-bpall-small\"><span>Apoya la iniciativa Better Cotton<\/span><\/li>\n<li class=\"gl-vspace-bpall-small\"><span>Color: Verde bot\u00e1nico<\/span><\/li>\n<li class=\"gl-vspace-bpall-small\"><span>Modelo: HE4146<\/span><\/li>\n<\/ul>\n<\/div>\n<\/div>\n<\/div>\n<\/div>\n<\/div>\n<\/div>\n<\/div>\n<\/div>\n<\/div>\n","protected":false},"excerpt":{"rendered":"<p>STUDIO LOUNGE RIB Un mono te\u00f1ido de forma natural y confeccionado en parte con contenido reciclado. Las posibilidades de estilo<\/p>\n","protected":false},"featured_media":66104,"comment_status":"open","ping_status":"closed","template":"","meta":{"nf_dc_page":""},"product_brand":[],"product_cat":[73],"product_tag":[],"class_list":{"0":"post-66103","1":"product","2":"type-product","3":"status-publish","4":"has-post-thumbnail","6":"product_cat-femenino","8":"first","9":"instock","10":"shipping-taxable","11":"purchasable","12":"product-type-simple"},"_links":{"self":[{"href":"https:\/\/brandss.com.py\/index\/wp-json\/wp\/v2\/product\/66103","targetHints":{"allow":["GET"]}}],"collection":[{"href":"https:\/\/brandss.com.py\/index\/wp-json\/wp\/v2\/product"}],"about":[{"href":"https:\/\/brandss.com.py\/index\/wp-json\/wp\/v2\/types\/product"}],"replies":[{"embeddable":true,"href":"https:\/\/brandss.com.py\/index\/wp-json\/wp\/v2\/comments?post=66103"}],"version-history":[{"count":1,"href":"https:\/\/brandss.com.py\/index\/wp-json\/wp\/v2\/product\/66103\/revisions"}],"predecessor-version":[{"id":66112,"href":"https:\/\/brandss.com.py\/index\/wp-json\/wp\/v2\/product\/66103\/revisions\/66112"}],"wp:featuredmedia":[{"embeddable":true,"href":"https:\/\/brandss.com.py\/index\/wp-json\/wp\/v2\/media\/66104"}],"wp:attachment":[{"href":"https:\/\/brandss.com.py\/index\/wp-json\/wp\/v2\/media?parent=66103"}],"wp:term":[{"taxonomy":"product_brand","embeddable":true,"href":"https:\/\/brandss.com.py\/index\/wp-json\/wp\/v2\/product_brand?post=66103"},{"taxonomy":"product_cat","embeddable":true,"href":"https:\/\/brandss.com.py\/index\/wp-json\/wp\/v2\/product_cat?post=66103"},{"taxonomy":"product_tag","embeddable":true,"href":"https:\/\/brandss.com.py\/index\/wp-json\/wp\/v2\/product_tag?post=66103"}],"curies":[{"name":"wp","href":"https:\/\/api.w.org\/{rel}","templated":true}]}}