{"id":66239,"date":"2025-01-15T14:16:22","date_gmt":"2025-01-15T14:16:22","guid":{"rendered":"https:\/\/brandss.com.py\/index\/?post_type=product&#038;p=66239"},"modified":"2026-04-11T13:20:39","modified_gmt":"2026-04-11T13:20:39","slug":"top-deportivo-femenino-adidas-tennis-asymmetric-sin-mangas","status":"publish","type":"product","link":"https:\/\/brandss.com.py\/index\/producto\/top-deportivo-femenino-adidas-tennis-asymmetric-sin-mangas\/","title":{"rendered":"TOP DEPORTIVO FEMENINO ADIDAS TENNIS LUXE ASYMMETRIC SIN MANGAS"},"content":{"rendered":"<p><img loading=\"lazy\" decoding=\"async\" class=\"\" src=\"https:\/\/encrypted-tbn0.gstatic.com\/images?q=tbn:ANd9GcQIO9HvRepmQOPQJtDj-jBhpxzG3DGQDZuYWA&amp;s\" alt=\"Logotipo de Adidas PNG transparente - StickPNG\" width=\"107\" height=\"67\" \/><\/p>\n<h1>TENNIS ASYMMETRIC<\/h1>\n<div>\n<p>\u00bfPor qu\u00e9 no presumir de ombligo? Este top adidas responde a la pregunta con un corte asim\u00e9trico que deja los hombros al descubierto para regalarte un look informal. El tejido el\u00e1stico te garantiza una absoluta comodidad. Deslumbra.<\/p>\n<\/div>\n<div class=\"ProductFeatures_wrapper_3TGar\">\n<div>\n<h4 class=\"Heading_heading_1dtHt Heading_margin_Zz8sK\">Materiales<\/h4>\n<div class=\"Materials_wrapper_3DRez\">\n<div class=\"PropertyItem_wrapper_1GZ_b\"><span class=\"PropertyItem_label_39ZZn\"><strong>Composici\u00f3n<\/strong><\/span><\/p>\n<p class=\"\"><span class=\"PropertyItem_value_2D-vk\">93% Algod\u00f3n<\/span>:\u00a0A very soft and pleasant material whose properties include tensile strength and elongation at break.<\/p>\n<p class=\"\"><span class=\"PropertyItem_value_2D-vk\">7% Elastan<\/span>:\u00a0se utiliza en combinaci\u00f3n con otros materiales, especiamente por su flexibilidad excelente &#8211; su fibra es capaz de estirarse hasta tres veces m\u00e1s y despu\u00e9s volver a su estado normal.<\/p>\n<\/div>\n<div class=\"PropertyItem_wrapper_1GZ_b\"><span class=\"PropertyItem_label_39ZZn\"><strong>Instrucciones de cuidado<\/strong><\/span><\/p>\n<p class=\"PropertyItem_breakLine_1xw5t\"><span class=\"PropertyItem_value_2D-vk\">Lavable en lavadora 30\u00ba<\/span><\/p>\n<\/div>\n<\/div>\n<\/div>\n<div>\n<h4 class=\"Heading_heading_1dtHt Heading_margin_Zz8sK\">Detalles<\/h4>\n<div class=\"Details_wrapper_hHaf7\">\n<div><span>Estilo moldeado.<\/span><br \/>\n<span>Emblema con el logo de la marca.<\/span><br \/>\n<span>Material de punto flexible y fino.<\/span><\/div>\n<div>\n<div class=\"PropertyItem_wrapper_1GZ_b PropertyItem_inline_1oqw4\"><span class=\"PropertyItem_label_39ZZn\">Temporada<\/span>:\u00a0Verano<\/div>\n<div class=\"PropertyItem_wrapper_1GZ_b PropertyItem_inline_1oqw4\"><span class=\"PropertyItem_label_39ZZn\">Corte (fit)<\/span>:\u00a0Cropped<\/div>\n<div class=\"PropertyItem_wrapper_1GZ_b PropertyItem_inline_1oqw4\"><span class=\"PropertyItem_label_39ZZn\">Cierre<\/span>:\u00a0Sin fijaci\u00f3n<\/div>\n<div class=\"PropertyItem_wrapper_1GZ_b PropertyItem_inline_1oqw4\"><span class=\"PropertyItem_label_39ZZn\">Dobladillo inferior<\/span>:\u00a0Normal<\/div>\n<div class=\"PropertyItem_wrapper_1GZ_b PropertyItem_inline_1oqw4\"><span class=\"PropertyItem_label_39ZZn\">Detalles<\/span>:\u00a0Bordado de pecho<\/div>\n<div class=\"PropertyItem_wrapper_1GZ_b PropertyItem_inline_1oqw4\"><span class=\"PropertyItem_label_39ZZn\">Color<\/span>:\u00a0Rosa<\/div>\n<\/div>\n<div class=\"PropertyItem_wrapper_1GZ_b PropertyItem_inline_1oqw4\"><span class=\"PropertyItem_label_39ZZn\">Referencia<\/span>:\u00a0H56466<\/div>\n<\/div>\n<\/div>\n<\/div>\n","protected":false},"excerpt":{"rendered":"<p>TENNIS ASYMMETRIC \u00bfPor qu\u00e9 no presumir de ombligo? Este top adidas responde a la pregunta con un corte asim\u00e9trico que<\/p>\n","protected":false},"featured_media":66240,"comment_status":"open","ping_status":"closed","template":"","meta":{"nf_dc_page":""},"product_brand":[],"product_cat":[73],"product_tag":[],"class_list":{"0":"post-66239","1":"product","2":"type-product","3":"status-publish","4":"has-post-thumbnail","6":"product_cat-femenino","8":"first","9":"outofstock","10":"shipping-taxable","11":"purchasable","12":"product-type-simple"},"_links":{"self":[{"href":"https:\/\/brandss.com.py\/index\/wp-json\/wp\/v2\/product\/66239","targetHints":{"allow":["GET"]}}],"collection":[{"href":"https:\/\/brandss.com.py\/index\/wp-json\/wp\/v2\/product"}],"about":[{"href":"https:\/\/brandss.com.py\/index\/wp-json\/wp\/v2\/types\/product"}],"replies":[{"embeddable":true,"href":"https:\/\/brandss.com.py\/index\/wp-json\/wp\/v2\/comments?post=66239"}],"version-history":[{"count":2,"href":"https:\/\/brandss.com.py\/index\/wp-json\/wp\/v2\/product\/66239\/revisions"}],"predecessor-version":[{"id":66255,"href":"https:\/\/brandss.com.py\/index\/wp-json\/wp\/v2\/product\/66239\/revisions\/66255"}],"wp:featuredmedia":[{"embeddable":true,"href":"https:\/\/brandss.com.py\/index\/wp-json\/wp\/v2\/media\/66240"}],"wp:attachment":[{"href":"https:\/\/brandss.com.py\/index\/wp-json\/wp\/v2\/media?parent=66239"}],"wp:term":[{"taxonomy":"product_brand","embeddable":true,"href":"https:\/\/brandss.com.py\/index\/wp-json\/wp\/v2\/product_brand?post=66239"},{"taxonomy":"product_cat","embeddable":true,"href":"https:\/\/brandss.com.py\/index\/wp-json\/wp\/v2\/product_cat?post=66239"},{"taxonomy":"product_tag","embeddable":true,"href":"https:\/\/brandss.com.py\/index\/wp-json\/wp\/v2\/product_tag?post=66239"}],"curies":[{"name":"wp","href":"https:\/\/api.w.org\/{rel}","templated":true}]}}