{"id":66657,"date":"2025-01-18T16:55:30","date_gmt":"2025-01-18T16:55:30","guid":{"rendered":"https:\/\/brandss.com.py\/index\/?post_type=product&#038;p=66657"},"modified":"2025-01-18T16:56:08","modified_gmt":"2025-01-18T16:56:08","slug":"camiseta-deportivo-femenino-adidas-formotion-training-cropped-mangas-largas","status":"publish","type":"product","link":"https:\/\/brandss.com.py\/index\/producto\/camiseta-deportivo-femenino-adidas-formotion-training-cropped-mangas-largas\/","title":{"rendered":"CAMISETA DEPORTIVO FEMENINO ADIDAS FORMOTION TRAINING CROPPED MANGAS LARGAS"},"content":{"rendered":"<p><img loading=\"lazy\" decoding=\"async\" class=\"\" src=\"https:\/\/upload.wikimedia.org\/wikipedia\/commons\/2\/24\/Adidas_logo.png\" alt=\"Archivo:Adidas logo.png - Wikipedia, la enciclopedia libre\" width=\"79\" height=\"54\" \/><\/p>\n<h1>FORMOTION TRAINING<\/h1>\n<p class=\"PDPDescHighLight-Description\"><span>Hombros hacia atr\u00e1s. Ment\u00f3n arriba. Ahora est\u00e1s listo. Usa una remera que se tome tu figura tan en serio como t\u00fa. Esta de adidas est\u00e1 esculpida con zonas de compresi\u00f3n espec\u00edficas para una sensaci\u00f3n de sujeci\u00f3n y sujeci\u00f3n. Su dise\u00f1o adaptable Formotion sigue tu movimiento natural para un mejor ajuste y mayor comodidad en movimiento. Las aberturas laterales y el dobladillo redondeado te permiten moverte con libertad.<\/span> <span> Este producto est\u00e1 fabricado con Primegreen, una serie de materiales reciclados de alto rendimiento.<\/span><\/p>\n<p>Color: Azul.<\/p>\n<p>Modelo: GN9130<\/p>\n","protected":false},"excerpt":{"rendered":"<p>FORMOTION TRAINING Hombros hacia atr\u00e1s. Ment\u00f3n arriba. Ahora est\u00e1s listo. Usa una remera que se tome tu figura tan en<\/p>\n","protected":false},"featured_media":66658,"comment_status":"open","ping_status":"closed","template":"","meta":{"nf_dc_page":""},"product_brand":[],"product_cat":[73],"product_tag":[],"class_list":{"0":"post-66657","1":"product","2":"type-product","3":"status-publish","4":"has-post-thumbnail","6":"product_cat-femenino","8":"first","9":"instock","10":"shipping-taxable","11":"purchasable","12":"product-type-simple"},"_links":{"self":[{"href":"https:\/\/brandss.com.py\/index\/wp-json\/wp\/v2\/product\/66657","targetHints":{"allow":["GET"]}}],"collection":[{"href":"https:\/\/brandss.com.py\/index\/wp-json\/wp\/v2\/product"}],"about":[{"href":"https:\/\/brandss.com.py\/index\/wp-json\/wp\/v2\/types\/product"}],"replies":[{"embeddable":true,"href":"https:\/\/brandss.com.py\/index\/wp-json\/wp\/v2\/comments?post=66657"}],"version-history":[{"count":1,"href":"https:\/\/brandss.com.py\/index\/wp-json\/wp\/v2\/product\/66657\/revisions"}],"predecessor-version":[{"id":66664,"href":"https:\/\/brandss.com.py\/index\/wp-json\/wp\/v2\/product\/66657\/revisions\/66664"}],"wp:featuredmedia":[{"embeddable":true,"href":"https:\/\/brandss.com.py\/index\/wp-json\/wp\/v2\/media\/66658"}],"wp:attachment":[{"href":"https:\/\/brandss.com.py\/index\/wp-json\/wp\/v2\/media?parent=66657"}],"wp:term":[{"taxonomy":"product_brand","embeddable":true,"href":"https:\/\/brandss.com.py\/index\/wp-json\/wp\/v2\/product_brand?post=66657"},{"taxonomy":"product_cat","embeddable":true,"href":"https:\/\/brandss.com.py\/index\/wp-json\/wp\/v2\/product_cat?post=66657"},{"taxonomy":"product_tag","embeddable":true,"href":"https:\/\/brandss.com.py\/index\/wp-json\/wp\/v2\/product_tag?post=66657"}],"curies":[{"name":"wp","href":"https:\/\/api.w.org\/{rel}","templated":true}]}}