{"id":66665,"date":"2025-01-18T17:26:10","date_gmt":"2025-01-18T17:26:10","guid":{"rendered":"https:\/\/brandss.com.py\/index\/?post_type=product&#038;p=66665"},"modified":"2025-01-18T17:26:40","modified_gmt":"2025-01-18T17:26:40","slug":"camiseta-deportivo-femenino-adidas-sportwear-studio-lounge-rib-mangas-largar-cropped","status":"publish","type":"product","link":"https:\/\/brandss.com.py\/index\/producto\/camiseta-deportivo-femenino-adidas-sportwear-studio-lounge-rib-mangas-largar-cropped\/","title":{"rendered":"CAMISETA DEPORTIVO FEMENINO ADIDAS SPORTWEAR STUDIO LOUNGE RIB MANGAS LARGAR CROPPED"},"content":{"rendered":"<p><img loading=\"lazy\" decoding=\"async\" class=\"\" src=\"https:\/\/upload.wikimedia.org\/wikipedia\/commons\/2\/24\/Adidas_logo.png\" alt=\"Archivo:Adidas logo.png - Wikipedia, la enciclopedia libre\" width=\"91\" height=\"61\" \/><\/p>\n<h1>SPORTWEAR STUDIO LOUNGE RIB<\/h1>\n<div class=\"text-content___13aRm\">\n<h3 class=\"subtitle___9ljbp\">Una remera corta de manga larga hecha de la mano de la naturaleza<\/h3>\n<p class=\"gl-vspace\">Dejate llevar por la energ\u00eda del momento, esta remera de largo por arriba de la cintura es ideal para la ocasi\u00f3n. \u00bfQuer\u00e9s desconectarte un rato? El dise\u00f1o suave y el\u00e1stico se asegura de acompa\u00f1arte hasta alcanzar ese estado de total relajaci\u00f3n. Pero si el mundo llama por vos, este look moderno est\u00e1 listo para entrar en acci\u00f3n. Te permite crear una gran variedad de estilos, as\u00ed que combinala con pants deportivos o con unos pantalon<\/p>\n<p><img loading=\"lazy\" decoding=\"async\" class=\"alignleft\" src=\"https:\/\/assets.adidas.com\/images\/w_600,f_auto,q_auto\/402a10b0131742998e85ae9b00df6654_9366\/Remera_Corta_Acanalada_de_Manga_Larga_Studio_Lounge_Violeta_HH8500.jpg\" alt=\"\" width=\"376\" height=\"376\" \/><\/p>\n<p class=\"gl-vspace\">es m\u00e1s elegantes si prefer\u00eds. Esta prenda est\u00e1 hecha con materiales naturales y renovables como parte de nuestro compromiso con eliminar los recursos finitos de nuestros dise\u00f1os y ayudar a ponerle fin a los residuos pl\u00e1sticos.<\/p>\n<div class=\"accordion__header-text___2o9Im\">\n<h2 class=\"accordion-title___2sTgR\">Cuidados<\/h2>\n<\/div>\n<div class=\"accordion__header-icon___2FuRa\"><\/div>\n<div class=\"accordion__content___29x9h\">\n<div class=\"content-padding___2kVWQ\">\n<div class=\"care___2GwB4\" data-auto-id=\"pdp-content-care\">\n<div class=\"care-instructions___3scEd\">\n<h4 class=\"care-title___2YJe1 gl-no-margin-bottom\">Instrucciones de lavado<\/h4>\n<ul class=\"\">\n<li class=\"gl-vspace-bpall-small\"><img loading=\"lazy\" decoding=\"async\" src=\"https:\/\/www.adidas.com.ar\/glass\/react\/f1485b8\/assets\/img\/washing-instructions\/B1.svg\" alt=\"\" width=\"24\" height=\"24\" \/>No usar blanqueador<\/li>\n<li class=\"gl-vspace-bpall-small\"><img loading=\"lazy\" decoding=\"async\" src=\"https:\/\/www.adidas.com.ar\/glass\/react\/f1485b8\/assets\/img\/washing-instructions\/C1.svg\" alt=\"\" width=\"24\" height=\"24\" \/>No utillizar secadora<\/li>\n<li class=\"gl-vspace-bpall-small\"><img loading=\"lazy\" decoding=\"async\" src=\"https:\/\/www.adidas.com.ar\/glass\/react\/f1485b8\/assets\/img\/washing-instructions\/E1.svg\" alt=\"\" width=\"24\" height=\"24\" \/>No lavar en seco.<\/li>\n<li class=\"gl-vspace-bpall-small\"><img loading=\"lazy\" decoding=\"async\" src=\"https:\/\/www.adidas.com.ar\/glass\/react\/f1485b8\/assets\/img\/washing-instructions\/D1.svg\" alt=\"\" width=\"24\" height=\"24\" \/>No planchar<\/li>\n<li class=\"gl-vspace-bpall-small\"><img loading=\"lazy\" decoding=\"async\" src=\"https:\/\/www.adidas.com.ar\/glass\/react\/f1485b8\/assets\/img\/washing-instructions\/A4.svg\" alt=\"\" width=\"24\" height=\"24\" \/>Lavar a m\u00e1quina en temperatura fr\u00eda y en ciclo delicado.<\/li>\n<\/ul>\n<\/div>\n<div class=\"extra-instructions___2TR8b\">\n<h4 class=\"care-title___2YJe1 gl-no-margin-bottom\">Informaci\u00f3n adicional sobre el cuidado<\/h4>\n<ul class=\"gl-list gl-vspace-bpall-small\">\n<li class=\"gl-vspace-bpall-small\">No usar suavizante<\/li>\n<li class=\"gl-vspace-bpall-small\">Retirar r\u00e1pidamente despu\u00e9s de lavar<\/li>\n<li class=\"gl-vspace-bpall-small\">Lavar con colores similares<\/li>\n<\/ul>\n<div class=\"accordion__header-text___2o9Im\">\n<h2 class=\"accordion-title___2sTgR\">Detalles<\/h2>\n<\/div>\n<div class=\"accordion__header-icon___2FuRa\"><\/div>\n<div class=\"accordion__content___29x9h\">\n<div class=\"content-padding___2kVWQ\">\n<div class=\"bullets___3bsSs\" data-auto-id=\"specifications-section\">\n<ul class=\"gl-list\">\n<li class=\"gl-vspace-bpall-small\">Corte ajustado<\/li>\n<li class=\"gl-vspace-bpall-small\">Cuello escotado<\/li>\n<li class=\"gl-vspace-bpall-small\">Tejido acanalado 51 % algod\u00f3n, 42 % poli\u00e9ster reciclado, 7 % elastano<\/li>\n<li class=\"gl-vspace-bpall-small\">Tacto suave<\/li>\n<li class=\"gl-vspace-bpall-small\">Largo por arriba de la cintura<\/li>\n<li class=\"gl-vspace-bpall-small\">Color: Purple<\/li>\n<li class=\"gl-vspace-bpall-small\">Modelo: HH8500<\/li>\n<\/ul>\n<\/div>\n<\/div>\n<\/div>\n<\/div>\n<\/div>\n<\/div>\n<\/div>\n<\/div>\n","protected":false},"excerpt":{"rendered":"<p>SPORTWEAR STUDIO LOUNGE RIB Una remera corta de manga larga hecha de la mano de la naturaleza Dejate llevar por<\/p>\n","protected":false},"featured_media":66670,"comment_status":"open","ping_status":"closed","template":"","meta":{"nf_dc_page":""},"product_brand":[],"product_cat":[73],"product_tag":[],"class_list":{"0":"post-66665","1":"product","2":"type-product","3":"status-publish","4":"has-post-thumbnail","6":"product_cat-femenino","8":"first","9":"instock","10":"shipping-taxable","11":"purchasable","12":"product-type-simple"},"_links":{"self":[{"href":"https:\/\/brandss.com.py\/index\/wp-json\/wp\/v2\/product\/66665","targetHints":{"allow":["GET"]}}],"collection":[{"href":"https:\/\/brandss.com.py\/index\/wp-json\/wp\/v2\/product"}],"about":[{"href":"https:\/\/brandss.com.py\/index\/wp-json\/wp\/v2\/types\/product"}],"replies":[{"embeddable":true,"href":"https:\/\/brandss.com.py\/index\/wp-json\/wp\/v2\/comments?post=66665"}],"version-history":[{"count":1,"href":"https:\/\/brandss.com.py\/index\/wp-json\/wp\/v2\/product\/66665\/revisions"}],"predecessor-version":[{"id":66679,"href":"https:\/\/brandss.com.py\/index\/wp-json\/wp\/v2\/product\/66665\/revisions\/66679"}],"wp:featuredmedia":[{"embeddable":true,"href":"https:\/\/brandss.com.py\/index\/wp-json\/wp\/v2\/media\/66670"}],"wp:attachment":[{"href":"https:\/\/brandss.com.py\/index\/wp-json\/wp\/v2\/media?parent=66665"}],"wp:term":[{"taxonomy":"product_brand","embeddable":true,"href":"https:\/\/brandss.com.py\/index\/wp-json\/wp\/v2\/product_brand?post=66665"},{"taxonomy":"product_cat","embeddable":true,"href":"https:\/\/brandss.com.py\/index\/wp-json\/wp\/v2\/product_cat?post=66665"},{"taxonomy":"product_tag","embeddable":true,"href":"https:\/\/brandss.com.py\/index\/wp-json\/wp\/v2\/product_tag?post=66665"}],"curies":[{"name":"wp","href":"https:\/\/api.w.org\/{rel}","templated":true}]}}