{"id":66828,"date":"2025-01-20T15:49:35","date_gmt":"2025-01-20T15:49:35","guid":{"rendered":"https:\/\/brandss.com.py\/index\/?post_type=product&#038;p=66828"},"modified":"2025-01-20T15:50:14","modified_gmt":"2025-01-20T15:50:14","slug":"chaqueta-deportivo-femenino-adidas-adicolor-classics-high-shine-cropped","status":"publish","type":"product","link":"https:\/\/brandss.com.py\/index\/producto\/chaqueta-deportivo-femenino-adidas-adicolor-classics-high-shine-cropped\/","title":{"rendered":"CHAQUETA DEPORTIVO FEMENINO ADIDAS ADICOLOR CLASSICS HIGH SHINE CROPPED"},"content":{"rendered":"<p><img loading=\"lazy\" decoding=\"async\" class=\"\" src=\"https:\/\/upload.wikimedia.org\/wikipedia\/commons\/2\/24\/Adidas_logo.png\" alt=\"Archivo:Adidas logo.png - Wikipedia, la enciclopedia libre\" width=\"73\" height=\"49\" \/><\/p>\n<h1>ADICOLOR CLASSICS HIGH SHINE<\/h1>\n<p>UNA CHAQUETA DEPORTIVA INSPIRADA EN ARCHIVOS FABRICADA EN PARTE CON MATERIALES RECICLADOS.<\/p>\n<p>Inspirada en nuestro ic\u00f3nico ch\u00e1ndal Firebird, esta chaqueta deportiva adidas Adicolor es una reinvenci\u00f3n del legado deportivo puro. El material de alto brillo y las mangas abullonadas le dan un aspecto dram\u00e1tico pero refinado. Fabricada en parte con contenido reciclado generado a partir de desechos de producci\u00f3n, por ejemplo, restos de corte y desechos dom\u00e9sticos posconsumo, para evitar el mayor impacto ambiental de producir contenido virgen.<\/p>\n<ul>\n<li><span lang=\"EN-US\"><span>Cremallera completa bidireccional con cuello alto<\/span><\/span><\/li>\n<li><span lang=\"EN-US\"><span>Pu\u00f1os y dobladillo el\u00e1sticos.<\/span><\/span><\/li>\n<li><span lang=\"EN-US\"><span>Ajuste ce\u00f1ido<\/span><\/span><\/li>\n<li><span lang=\"EN-US\"><span>Composici\u00f3n: 57% poli\u00e9ster reciclado, 43% algod\u00f3n piqu\u00e9<\/span><\/span><\/li>\n<li>Color: Plata mate<\/li>\n<li>Modelo: HF7532<\/li>\n<\/ul>\n","protected":false},"excerpt":{"rendered":"<p>ADICOLOR CLASSICS HIGH SHINE UNA CHAQUETA DEPORTIVA INSPIRADA EN ARCHIVOS FABRICADA EN PARTE CON MATERIALES RECICLADOS. Inspirada en nuestro ic\u00f3nico<\/p>\n","protected":false},"featured_media":66829,"comment_status":"open","ping_status":"closed","template":"","meta":{"nf_dc_page":""},"product_brand":[],"product_cat":[73],"product_tag":[],"class_list":{"0":"post-66828","1":"product","2":"type-product","3":"status-publish","4":"has-post-thumbnail","6":"product_cat-femenino","8":"first","9":"instock","10":"shipping-taxable","11":"purchasable","12":"product-type-simple"},"_links":{"self":[{"href":"https:\/\/brandss.com.py\/index\/wp-json\/wp\/v2\/product\/66828","targetHints":{"allow":["GET"]}}],"collection":[{"href":"https:\/\/brandss.com.py\/index\/wp-json\/wp\/v2\/product"}],"about":[{"href":"https:\/\/brandss.com.py\/index\/wp-json\/wp\/v2\/types\/product"}],"replies":[{"embeddable":true,"href":"https:\/\/brandss.com.py\/index\/wp-json\/wp\/v2\/comments?post=66828"}],"version-history":[{"count":1,"href":"https:\/\/brandss.com.py\/index\/wp-json\/wp\/v2\/product\/66828\/revisions"}],"predecessor-version":[{"id":66837,"href":"https:\/\/brandss.com.py\/index\/wp-json\/wp\/v2\/product\/66828\/revisions\/66837"}],"wp:featuredmedia":[{"embeddable":true,"href":"https:\/\/brandss.com.py\/index\/wp-json\/wp\/v2\/media\/66829"}],"wp:attachment":[{"href":"https:\/\/brandss.com.py\/index\/wp-json\/wp\/v2\/media?parent=66828"}],"wp:term":[{"taxonomy":"product_brand","embeddable":true,"href":"https:\/\/brandss.com.py\/index\/wp-json\/wp\/v2\/product_brand?post=66828"},{"taxonomy":"product_cat","embeddable":true,"href":"https:\/\/brandss.com.py\/index\/wp-json\/wp\/v2\/product_cat?post=66828"},{"taxonomy":"product_tag","embeddable":true,"href":"https:\/\/brandss.com.py\/index\/wp-json\/wp\/v2\/product_tag?post=66828"}],"curies":[{"name":"wp","href":"https:\/\/api.w.org\/{rel}","templated":true}]}}