{"id":67001,"date":"2025-01-21T18:02:46","date_gmt":"2025-01-21T18:02:46","guid":{"rendered":"https:\/\/brandss.com.py\/index\/?post_type=product&#038;p=67001"},"modified":"2025-01-21T18:03:30","modified_gmt":"2025-01-21T18:03:30","slug":"pantalon-deportivo-femenino-nike-sportswear-essential-curve","status":"publish","type":"product","link":"https:\/\/brandss.com.py\/index\/producto\/pantalon-deportivo-femenino-nike-sportswear-essential-curve\/","title":{"rendered":"PANTAL\u00d3N DEPORTIVO FEMENINO NIKE SPORTSWEAR ESSENTIAL CURVE"},"content":{"rendered":"<p><img loading=\"lazy\" decoding=\"async\" class=\"\" src=\"https:\/\/loodibee.com\/wp-content\/uploads\/Nike-Logo.png\" alt=\"Nike Logo History | FREE PNG Logos\" width=\"94\" height=\"94\" \/><\/p>\n<h1>SPORTSWEAR ESSENTIAL CURVE<\/h1>\n<p class=\"nds-text pb4-sm css-1gn9yhm e1yhcai00 appearance-body1 color-primary weight-bold\" data-testid=\"product-reason-to-buy\"><strong>UN AJUSTE EXCLUSIVO HECHO PARA USO DIARIO.<\/strong><\/p>\n<p class=\"nds-text pb4-sm css-qtj9g7 e1yhcai00 appearance-body1 color-primary weight-regular\" data-testid=\"product-description\"><span>Los pantalones Nike Sportswear Curve ofrecen comodidad de la cintura para abajo. Con una longitud que llega hasta el ombligo, esta prenda informal tiene un tacto relajado que se estrecha en el tobillo para que tus zapatillas luzcan m\u00e1s elegantes. Un tejido el\u00e1stico suave completa la sensaci\u00f3n acogedora.<\/span><\/p>\n<div data-testid=\"benefit-section\">\n<h4 class=\"nds-text pb2-sm css-1m2rxfq e1yhcai00 appearance-title4 color-primary weight-regular\" data-testid=\"benefit-header\"><span>Ajuste c\u00f3modo y curvo<\/span><\/h4>\n<p class=\"nds-text pb4-sm css-ris3xr e1yhcai00 appearance-body2 color-primary weight-regular\" data-testid=\"single-benefit-text\"><span>Este modelo de tiro alto tiene una cintura el\u00e1stica que llega hasta el ombligo. Es holgado en la cadera y el muslo y la pernera corta se estrecha hasta el tobillo para lograr un estilo impecable que ayuda a que tus zapatillas brillen.<\/span><\/p>\n<h4 class=\"nds-text pb2-sm css-1m2rxfq e1yhcai00 appearance-title4 color-primary weight-regular\" data-testid=\"benefit-header\"><span>Tejido el\u00e1stico suave<\/span><\/h4>\n<p class=\"nds-text pb4-sm css-ris3xr e1yhcai00 appearance-body2 color-primary weight-regular\" data-testid=\"single-benefit-text\"><span>Este tejido de algod\u00f3n suave y liviano tiene la cantidad justa de elasticidad y un aspecto mate.<\/span><\/p>\n<h4 class=\"nds-text pb2-sm css-1m2rxfq e1yhcai00 appearance-title4 color-primary weight-regular\" data-testid=\"benefit-header\"><span>Comodidad para todos los d\u00edas<\/span><\/h4>\n<p class=\"nds-text pb4-sm css-ris3xr e1yhcai00 appearance-body2 color-primary weight-regular\" data-testid=\"single-benefit-text\"><span>La cintura el\u00e1stica y el cord\u00f3n interior te permiten personalizar el ajuste. Los bolsillos laterales te permiten guardar r\u00e1pidamente tu tel\u00e9fono, llaves y tarjetas.<\/span><\/p>\n<\/div>\n<div data-testid=\"benefit-section\"><\/div>\n<div data-testid=\"benefit-section\"><\/div>\n<div data-testid=\"benefit-section\">\n<h4 class=\"nds-text pb2-sm css-1m2rxfq e1yhcai00 appearance-title4 color-primary weight-regular\" data-testid=\"benefit-header\"><span>Detalles del producto<\/span><\/h4>\n<ul class=\"ncss-list-ul pb4-sm\" data-testid=\"benefit-list\">\n<li class=\"nds-text ncss-li css-xlkxpi e1yhcai00 appearance-body1 color-primary weight-regular\"><span>Ajuste holgado para una sensaci\u00f3n de amplitud.<\/span><\/li>\n<li class=\"nds-text ncss-li css-xlkxpi e1yhcai00 appearance-body1 color-primary weight-regular\"><span>Cuerpo: 68 % algod\u00f3n, 28 % nailon, 4 % elastano. Bolsillos: 100 % poli\u00e9ster.<\/span><\/li>\n<li class=\"nds-text ncss-li css-xlkxpi e1yhcai00 appearance-body1 color-primary weight-regular\"><span>Lavado a m\u00e1quina<\/span><\/li>\n<li class=\"nds-text ncss-li css-xlkxpi e1yhcai00 appearance-body1 color-primary weight-regular\"><span>Importado<\/span><\/li>\n<li class=\"nds-text ncss-li css-xlkxpi e1yhcai00 appearance-body1 color-primary weight-regular\"><span>Color mostrado: negro\/blanco<\/span><\/li>\n<li class=\"nds-text ncss-li css-xlkxpi e1yhcai00 appearance-body1 color-primary weight-regular\"><span>Estilo: DD5975-010<\/span><\/li>\n<li class=\"nds-text ncss-li css-xlkxpi e1yhcai00 appearance-body1 color-primary weight-regular\"><span>Pa\u00eds\/regi\u00f3n de origen: Vietnam<\/span><\/li>\n<\/ul>\n<\/div>\n","protected":false},"excerpt":{"rendered":"<p>SPORTSWEAR ESSENTIAL CURVE UN AJUSTE EXCLUSIVO HECHO PARA USO DIARIO. Los pantalones Nike Sportswear Curve ofrecen comodidad de la cintura<\/p>\n","protected":false},"featured_media":67002,"comment_status":"open","ping_status":"closed","template":"","meta":{"nf_dc_page":""},"product_brand":[],"product_cat":[73],"product_tag":[],"class_list":{"0":"post-67001","1":"product","2":"type-product","3":"status-publish","4":"has-post-thumbnail","6":"product_cat-femenino","8":"first","9":"instock","10":"shipping-taxable","11":"purchasable","12":"product-type-simple"},"_links":{"self":[{"href":"https:\/\/brandss.com.py\/index\/wp-json\/wp\/v2\/product\/67001","targetHints":{"allow":["GET"]}}],"collection":[{"href":"https:\/\/brandss.com.py\/index\/wp-json\/wp\/v2\/product"}],"about":[{"href":"https:\/\/brandss.com.py\/index\/wp-json\/wp\/v2\/types\/product"}],"replies":[{"embeddable":true,"href":"https:\/\/brandss.com.py\/index\/wp-json\/wp\/v2\/comments?post=67001"}],"version-history":[{"count":1,"href":"https:\/\/brandss.com.py\/index\/wp-json\/wp\/v2\/product\/67001\/revisions"}],"predecessor-version":[{"id":67008,"href":"https:\/\/brandss.com.py\/index\/wp-json\/wp\/v2\/product\/67001\/revisions\/67008"}],"wp:featuredmedia":[{"embeddable":true,"href":"https:\/\/brandss.com.py\/index\/wp-json\/wp\/v2\/media\/67002"}],"wp:attachment":[{"href":"https:\/\/brandss.com.py\/index\/wp-json\/wp\/v2\/media?parent=67001"}],"wp:term":[{"taxonomy":"product_brand","embeddable":true,"href":"https:\/\/brandss.com.py\/index\/wp-json\/wp\/v2\/product_brand?post=67001"},{"taxonomy":"product_cat","embeddable":true,"href":"https:\/\/brandss.com.py\/index\/wp-json\/wp\/v2\/product_cat?post=67001"},{"taxonomy":"product_tag","embeddable":true,"href":"https:\/\/brandss.com.py\/index\/wp-json\/wp\/v2\/product_tag?post=67001"}],"curies":[{"name":"wp","href":"https:\/\/api.w.org\/{rel}","templated":true}]}}