{"id":67213,"date":"2025-01-23T14:26:40","date_gmt":"2025-01-23T14:26:40","guid":{"rendered":"https:\/\/brandss.com.py\/index\/?post_type=product&#038;p=67213"},"modified":"2025-01-23T14:27:19","modified_gmt":"2025-01-23T14:27:19","slug":"estufa-electrica-dsp-kd-4055-2-fuego","status":"publish","type":"product","link":"https:\/\/brandss.com.py\/index\/producto\/estufa-electrica-dsp-kd-4055-2-fuego\/","title":{"rendered":"ESTUFA ELECTRICA DSP KD 4055 2 FUEGO"},"content":{"rendered":"<p><img loading=\"lazy\" decoding=\"async\" class=\"\" src=\"https:\/\/www.barbershoporig.ir\/wp-content\/uploads\/2021\/05\/dsp-logo.png\" alt=\"\u062f\u06cc\u200c\u0627\u0633\u200c\u067e\u06cc Archives - \u0641\u0631\u0648\u0634\u06af\u0627\u0647 \u0627\u06cc\u0646\u062a\u0631\u0646\u062a\u06cc \u0628\u0627\u0631\u0628\u0631\u0634\u0627\u067e\" width=\"43\" height=\"43\" \/><\/p>\n<h1>KD4055<\/h1>\n<p>\u00a1La estufa el\u00e9ctrica de mesa DSP KD 4055 de 2 quemadores es un dispositivo indispensable para cocinar y calentar alimentos en un hogar moderno! La estufa el\u00e9ctrica ha ganado merecidamente popularidad entre los usuarios debido a la velocidad y uniformidad del calentamiento. La estufa el\u00e9ctrica est\u00e1 equipada con un elemento calefactor tipo elemento calefactor; indicador luminoso que indica que el elemento calefactor est\u00e1 encendido; regulador de energ\u00eda, que brinda la posibilidad de seleccionar el modo de calefacci\u00f3n \u00f3ptimo; Pantalla de acero inoxidable para un calentamiento m\u00e1s eficiente al reflejar la energ\u00eda t\u00e9rmica. Tensi\u00f3n nominal: 220 V, potencia 1200 W 1 quemador, 800 W 2 quemadores. Los azulejos con un dise\u00f1o cl\u00e1sico encajar\u00e1n perfectamente en cualquier interior. La principal ventaja: la posibilidad de llevar el dispositivo a cualquier habitaci\u00f3n con toma de corriente.<\/p>\n<p>&nbsp;<\/p>\n","protected":false},"excerpt":{"rendered":"<p>KD4055 \u00a1La estufa el\u00e9ctrica de mesa DSP KD 4055 de 2 quemadores es un dispositivo indispensable para cocinar y calentar<\/p>\n","protected":false},"featured_media":67214,"comment_status":"open","ping_status":"closed","template":"","meta":{"nf_dc_page":""},"product_brand":[],"product_cat":[83],"product_tag":[],"class_list":{"0":"post-67213","1":"product","2":"type-product","3":"status-publish","4":"has-post-thumbnail","6":"product_cat-hogar","8":"first","9":"instock","10":"shipping-taxable","11":"purchasable","12":"product-type-simple"},"_links":{"self":[{"href":"https:\/\/brandss.com.py\/index\/wp-json\/wp\/v2\/product\/67213","targetHints":{"allow":["GET"]}}],"collection":[{"href":"https:\/\/brandss.com.py\/index\/wp-json\/wp\/v2\/product"}],"about":[{"href":"https:\/\/brandss.com.py\/index\/wp-json\/wp\/v2\/types\/product"}],"replies":[{"embeddable":true,"href":"https:\/\/brandss.com.py\/index\/wp-json\/wp\/v2\/comments?post=67213"}],"version-history":[{"count":1,"href":"https:\/\/brandss.com.py\/index\/wp-json\/wp\/v2\/product\/67213\/revisions"}],"predecessor-version":[{"id":67220,"href":"https:\/\/brandss.com.py\/index\/wp-json\/wp\/v2\/product\/67213\/revisions\/67220"}],"wp:featuredmedia":[{"embeddable":true,"href":"https:\/\/brandss.com.py\/index\/wp-json\/wp\/v2\/media\/67214"}],"wp:attachment":[{"href":"https:\/\/brandss.com.py\/index\/wp-json\/wp\/v2\/media?parent=67213"}],"wp:term":[{"taxonomy":"product_brand","embeddable":true,"href":"https:\/\/brandss.com.py\/index\/wp-json\/wp\/v2\/product_brand?post=67213"},{"taxonomy":"product_cat","embeddable":true,"href":"https:\/\/brandss.com.py\/index\/wp-json\/wp\/v2\/product_cat?post=67213"},{"taxonomy":"product_tag","embeddable":true,"href":"https:\/\/brandss.com.py\/index\/wp-json\/wp\/v2\/product_tag?post=67213"}],"curies":[{"name":"wp","href":"https:\/\/api.w.org\/{rel}","templated":true}]}}