{"id":67225,"date":"2025-01-23T14:49:49","date_gmt":"2025-01-23T14:49:49","guid":{"rendered":"https:\/\/brandss.com.py\/index\/?post_type=product&#038;p=67225"},"modified":"2025-01-23T14:50:52","modified_gmt":"2025-01-23T14:50:52","slug":"short-deportivo-femenino-fila-essential-active","status":"publish","type":"product","link":"https:\/\/brandss.com.py\/index\/producto\/short-deportivo-femenino-fila-essential-active\/","title":{"rendered":"SHORT DEPORTIVO FEMENINO FILA ESSENTIAL ACTIVE"},"content":{"rendered":"<p><img loading=\"lazy\" decoding=\"async\" class=\"\" src=\"https:\/\/1000marcas.net\/wp-content\/uploads\/2019\/12\/logo-Fila.png\" alt=\"Logo de Fila: la historia y el significado del logotipo, la marca y el  s\u00edmbolo. | png, vector\" width=\"144\" height=\"81\" \/><\/p>\n<h1>ESSENTIAL ACTIVE<\/h1>\n<div class=\"flex flex-col gap-1\">A\u00f1ade un toque de color a tu guardarropa con los pantalones cortos estampados para mujer FILA Essential Active. Con estampados vibrantes y dise\u00f1o moderno, la pieza est\u00e1 confeccionada en tejido plano de poli\u00e9ster con short interior confeccionado en malla de poliamida con elastano. El modelado es estilo boxer, ofreciendo libertad de movimiento y alto soporte.<\/div>\n<div><\/div>\n<div class=\"flex flex-col gap-1\">Longitud total: 35 cm.<\/div>\n<div class=\"flex flex-col gap-1\">Entrepierna: 7,5 cm.<\/div>\n<div class=\"flex flex-col gap-1\"><span class=\"text-[#19191a] text-xs font-bold\"><span>Categor\u00eda: <\/span><\/span><span class=\"text-[#19191a] text-xs\"><span>Ropa deportiva.<\/span><\/span><\/div>\n<div class=\"flex flex-col gap-1\"><span class=\"text-[#19191a] text-xs font-bold\"><span>coraz\u00f3n: <\/span><\/span><span class=\"text-[#19191a] text-xs\"><span>Marino\/Blanco.<\/span><\/span><\/div>\n<div class=\"flex flex-col gap-1\"><span class=\"text-[#19191a] text-xs font-bold\"><span>G\u00e9ner:o: <\/span><\/span><span class=\"text-[#19191a] text-xs\"><span>Feminino.<\/span><\/span><\/div>\n<div class=\"flex flex-col gap-1\"><span class=\"text-[#19191a] text-xs font-bold\"><span>Detalles del producto: <\/span><\/span><span class=\"text-[#19191a] text-xs\"><span>\u00a0Externo: 100%\u00a0 Poliester, Interno: 90% Poliamida, 10% Elastano.<\/span><\/span><\/div>\n<div class=\"flex flex-col gap-1\"><span class=\"text-[#aaa] text-sm\"><span>Modelo: F12AT139_185.<\/span><\/span><\/div>\n","protected":false},"excerpt":{"rendered":"<p>ESSENTIAL ACTIVE A\u00f1ade un toque de color a tu guardarropa con los pantalones cortos estampados para mujer FILA Essential Active.<\/p>\n","protected":false},"featured_media":67232,"comment_status":"open","ping_status":"closed","template":"","meta":{"nf_dc_page":""},"product_brand":[],"product_cat":[73],"product_tag":[],"class_list":{"0":"post-67225","1":"product","2":"type-product","3":"status-publish","4":"has-post-thumbnail","6":"product_cat-femenino","8":"first","9":"instock","10":"shipping-taxable","11":"purchasable","12":"product-type-simple"},"_links":{"self":[{"href":"https:\/\/brandss.com.py\/index\/wp-json\/wp\/v2\/product\/67225","targetHints":{"allow":["GET"]}}],"collection":[{"href":"https:\/\/brandss.com.py\/index\/wp-json\/wp\/v2\/product"}],"about":[{"href":"https:\/\/brandss.com.py\/index\/wp-json\/wp\/v2\/types\/product"}],"replies":[{"embeddable":true,"href":"https:\/\/brandss.com.py\/index\/wp-json\/wp\/v2\/comments?post=67225"}],"version-history":[{"count":1,"href":"https:\/\/brandss.com.py\/index\/wp-json\/wp\/v2\/product\/67225\/revisions"}],"predecessor-version":[{"id":67237,"href":"https:\/\/brandss.com.py\/index\/wp-json\/wp\/v2\/product\/67225\/revisions\/67237"}],"wp:featuredmedia":[{"embeddable":true,"href":"https:\/\/brandss.com.py\/index\/wp-json\/wp\/v2\/media\/67232"}],"wp:attachment":[{"href":"https:\/\/brandss.com.py\/index\/wp-json\/wp\/v2\/media?parent=67225"}],"wp:term":[{"taxonomy":"product_brand","embeddable":true,"href":"https:\/\/brandss.com.py\/index\/wp-json\/wp\/v2\/product_brand?post=67225"},{"taxonomy":"product_cat","embeddable":true,"href":"https:\/\/brandss.com.py\/index\/wp-json\/wp\/v2\/product_cat?post=67225"},{"taxonomy":"product_tag","embeddable":true,"href":"https:\/\/brandss.com.py\/index\/wp-json\/wp\/v2\/product_tag?post=67225"}],"curies":[{"name":"wp","href":"https:\/\/api.w.org\/{rel}","templated":true}]}}